{"id":173048,"date":"2025-03-20T17:48:46","date_gmt":"2025-03-20T16:48:46","guid":{"rendered":"https:\/\/www.mallorcaguru.es\/property\/solar-urba-en-venda-a-sencelles\/"},"modified":"2025-08-13T13:22:17","modified_gmt":"2025-08-13T11:22:17","slug":"solar-urba-en-venda-a-sencelles","status":"publish","type":"property","link":"https:\/\/www.mallorcaguru.es\/ca\/propietat\/solar-urba-en-venda-a-sencelles\/","title":{"rendered":"Solar urb\u00e0 en venda a Sencelles"},"content":{"rendered":"<p>Solar urb\u00e0 en venda a Sencelles. Descobreix aquesta parcel\u00b7la urbana al cor de Sencelles, un poble amb encant de l&#8217;interior de Mallorca. Perfecte per construir fins a sis cases adossades, aquest terreny \u00e9s una excel\u00b7lent inversi\u00f3 en una zona amb un ambient tranquil i amb connexi\u00f3 amb la natura. Encara a l&#8217;espera d&#8217;un perm\u00eds, ja hi ha un projecte per a la construcci\u00f3 d&#8217;aquestes cases adossades. Sencelles combina l&#8217;autenticitat de la vida rural amb un f\u00e0cil acc\u00e9s a Palma i altres punts de l&#8217;illa.<\/p>\n<p>Poseu-vos en contacte amb nosaltres per obtenir informaci\u00f3 sobre la parcel\u00b7la i tots els detalls del perm\u00eds sol\u00b7licitat.<\/p>\n<p>Sencelles, Mallorca. Sencelles \u00e9s un petit poble a la regi\u00f3 central de Mallorca. A uns 24 km de Palma de Mallorca, aquest poble tradicional situat en una posici\u00f3 elevada \u00e9s fam\u00f3s pels molins de vent i les seves vistes de l&#8217;interior de Mallorca.<\/p>\n","protected":false},"excerpt":{"rendered":"<p>Solar urb\u00e0 en venda a Sencelles. Descobreix aquesta parcel\u00b7la urbana al cor de Sencelles, un poble amb encant de l&#8217;interior de Mallorca.<\/p>\n","protected":false},"author":1,"featured_media":0,"parent":0,"menu_order":0,"template":"","property_type":[425],"property_status":[3530],"property_feature":[1174,925,921,1005,1765,1073,903,2849,902,1371,1277,922],"property_label":[3862],"property_country":[750],"property_state":[752,579],"property_city":[736],"property_area":[],"class_list":["post-173048","property","type-property","status-publish","hentry","property_type-terreny-en-venda-a-mallorca","property_status-a-la-venda-mallorca-espanya","property_feature-caracteristiques-de-la-immoble-venda-de-la-immoble-mallorca-la-ubicacio-es-apropa-de-botigues","property_feature-caracteristiques-de-la-immoble-venda-de-la-immoble-mallorca-ubicacio-a-prop-de-restaurants","property_feature-caracteristiques-de-la-immoble-venda-de-immobles-mallorca-ubicacio-propietat-a-prop-de-tots-els-serveis","property_feature-caracteristiques-de-la-immoble-venda-de-immobles-mallorca-ubicacio-de-la-immoble-interior-de-mallorca","property_feature-propietat-caracteristiques-venda-propietat-mallorca-ubicacio-immoble","property_feature-caracteristiques-immobles-venda-immobles-mallorca-immobles-ubicacio-poble-tradicional","property_feature-immobiliari-en-venda-mallorca-utilitats-caracteristiques-de-la-immoble-aigua-disponible","property_feature-immobiliari-en-venda-mallorca-utilitats-caracteristiques-de-la-immoble-connexio-depuradora","property_feature-immobiliari-en-venda-mallorca-utilitats-caracteristiques-immobles-electricitat-disponible","property_feature-immobiliari-en-venda-mallorca-utilitats-serveis-publics","property_feature-caracteristiques-immobles-venda-immobles-mallorca-immobles-ubicacio-zona-historica","property_feature-caracteristiques-de-immoble-venda-immoble-mallorca-ubicacio-immoble-urbana-barri-residencial","property_label-projectes-de-construccio-en-venda-mallorca","property_country-en-venda-mallorca-espanya-mallorca-property-guru","property_state-immobiliari-en-venda-a-mallorca","property_state-immobiliari-en-venda-en-pla-de-mallorca-centre","property_city-en-venda-sencelles-mallorca"],"property_meta":{"houzez_featured_listing_date":[""],"_wpml_media_duplicate":["1"],"_wpml_media_featured":["1"],"_top_nav_excluded":[""],"_cms_nav_minihome":[""],"_wp_page_template":["default"],"houzez_geolocation_lat":["39.644444767136"],"houzez_geolocation_long":["2.9003934005023"],"_edit_lock":["1755084004:1"],"houzez_total_property_views":["356"],"houzez_views_by_date":["a:61:{s:10:\"01-15-2026\";i:1;s:10:\"01-17-2026\";i:2;s:10:\"01-19-2026\";i:1;s:10:\"01-20-2026\";i:2;s:10:\"01-23-2026\";i:1;s:10:\"01-24-2026\";i:2;s:10:\"01-26-2026\";i:1;s:10:\"01-28-2026\";i:2;s:10:\"01-29-2026\";i:1;s:10:\"01-30-2026\";i:1;s:10:\"02-01-2026\";i:1;s:10:\"02-03-2026\";i:3;s:10:\"02-04-2026\";i:1;s:10:\"02-05-2026\";i:2;s:10:\"02-06-2026\";i:1;s:10:\"02-10-2026\";i:2;s:10:\"02-11-2026\";i:2;s:10:\"02-12-2026\";i:1;s:10:\"02-13-2026\";i:2;s:10:\"02-14-2026\";i:2;s:10:\"02-15-2026\";i:1;s:10:\"02-19-2026\";i:2;s:10:\"02-20-2026\";i:1;s:10:\"02-22-2026\";i:1;s:10:\"02-23-2026\";i:1;s:10:\"02-24-2026\";i:2;s:10:\"02-25-2026\";i:1;s:10:\"03-01-2026\";i:1;s:10:\"03-03-2026\";i:1;s:10:\"03-04-2026\";i:1;s:10:\"03-05-2026\";i:1;s:10:\"03-06-2026\";i:1;s:10:\"03-08-2026\";i:1;s:10:\"03-11-2026\";i:1;s:10:\"03-12-2026\";i:3;s:10:\"03-15-2026\";i:3;s:10:\"03-16-2026\";i:2;s:10:\"03-22-2026\";i:1;s:10:\"03-25-2026\";i:3;s:10:\"03-26-2026\";i:1;s:10:\"03-28-2026\";i:1;s:10:\"03-29-2026\";i:2;s:10:\"03-31-2026\";i:2;s:10:\"04-03-2026\";i:1;s:10:\"04-05-2026\";i:1;s:10:\"04-08-2026\";i:3;s:10:\"04-10-2026\";i:1;s:10:\"04-12-2026\";i:1;s:10:\"04-13-2026\";i:2;s:10:\"04-15-2026\";i:1;s:10:\"04-16-2026\";i:1;s:10:\"04-18-2026\";i:1;s:10:\"04-19-2026\";i:2;s:10:\"04-21-2026\";i:1;s:10:\"04-22-2026\";i:2;s:10:\"04-23-2026\";i:1;s:10:\"04-24-2026\";i:1;s:10:\"04-25-2026\";i:1;s:10:\"04-26-2026\";i:2;s:10:\"04-28-2026\";i:2;s:10:\"04-29-2026\";i:2;}"],"houzez_recently_viewed":["2026-04-29 19:03:01"],"_edit_last":["1"],"_wpscppro_advance_schedule":[""],"fave_show_price_placeholder":["0"],"houzez_manual_expire":["0"],"_houzez_expiration_date_status":["saved"],"_facebook_share_type":["default"],"_twitter_share_type":["default"],"_linkedin_share_type":["default"],"_pinterest_share_type":["default"],"_instagram_share_type":["default"],"_medium_share_type":["default"],"_selected_social_profile":["a:0:{}"],"_last_translation_edit_mode":["native-editor"],"classic-editor-remember":["classic-editor"],"fave_price-per-m2":["1193.82\u20ac"],"_wpml_word_count":["176"],"rank_math_news_sitemap_robots":["index"],"rank_math_robots":["a:1:{i:0;s:5:\"index\";}"],"fave_property_price":["425000"],"fave_property_land":["356"],"fave_property_land_postfix":["m2"],"fave_property_id":["810"],"fave_property_map":["1"],"fave_property_map_address":["carrer des Rafal, Sencelles, Pla de Mallorca, Illes Balears, 07140, Espa\u00f1a"],"fave_property_location":["39.644444767136,2.9003934005023,14"],"fave_property_map_street_view":["hide"],"fave_property_address":["carrer des Rafal, Sencelles, Pla de Mallorca, Illes Balears, 07140, Espa\u00f1a"],"fave_property_zip":["07140"],"fave_prop_homeslider":["no"],"rank_math_focus_keyword":["En venda a Sencelles,"],"rank_math_seo_score":["60"],"rank_math_primary_property_type":["425"],"rank_math_primary_property_status":["3530"],"rank_math_primary_property_feature":["0"],"rank_math_primary_property_label":["0"],"rank_math_primary_property_country":["750"],"rank_math_primary_property_state":["752"],"rank_math_primary_property_city":["736"],"rank_math_primary_property_area":["0"],"fave_portal_1753787295":["0"],"fave_portal_1753788757":["0"],"has_images":["1"],"_wpsp_custom_templates":["a:7:{s:8:\"facebook\";a:3:{s:8:\"template\";s:0:\"\";s:8:\"profiles\";a:0:{}s:9:\"is_global\";b:0;}s:7:\"twitter\";a:3:{s:8:\"template\";s:0:\"\";s:8:\"profiles\";a:0:{}s:9:\"is_global\";b:0;}s:8:\"linkedin\";a:3:{s:8:\"template\";s:0:\"\";s:8:\"profiles\";a:0:{}s:9:\"is_global\";b:0;}s:9:\"pinterest\";a:3:{s:8:\"template\";s:0:\"\";s:8:\"profiles\";a:0:{}s:9:\"is_global\";b:0;}s:9:\"instagram\";a:3:{s:8:\"template\";s:0:\"\";s:8:\"profiles\";a:0:{}s:9:\"is_global\";b:0;}s:6:\"medium\";a:3:{s:8:\"template\";s:0:\"\";s:8:\"profiles\";a:0:{}s:9:\"is_global\";b:0;}s:7:\"threads\";a:3:{s:8:\"template\";s:0:\"\";s:8:\"profiles\";a:0:{}s:9:\"is_global\";b:0;}}"],"fave_portal_1754226254":["1"],"fave_portal_1754395991":["0"],"fave_portal_1754598704":["1"],"fave_featured":["0"],"fave_property_images":["173031"],"fave_agent_display_option":["agent_info"],"fave_agents":["5167"],"fave_single_top_area":["global"],"fave_single_content_area":["global"],"rank_math_analytic_object_id":["414"],"_elementor_page_assets":["a:0:{}"]},"_links":{"self":[{"href":"https:\/\/www.mallorcaguru.es\/ca\/wp-json\/wp\/v2\/properties\/173048","targetHints":{"allow":["GET"]}}],"collection":[{"href":"https:\/\/www.mallorcaguru.es\/ca\/wp-json\/wp\/v2\/properties"}],"about":[{"href":"https:\/\/www.mallorcaguru.es\/ca\/wp-json\/wp\/v2\/types\/property"}],"author":[{"embeddable":true,"href":"https:\/\/www.mallorcaguru.es\/ca\/wp-json\/wp\/v2\/users\/1"}],"version-history":[{"count":0,"href":"https:\/\/www.mallorcaguru.es\/ca\/wp-json\/wp\/v2\/properties\/173048\/revisions"}],"wp:attachment":[{"href":"https:\/\/www.mallorcaguru.es\/ca\/wp-json\/wp\/v2\/media?parent=173048"}],"wp:term":[{"taxonomy":"property_type","embeddable":true,"href":"https:\/\/www.mallorcaguru.es\/ca\/wp-json\/wp\/v2\/property_type?post=173048"},{"taxonomy":"property_status","embeddable":true,"href":"https:\/\/www.mallorcaguru.es\/ca\/wp-json\/wp\/v2\/property_status?post=173048"},{"taxonomy":"property_feature","embeddable":true,"href":"https:\/\/www.mallorcaguru.es\/ca\/wp-json\/wp\/v2\/property_feature?post=173048"},{"taxonomy":"property_label","embeddable":true,"href":"https:\/\/www.mallorcaguru.es\/ca\/wp-json\/wp\/v2\/property_label?post=173048"},{"taxonomy":"property_country","embeddable":true,"href":"https:\/\/www.mallorcaguru.es\/ca\/wp-json\/wp\/v2\/property_country?post=173048"},{"taxonomy":"property_state","embeddable":true,"href":"https:\/\/www.mallorcaguru.es\/ca\/wp-json\/wp\/v2\/property_state?post=173048"},{"taxonomy":"property_city","embeddable":true,"href":"https:\/\/www.mallorcaguru.es\/ca\/wp-json\/wp\/v2\/property_city?post=173048"},{"taxonomy":"property_area","embeddable":true,"href":"https:\/\/www.mallorcaguru.es\/ca\/wp-json\/wp\/v2\/property_area?post=173048"}],"curies":[{"name":"wp","href":"https:\/\/api.w.org\/{rel}","templated":true}]}}

Solar urbà en venda a Sencelles

<p>Solar urbà en venda a Sencelles. Descobreix aquesta parcel·la urbana al cor de Sencelles, un poble amb encant de l&#8217;interior de Mallorca. Perfecte per construir fins a sis cases adossades, aquest terreny és una excel·lent inversió en una zona amb un ambient tranquil i amb connexió amb la natura. Encara a l&#8217;espera d&#8217;un permís, ja hi ha un projecte per a la construcció d&#8217;aquestes cases adossades. Sencelles combina l&#8217;autenticitat de la vida rural amb un fàcil accés a Palma i altres punts de l&#8217;illa.</p>
<p>Poseu-vos en contacte amb nosaltres per obtenir informació sobre la parcel·la i tots els detalls del permís sol·licitat.</p>
<p>Sencelles, Mallorca. Sencelles és un petit poble a la regió central de Mallorca. A uns 24 km de Palma de Mallorca, aquest poble tradicional situat en una posició elevada és famós pels molins de vent i les seves vistes de l&#8217;interior de Mallorca.</p>

<p>Solar urbà en venda a Sencelles. Descobreix aquesta parcel·la urbana al cor de Sencelles, un poble amb encant de l&#8217;interior de Mallorca.</p>

carrer des Rafal, Sencelles, Pla de Mallorca, Illes Balears, 07140, España
