{"id":209455,"date":"2025-05-16T15:42:15","date_gmt":"2025-05-16T13:42:15","guid":{"rendered":"https:\/\/www.mallorcaguru.es\/?post_type=property&#038;p=209455"},"modified":"2025-08-13T12:39:06","modified_gmt":"2025-08-13T10:39:06","slug":"finca-en-venda-a-buger-mallorca","status":"publish","type":"property","link":"https:\/\/www.mallorcaguru.es\/ca\/propietat\/finca-en-venda-a-buger-mallorca\/","title":{"rendered":"Finca en venda a B\u00fager Mallorca"},"content":{"rendered":"<p>Una petita finca en venda a B\u00fager, Mallorca. Aquesta petita finca rural est\u00e0 situada a la perif\u00e8ria del poble de B\u00fager, a Mallorca, en una parcel\u00b7la de 3986 m2. La propietat, registrada des del 1956, t\u00e9 una superf\u00edcie de 77 m2 i est\u00e0 registrada com a espai habitable. Hi ha una proposta de projecte per reformar la casa en una propietat d&#8217;un o dos dormitoris i un bany, amb cuina-menjador i sala d&#8217;estar. Amb una p\u00e8rgola a la part davantera de la casa per oferir ombra i un lloc per sopar al vespre i un petit traster a la part posterior de la casa. Com que la propietat es troba en una petita parcel\u00b7la de poc menys de 4000 m2, nom\u00e9s l&#8217;edifici existent es pot reformar completament i no es poden fer m\u00e9s ampliacions o ampliacions a l&#8217;edifici. Ideal per a aquells que busquen un petit refugi de cap de setmana al camp, a prop d&#8217;un poble tranquil i tradicional. A nom\u00e9s 30 minuts amb cotxe de l&#8217;aeroport de Palma de Mallorca i a menys de 20 minuts dels ports i platges de la badia d&#8217;Alc\u00fadia.<\/p>\n<p>Poseu-vos en contacte amb nosaltres per a m\u00e9s informaci\u00f3. Disposem de pl\u00e0nols de la proposta per a la propietat.<\/p>\n<p>B\u00fager, Mallorca, part de la comarca del Raiguer. El poble, situat des del vessant del seu tur\u00f3, mira cap a les muntanyes pel seu costat nord i t\u00e9 vistes al camp i cap a Randa pel seu costat sud-oest.<br \/>\nB\u00fager, el municipi m\u00e9s petit de Mallorca, \u00e9s fam\u00f3s pels seus molins de vent i els seus camps d&#8217;ametllers i garrofers. \u00c9s un poble que no ha tingut cap altra ind\u00fastria que l&#8217;agricultura, per\u00f2 que t\u00e9 la tradici\u00f3 de fer picarols i coberts de fusta.<\/p>\n","protected":false},"excerpt":{"rendered":"<p>Una petita finca en venda a B\u00fager, Mallorca. Aquesta petita finca rural est\u00e0 situada a la perif\u00e8ria del poble de B\u00fager, a Mallorca, en una parcel\u00b7la de 3986 m2. La propietat, registrada des de 1956, t\u00e9 una superf\u00edcie de 77 m2 registrada com a espai habitable.<\/p>\n","protected":false},"author":1,"featured_media":209413,"parent":0,"menu_order":0,"template":"","property_type":[417],"property_status":[3530],"property_feature":[1146,799,800,477,784,2075,1006,518,1137,1374,1005,1372,801,2327,2927,1263,1765,783,751,806,1376],"property_label":[3857],"property_country":[750],"property_state":[752,552],"property_city":[574],"property_area":[],"class_list":["post-209455","property","type-property","status-publish","has-post-thumbnail","hentry","property_type-finca-en-venda-a-mallorca","property_status-a-la-venda-mallorca-espanya","property_feature-propietat-venda-mallorca-caracteristiques-immobles-aparcament-tot-terra","property_feature-caracteristiques-de-immobles-venda-immobles-mallorca-immoble-jardi-arbres-fruitaris","property_feature-caracteristiques-de-la-immoble-venda-de-immobles-mallorca-immoble-jardi-arbres-madurs","property_feature-immobiliari-en-venda-mallorca-caracteristiques-immobles-bany","property_feature-caracteristiques-de-immobles-venda-de-immobles-mallorca-ubicacio-de-immobles-camp","property_feature-immobiliari-en-venda-a-mallorca-amb-cuina","property_feature-immobiliari-en-venda-a-mallorca-amb-cuina-menjador","property_feature-immobiliari-en-venda-mallorca-caracteristiques-immobles-dutxa","property_feature-caracteristiques-venda-immoble-mallorca-estat-de-la-immoble","property_feature-immobiliari-en-venda-a-mallorca-amb-garatge-o-aparcament","property_feature-caracteristiques-de-la-immoble-venda-de-immobles-mallorca-ubicacio-de-la-immoble-interior-de-mallorca","property_feature-caracteristiques-immobles-venda-immobles-mallorca-immobles-jardi","property_feature-propietat-venda-mallorca-caracteristiques-de-la-immoble-pas-de-vehicles","property_feature-immobiliari-en-venda-mallorca-caracteristiques-immobles-caracteristiques-interiors-paviment","property_feature-immobiliari-en-venda-mallorca-caracteristiques-immobles-pavimento-gres-porcelanic","property_feature-venda-immoble-mallorca-caracteristiques-de-la-immoble-estat-necessari-reforma","property_feature-propietat-caracteristiques-venda-propietat-mallorca-ubicacio-immoble","property_feature-caracteristiques-de-la-immoble-venda-de-immobles-mallorca-ubicacio-de-la-immoble-ubicacio-tranquila","property_feature-immobiliari-a-mallorca-immobles-vistes-camp","property_feature-immobiliari-a-mallorca-immobles-vistes-jardin-piscina","property_feature-immobles-en-venda-a-mallorca-amb-excellents-vistes","property_label-projectes-de-reforma-amb-llicencia-en-venda-mallorca","property_country-en-venda-mallorca-espanya-mallorca-property-guru","property_state-immobiliari-en-venda-a-mallorca","property_state-immobiliari-en-venda-a-mallorca-raiguer-central-mallorca","property_city-en-venda-buger-mallorca"],"property_meta":{"houzez_featured_listing_date":["2025-08-13 12:39:06"],"_wpml_media_duplicate":["1"],"_wpml_media_featured":["1"],"_top_nav_excluded":[""],"_cms_nav_minihome":[""],"_wp_page_template":["default"],"houzez_geolocation_lat":["39.7592895"],"houzez_geolocation_long":["2.9826581"],"_wpml_word_count":["301"],"_edit_lock":["1755081414:1"],"_thumbnail_id":["209413"],"_last_translation_edit_mode":["native-editor"],"rank_math_seo_score":["58"],"_edit_last":["1"],"fave_show_price_placeholder":["0"],"rank_math_primary_property_type":["1619"],"rank_math_primary_property_status":["3530"],"rank_math_primary_property_feature":["0"],"rank_math_primary_property_label":["0"],"rank_math_primary_property_country":["750"],"rank_math_primary_property_state":["752"],"rank_math_primary_property_city":["574"],"rank_math_primary_property_area":["0"],"houzez_manual_expire":["0"],"_houzez_expiration_date_status":["saved"],"_facebook_share_type":["default"],"_twitter_share_type":["default"],"_linkedin_share_type":["default"],"_pinterest_share_type":["default"],"_instagram_share_type":["default"],"_medium_share_type":["default"],"_selected_social_profile":["a:0:{}"],"_wpscppro_advance_schedule":[""],"houzez_total_property_views":["355"],"houzez_views_by_date":["a:61:{s:10:\"01-21-2026\";i:1;s:10:\"01-22-2026\";i:1;s:10:\"01-23-2026\";i:1;s:10:\"01-26-2026\";i:1;s:10:\"01-27-2026\";i:1;s:10:\"01-28-2026\";i:3;s:10:\"01-30-2026\";i:2;s:10:\"01-31-2026\";i:1;s:10:\"02-04-2026\";i:3;s:10:\"02-06-2026\";i:1;s:10:\"02-07-2026\";i:2;s:10:\"02-08-2026\";i:1;s:10:\"02-09-2026\";i:2;s:10:\"02-10-2026\";i:1;s:10:\"02-11-2026\";i:1;s:10:\"02-13-2026\";i:1;s:10:\"02-14-2026\";i:3;s:10:\"02-15-2026\";i:1;s:10:\"02-18-2026\";i:1;s:10:\"02-19-2026\";i:1;s:10:\"02-20-2026\";i:2;s:10:\"02-22-2026\";i:1;s:10:\"02-24-2026\";i:1;s:10:\"02-25-2026\";i:1;s:10:\"02-27-2026\";i:1;s:10:\"03-01-2026\";i:1;s:10:\"03-02-2026\";i:2;s:10:\"03-05-2026\";i:1;s:10:\"03-06-2026\";i:2;s:10:\"03-08-2026\";i:1;s:10:\"03-09-2026\";i:1;s:10:\"03-12-2026\";i:3;s:10:\"03-14-2026\";i:1;s:10:\"03-15-2026\";i:1;s:10:\"03-16-2026\";i:1;s:10:\"03-19-2026\";i:1;s:10:\"03-20-2026\";i:1;s:10:\"03-22-2026\";i:2;s:10:\"03-25-2026\";i:2;s:10:\"03-28-2026\";i:2;s:10:\"03-29-2026\";i:2;s:10:\"03-30-2026\";i:2;s:10:\"04-02-2026\";i:1;s:10:\"04-03-2026\";i:1;s:10:\"04-05-2026\";i:1;s:10:\"04-08-2026\";i:1;s:10:\"04-09-2026\";i:1;s:10:\"04-10-2026\";i:2;s:10:\"04-12-2026\";i:1;s:10:\"04-13-2026\";i:1;s:10:\"04-14-2026\";i:1;s:10:\"04-15-2026\";i:1;s:10:\"04-16-2026\";i:1;s:10:\"04-19-2026\";i:1;s:10:\"04-23-2026\";i:1;s:10:\"04-24-2026\";i:1;s:10:\"04-25-2026\";i:2;s:10:\"04-26-2026\";i:2;s:10:\"04-27-2026\";i:3;s:10:\"04-28-2026\";i:2;s:10:\"04-29-2026\";i:1;}"],"houzez_recently_viewed":["2026-04-29 09:57:54"],"fave_property_price":["315000"],"fave_property_size":["77"],"fave_property_size_prefix":["m2"],"fave_property_land":["3986"],"fave_property_land_postfix":["m2"],"fave_property_bedrooms":["2"],"fave_property_bathrooms":["1"],"fave_property_year":["1956"],"fave_property_id":["828"],"fave_property_map":["1"],"fave_property_map_address":["carrer de sa Carretera, Es Pujol, B\u00fager, Raiguer, Illes Balears, 07311, Espanya"],"fave_property_location":["39.7592895,2.9826581,15"],"fave_property_map_street_view":["hide"],"fave_property_address":["carrer de sa Carretera, Es Pujol, B\u00fager, Raiguer, Illes Balears, 07311, Espanya"],"fave_property_zip":["07311"],"fave_prop_homeslider":["no"],"rank_math_focus_keyword":["Finca en venda a B\u00fager Mallorca"],"_wpsp_custom_templates":["a:7:{s:8:\"facebook\";a:3:{s:8:\"template\";s:0:\"\";s:8:\"profiles\";a:0:{}s:9:\"is_global\";b:0;}s:7:\"twitter\";a:3:{s:8:\"template\";s:0:\"\";s:8:\"profiles\";a:0:{}s:9:\"is_global\";b:0;}s:8:\"linkedin\";a:3:{s:8:\"template\";s:0:\"\";s:8:\"profiles\";a:0:{}s:9:\"is_global\";b:0;}s:9:\"pinterest\";a:3:{s:8:\"template\";s:0:\"\";s:8:\"profiles\";a:0:{}s:9:\"is_global\";b:0;}s:9:\"instagram\";a:3:{s:8:\"template\";s:0:\"\";s:8:\"profiles\";a:0:{}s:9:\"is_global\";b:0;}s:6:\"medium\";a:3:{s:8:\"template\";s:0:\"\";s:8:\"profiles\";a:0:{}s:9:\"is_global\";b:0;}s:7:\"threads\";a:3:{s:8:\"template\";s:0:\"\";s:8:\"profiles\";a:0:{}s:9:\"is_global\";b:0;}}"],"fave_portal_1753787295":["0"],"fave_portal_1753788757":["0"],"has_images":["1"],"fave_portal_1754226254":["1"],"fave_portal_1754395991":["0"],"fave_portal_1754598704":["1"],"fave_featured":["1"],"fave_property_images":["209412","209428","209423","209418","209433","209443","209438","209448"],"fave_agent_display_option":["agent_info"],"fave_agents":["4235"],"fave_single_top_area":["global"],"fave_single_content_area":["global"],"rank_math_analytic_object_id":["288"]},"_links":{"self":[{"href":"https:\/\/www.mallorcaguru.es\/ca\/wp-json\/wp\/v2\/properties\/209455","targetHints":{"allow":["GET"]}}],"collection":[{"href":"https:\/\/www.mallorcaguru.es\/ca\/wp-json\/wp\/v2\/properties"}],"about":[{"href":"https:\/\/www.mallorcaguru.es\/ca\/wp-json\/wp\/v2\/types\/property"}],"author":[{"embeddable":true,"href":"https:\/\/www.mallorcaguru.es\/ca\/wp-json\/wp\/v2\/users\/1"}],"version-history":[{"count":0,"href":"https:\/\/www.mallorcaguru.es\/ca\/wp-json\/wp\/v2\/properties\/209455\/revisions"}],"wp:featuredmedia":[{"embeddable":true,"href":"https:\/\/www.mallorcaguru.es\/ca\/wp-json\/wp\/v2\/media\/209413"}],"wp:attachment":[{"href":"https:\/\/www.mallorcaguru.es\/ca\/wp-json\/wp\/v2\/media?parent=209455"}],"wp:term":[{"taxonomy":"property_type","embeddable":true,"href":"https:\/\/www.mallorcaguru.es\/ca\/wp-json\/wp\/v2\/property_type?post=209455"},{"taxonomy":"property_status","embeddable":true,"href":"https:\/\/www.mallorcaguru.es\/ca\/wp-json\/wp\/v2\/property_status?post=209455"},{"taxonomy":"property_feature","embeddable":true,"href":"https:\/\/www.mallorcaguru.es\/ca\/wp-json\/wp\/v2\/property_feature?post=209455"},{"taxonomy":"property_label","embeddable":true,"href":"https:\/\/www.mallorcaguru.es\/ca\/wp-json\/wp\/v2\/property_label?post=209455"},{"taxonomy":"property_country","embeddable":true,"href":"https:\/\/www.mallorcaguru.es\/ca\/wp-json\/wp\/v2\/property_country?post=209455"},{"taxonomy":"property_state","embeddable":true,"href":"https:\/\/www.mallorcaguru.es\/ca\/wp-json\/wp\/v2\/property_state?post=209455"},{"taxonomy":"property_city","embeddable":true,"href":"https:\/\/www.mallorcaguru.es\/ca\/wp-json\/wp\/v2\/property_city?post=209455"},{"taxonomy":"property_area","embeddable":true,"href":"https:\/\/www.mallorcaguru.es\/ca\/wp-json\/wp\/v2\/property_area?post=209455"}],"curies":[{"name":"wp","href":"https:\/\/api.w.org\/{rel}","templated":true}]}}

Finca en venda a Búger Mallorca

<p>Una petita finca en venda a Búger, Mallorca. Aquesta petita finca rural està situada a la perifèria del poble de Búger, a Mallorca, en una parcel·la de 3986 m2. La propietat, registrada des del 1956, té una superfície de 77 m2 i està registrada com a espai habitable. Hi ha una proposta de projecte per reformar la casa en una propietat d&#8217;un o dos dormitoris i un bany, amb cuina-menjador i sala d&#8217;estar. Amb una pèrgola a la part davantera de la casa per oferir ombra i un lloc per sopar al vespre i un petit traster a la part posterior de la casa. Com que la propietat es troba en una petita parcel·la de poc menys de 4000 m2, només l&#8217;edifici existent es pot reformar completament i no es poden fer més ampliacions o ampliacions a l&#8217;edifici. Ideal per a aquells que busquen un petit refugi de cap de setmana al camp, a prop d&#8217;un poble tranquil i tradicional. A només 30 minuts amb cotxe de l&#8217;aeroport de Palma de Mallorca i a menys de 20 minuts dels ports i platges de la badia d&#8217;Alcúdia.</p>
<p>Poseu-vos en contacte amb nosaltres per a més informació. Disposem de plànols de la proposta per a la propietat.</p>
<p>Búger, Mallorca, part de la comarca del Raiguer. El poble, situat des del vessant del seu turó, mira cap a les muntanyes pel seu costat nord i té vistes al camp i cap a Randa pel seu costat sud-oest.<br />
Búger, el municipi més petit de Mallorca, és famós pels seus molins de vent i els seus camps d&#8217;ametllers i garrofers. És un poble que no ha tingut cap altra indústria que l&#8217;agricultura, però que té la tradició de fer picarols i coberts de fusta.</p>

<p>Una petita finca en venda a Búger, Mallorca. Aquesta petita finca rural està situada a la perifèria del poble de Búger, a Mallorca, en una parcel·la de 3986 m2. La propietat, registrada des de 1956, té una superfície de 77 m2 registrada com a espai habitable.</p>

carrer de sa Carretera, Es Pujol, Búger, Raiguer, Illes Balears, 07311, Espanya
