{"id":280166,"date":"2025-08-29T16:46:18","date_gmt":"2025-08-29T14:46:18","guid":{"rendered":"https:\/\/www.mallorcaguru.es\/property\/finca-projecte-en-venda-a-algaida\/"},"modified":"2026-02-16T12:30:00","modified_gmt":"2026-02-16T11:30:00","slug":"finca-projecte-en-venda-a-algaida","status":"publish","type":"property","link":"https:\/\/www.mallorcaguru.es\/ca\/propietat\/finca-projecte-en-venda-a-algaida\/","title":{"rendered":"Finca projecte en venda a Algaida"},"content":{"rendered":"<h2><strong><span style=\"font-size: 12pt;\">Finca projecte en venda a Algaida entre Algaida i Montu\u00efri.<\/span><\/strong><\/h2>\n<p>En una parcel\u00b7la de 17.076 m2 en una zona molt sol\u00b7licitada entre Algaida i Montu\u00efri amb vistes clares i bon acc\u00e9s per carretera.<\/p>\n<p>Es ven amb un projecte b\u00e0sic per a una casa rural amb una superf\u00edcie total constru\u00efda de 439 m2 amb dues plantes, planta baixa i primera planta, una gran terrassa i piscina i soterrani amb garatge doble i celler.<\/p>\n<p>El projecte \u00e9s per a una propietat de tres dormitoris i tres banys distribu\u00efda de la seg\u00fcent manera.<\/p>\n<h3><strong><span style=\"font-size: 12pt;\">Distribuci\u00f3 de la casa<\/span><\/strong><\/h3>\n<h3><strong><span style=\"font-size: 12pt;\">Superf\u00edcie total del soterrani 183m2:<\/span><\/strong><\/h3>\n<p>Rampa d&#8217;aparcament 17m2 \u2013 Garatge 71m2 \u2013 Celler 5m2 \u2013 Llar de menjar 13m2 \u2013 Traster 17m2 \u2013 Lavabo de convidats 2m2<\/p>\n<h3><strong><span style=\"font-size: 12pt;\">Planta baixa 150m2:<\/span><\/strong><\/h3>\n<p>Cuina 14m2 \u2013 Menjador 17m2 \u2013 Terrassa 12m2 \u2013 Bany de convidats 2m2 \u2013 Sala d&#8217;estar 33m2 \u2013 Sala de jard\u00ed 16m2<\/p>\n<h3><strong><span style=\"font-size: 12pt;\">Primer pis 150m2:<\/span><\/strong><\/h3>\n<p>Habitaci\u00f3 1 16m2 \u2013 Bany 1 11m2 \u2013 Vestidor 4m2 \u2013 Terrassa privada 18m2<\/p>\n<p>Habitaci\u00f3 2 15m2 \u2013 Bany 2 4m2<\/p>\n<p>Habitaci\u00f3 3 15m2 \u2013 Bany 3 4m2<\/p>\n<h3><strong><span style=\"font-size: 12pt;\">Exterior<\/span><\/strong><\/h3>\n<p>Piscina 35m2 \u2013 Terrassa amb piscina 84m2<\/p>\n<h3><span style=\"font-size: 12pt;\">Superf\u00edcie total 439m2<\/span><\/h3>\n<h3><span style=\"font-size: 12pt;\">Parcel\u00b7la 17076m2<\/span><\/h3>\n<p>El terreny i el projecte s&#8217;ofereixen a la venda a aquest preu perqu\u00e8 el comprador completi els detalls finals del projecte i la construcci\u00f3. Hi ha pl\u00e0nols detallats disponibles, i hi ha un esquema provisional dels detalls complets de totes les instal\u00b7lacions, inclosos els materials de construcci\u00f3, la fontaneria i l&#8217;electricitat.<\/p>\n<p>La propietat ha estat dissenyada per incloure calefacci\u00f3 per terra radiant, doble vidre complet, aire condicionat complet, dip\u00f2sits d&#8217;aigua tant de pluja com d&#8217;aigua potable, panells solars i una parcel\u00b7la completament tancada amb una entrada a l&#8217;entrada i un mur de jard\u00ed constru\u00eft amb pedra de Santany\u00ed.<\/p>\n<p>A nom\u00e9s 20 minuts de l&#8217;aeroport i a menys de 25 minuts de la capital, \u00e9s una oportunitat \u00fanica per comprar el projecte, que ha estat dissenyat com una resid\u00e8ncia rural tradicional amb un interior modern a un preu molt raonable.<\/p>\n<h3><strong><span style=\"font-size: 12pt;\">Contacta amb nosaltres,\u00a0Per a m\u00e9s informaci\u00f3 sobre aquest finca projecte en venda a Algaida, Mallorca.<\/span><\/strong><\/h3>\n<p><a href=\"https:\/\/www.mallorcaguru.es\/ca\/poble\/en-venda-algaida-mallorca\/\" target=\"_blank\" rel=\"noopener\">Algaida<\/a> \u00e9s un petit poble al camp del Pla de Mallorca, a la regi\u00f3 central de Mallorca, al sud-est de l&#8217;illa, i inclou les comunitats m\u00e9s petites de Pina i Randa. Est\u00e0 ben connectat amb Palma de Mallorca i l&#8217;aeroport, a 20 minuts amb cotxe per autopista. El poble \u00e9s petit i rural, amb una poblaci\u00f3 d&#8217;uns 6.000 habitants.<\/p>\n","protected":false},"excerpt":{"rendered":"<p>Finca projecte en venda a Algaida Mallorca. Parcel\u00b7la de 17.000 m2 per a una casa de tres dormitoris i tres banys.<\/p>\n","protected":false},"author":1,"featured_media":0,"parent":0,"menu_order":0,"template":"","property_type":[417],"property_status":[3530],"property_feature":[787,930,477,481,1679,1593,784,1770,2075,786,1537,2206,1075,1137,1224,1374,919,1372,514,1483,1375,1011,2272,1347,1765,1647,751,806,1376],"property_label":[3862],"property_country":[750],"property_state":[752,579],"property_city":[584],"property_area":[1210],"class_list":["post-280166","property","type-property","status-publish","hentry","property_type-finca-en-venda-a-mallorca","property_status-a-la-venda-mallorca-espanya","property_feature-immobiliari-en-venda-mallorca-immoble-calefaccio-i-refrigeracio-aire-condicionat","property_feature-propietat-venda-mallorca-caracteristiques-de-immoble-aparcament-soterrani","property_feature-immobiliari-en-venda-mallorca-caracteristiques-immobles-bany","property_feature-propietat-caracteristiques-immobles-en-venda-mallorca-bany-en-suite","property_feature-immobiliari-en-venda-a-mallorca-amb-bugaderia","property_feature-caracteristiques-de-immobles-en-venda-mallorca-calefaccio-i-refrigeracio","property_feature-caracteristiques-de-immobles-venda-de-immobles-mallorca-ubicacio-de-immobles-camp","property_feature-immobiliari-en-venda-mallorca-caracteristiques-de-la-immoble-caracteristiques-interiors","property_feature-immobiliari-en-venda-a-mallorca-amb-cuina","property_feature-immobiliari-en-venda-a-mallorca-amb-cuina-totalment-moblada","property_feature-immobiliari-en-venda-mallorca-documents-immobles","property_feature-immobiliari-en-venda-mallorca-caracteristiques-immobles-dormitori","property_feature-immobiliari-en-venda-a-mallorca-amb-espai-per-piscina","property_feature-caracteristiques-venda-immoble-mallorca-estat-de-la-immoble","property_feature-propietat-venda-mallorca-caracteristiques-immobles-garatge-doble","property_feature-immobiliari-en-venda-a-mallorca-amb-garatge-o-aparcament","property_feature-immobiliari-en-venda-mallorca-caracteristiques-de-la-immoble-caracteristiques-interiors-interior-modern","property_feature-caracteristiques-immobles-venda-immobles-mallorca-immobles-jardi","property_feature-immobiliari-en-venda-mallorca-caracteristiques-immobles-lavabo-de-convidats","property_feature-llicencia-dobres-basica","property_feature-immobiliari-en-venda-a-mallorca-amb-piscina","property_feature-caracteristiques-immobles-venda-immobles-mallorca-immobles-jardi-porxo","property_feature-venda-immobles-mallorca-caracteristiques-de-immoble-estat-nova-urbanitzacio","property_feature-caracteristiques-de-immoble-venda-immoble-mallorca-immoble-jardi-terrassa","property_feature-propietat-caracteristiques-venda-propietat-mallorca-ubicacio-immoble","property_feature-immobiliari-en-venda-mallorca-caracteristiques-immobles-vestidor","property_feature-immobiliari-a-mallorca-immobles-vistes-camp","property_feature-immobiliari-a-mallorca-immobles-vistes-jardin-piscina","property_feature-immobles-en-venda-a-mallorca-amb-excellents-vistes","property_label-projectes-de-construccio-en-venda-mallorca","property_country-en-venda-mallorca-espanya-mallorca-property-guru","property_state-immobiliari-en-venda-a-mallorca","property_state-immobiliari-en-venda-en-pla-de-mallorca-centre","property_city-en-venda-algaida-mallorca","property_area-denominacio-dorigen-pla-i-llevant"],"property_meta":{"_wpsp_custom_templates":["a:7:{s:8:\"facebook\";a:3:{s:8:\"template\";s:0:\"\";s:8:\"profiles\";a:0:{}s:9:\"is_global\";b:0;}s:7:\"twitter\";a:3:{s:8:\"template\";s:0:\"\";s:8:\"profiles\";a:0:{}s:9:\"is_global\";b:0;}s:8:\"linkedin\";a:3:{s:8:\"template\";s:0:\"\";s:8:\"profiles\";a:0:{}s:9:\"is_global\";b:0;}s:9:\"pinterest\";a:3:{s:8:\"template\";s:0:\"\";s:8:\"profiles\";a:0:{}s:9:\"is_global\";b:0;}s:9:\"instagram\";a:3:{s:8:\"template\";s:0:\"\";s:8:\"profiles\";a:0:{}s:9:\"is_global\";b:0;}s:6:\"medium\";a:3:{s:8:\"template\";s:0:\"\";s:8:\"profiles\";a:0:{}s:9:\"is_global\";b:0;}s:7:\"threads\";a:3:{s:8:\"template\";s:0:\"\";s:8:\"profiles\";a:0:{}s:9:\"is_global\";b:0;}}"],"houzez_featured_listing_date":["2026-02-16 12:30:02"],"_wpml_media_duplicate":["1"],"_wpml_media_featured":["1"],"_top_nav_excluded":[""],"_cms_nav_minihome":[""],"_wp_page_template":["default"],"houzez_geolocation_lat":["39.570112"],"houzez_geolocation_long":["2.938291"],"rank_math_pillar_content":["on"],"_wpml_word_count":["403"],"houzez_total_property_views":["219"],"houzez_views_by_date":["a:61:{s:10:\"01-16-2026\";i:3;s:10:\"01-18-2026\";i:1;s:10:\"01-20-2026\";i:1;s:10:\"01-22-2026\";i:3;s:10:\"01-23-2026\";i:1;s:10:\"01-24-2026\";i:2;s:10:\"01-26-2026\";i:1;s:10:\"01-29-2026\";i:1;s:10:\"01-30-2026\";i:2;s:10:\"02-02-2026\";i:3;s:10:\"02-03-2026\";i:1;s:10:\"02-04-2026\";i:1;s:10:\"02-06-2026\";i:1;s:10:\"02-07-2026\";i:2;s:10:\"02-10-2026\";i:3;s:10:\"02-11-2026\";i:2;s:10:\"02-12-2026\";i:2;s:10:\"02-13-2026\";i:1;s:10:\"02-14-2026\";i:2;s:10:\"02-15-2026\";i:2;s:10:\"02-16-2026\";i:2;s:10:\"02-19-2026\";i:1;s:10:\"02-20-2026\";i:5;s:10:\"02-21-2026\";i:1;s:10:\"02-22-2026\";i:1;s:10:\"02-23-2026\";i:1;s:10:\"02-24-2026\";i:1;s:10:\"03-01-2026\";i:4;s:10:\"03-02-2026\";i:2;s:10:\"03-03-2026\";i:1;s:10:\"03-05-2026\";i:1;s:10:\"03-06-2026\";i:2;s:10:\"03-09-2026\";i:2;s:10:\"03-10-2026\";i:1;s:10:\"03-13-2026\";i:1;s:10:\"03-15-2026\";i:2;s:10:\"03-16-2026\";i:2;s:10:\"03-17-2026\";i:1;s:10:\"03-18-2026\";i:2;s:10:\"03-22-2026\";i:1;s:10:\"03-23-2026\";i:1;s:10:\"03-24-2026\";i:1;s:10:\"03-25-2026\";i:2;s:10:\"03-26-2026\";i:2;s:10:\"03-28-2026\";i:1;s:10:\"03-29-2026\";i:2;s:10:\"03-30-2026\";i:1;s:10:\"04-05-2026\";i:4;s:10:\"04-06-2026\";i:2;s:10:\"04-10-2026\";i:1;s:10:\"04-11-2026\";i:1;s:10:\"04-12-2026\";i:1;s:10:\"04-13-2026\";i:1;s:10:\"04-14-2026\";i:1;s:10:\"04-16-2026\";i:1;s:10:\"04-18-2026\";i:2;s:10:\"04-19-2026\";i:1;s:10:\"04-21-2026\";i:1;s:10:\"04-22-2026\";i:1;s:10:\"04-24-2026\";i:3;s:10:\"04-25-2026\";i:1;}"],"houzez_recently_viewed":["2026-04-25 06:55:30"],"_last_translation_edit_mode":["native-editor"],"_edit_lock":["1771241273:1"],"rank_math_seo_score":["68"],"_edit_last":["1"],"_wpscppro_advance_schedule":[""],"fave_show_price_placeholder":["0"],"fave_portal_1754226254":["1"],"fave_portal_1754598704":["1"],"has_images":["1"],"rank_math_primary_property_type":["0"],"rank_math_primary_property_status":["0"],"rank_math_primary_property_feature":["0"],"rank_math_primary_property_label":["0"],"rank_math_primary_property_country":["0"],"rank_math_primary_property_state":["0"],"rank_math_primary_property_city":["0"],"rank_math_primary_property_area":["0"],"houzez_manual_expire":["0"],"_houzez_expiration_date_status":["saved"],"_facebook_share_type":["default"],"_twitter_share_type":["default"],"_linkedin_share_type":["default"],"_pinterest_share_type":["default"],"_instagram_share_type":["default"],"_medium_share_type":["default"],"_threads_share_type":["default"],"_google_business_share_type":["default"],"_selected_social_profile":["a:0:{}"],"rank_math_analytic_object_id":["39"],"fave_property_price":["380000"],"fave_property_size":["439"],"fave_property_size_prefix":["m2"],"fave_property_land":["17076"],"fave_property_land_postfix":["m2"],"fave_property_bedrooms":["3"],"fave_property_bathrooms":["3"],"fave_property_garage_size":["71m2"],"fave_property_id":["924"],"fave_property_map":["1"],"fave_property_map_address":["Cam\u00ed de Son Barranquer, 07210 Algaida, Illes Balears, Spain"],"fave_property_location":["39.570112,2.938291,15"],"fave_property_map_street_view":["show"],"fave_property_address":["Cam\u00ed de Son Barranquer, 07210 Algaida, Illes Balears"],"fave_property_zip":["07210"],"fave_prop_homeslider":["no"],"rank_math_focus_keyword":["Finca projecte en venda a Algaida"],"fave_attachments":["279936"],"_wpml_media_has_media":["1"],"fave_featured":["1"],"fave_property_images":["327090","327088","327091","327087","327089","327086","279833","279828","279838","279888","279873","279848","279858","279853","279868","279843","279863","279883","279878","279928","279923","279918","279913","279908","279903","279898","279893","279819","279814","279809"],"fave_agent_display_option":["agent_info"],"fave_agents":["5167"],"fave_single_top_area":["global"],"fave_single_content_area":["global"]},"_links":{"self":[{"href":"https:\/\/www.mallorcaguru.es\/ca\/wp-json\/wp\/v2\/properties\/280166","targetHints":{"allow":["GET"]}}],"collection":[{"href":"https:\/\/www.mallorcaguru.es\/ca\/wp-json\/wp\/v2\/properties"}],"about":[{"href":"https:\/\/www.mallorcaguru.es\/ca\/wp-json\/wp\/v2\/types\/property"}],"author":[{"embeddable":true,"href":"https:\/\/www.mallorcaguru.es\/ca\/wp-json\/wp\/v2\/users\/1"}],"version-history":[{"count":0,"href":"https:\/\/www.mallorcaguru.es\/ca\/wp-json\/wp\/v2\/properties\/280166\/revisions"}],"wp:attachment":[{"href":"https:\/\/www.mallorcaguru.es\/ca\/wp-json\/wp\/v2\/media?parent=280166"}],"wp:term":[{"taxonomy":"property_type","embeddable":true,"href":"https:\/\/www.mallorcaguru.es\/ca\/wp-json\/wp\/v2\/property_type?post=280166"},{"taxonomy":"property_status","embeddable":true,"href":"https:\/\/www.mallorcaguru.es\/ca\/wp-json\/wp\/v2\/property_status?post=280166"},{"taxonomy":"property_feature","embeddable":true,"href":"https:\/\/www.mallorcaguru.es\/ca\/wp-json\/wp\/v2\/property_feature?post=280166"},{"taxonomy":"property_label","embeddable":true,"href":"https:\/\/www.mallorcaguru.es\/ca\/wp-json\/wp\/v2\/property_label?post=280166"},{"taxonomy":"property_country","embeddable":true,"href":"https:\/\/www.mallorcaguru.es\/ca\/wp-json\/wp\/v2\/property_country?post=280166"},{"taxonomy":"property_state","embeddable":true,"href":"https:\/\/www.mallorcaguru.es\/ca\/wp-json\/wp\/v2\/property_state?post=280166"},{"taxonomy":"property_city","embeddable":true,"href":"https:\/\/www.mallorcaguru.es\/ca\/wp-json\/wp\/v2\/property_city?post=280166"},{"taxonomy":"property_area","embeddable":true,"href":"https:\/\/www.mallorcaguru.es\/ca\/wp-json\/wp\/v2\/property_area?post=280166"}],"curies":[{"name":"wp","href":"https:\/\/api.w.org\/{rel}","templated":true}]}}

<h2><strong><span style="font-size: 12pt;">Finca projecte en venda a Algaida entre Algaida i Montuïri.</span></strong></h2>
<p>En una parcel·la de 17.076 m2 en una zona molt sol·licitada entre Algaida i Montuïri amb vistes clares i bon accés per carretera.</p>
<p>Es ven amb un projecte bàsic per a una casa rural amb una superfície total construïda de 439 m2 amb dues plantes, planta baixa i primera planta, una gran terrassa i piscina i soterrani amb garatge doble i celler.</p>
<p>El projecte és per a una propietat de tres dormitoris i tres banys distribuïda de la següent manera.</p>
<h3><strong><span style="font-size: 12pt;">Distribució de la casa</span></strong></h3>
<h3><strong><span style="font-size: 12pt;">Superfície total del soterrani 183m2:</span></strong></h3>
<p>Rampa d&#8217;aparcament 17m2 – Garatge 71m2 – Celler 5m2 – Llar de menjar 13m2 – Traster 17m2 – Lavabo de convidats 2m2</p>
<h3><strong><span style="font-size: 12pt;">Planta baixa 150m2:</span></strong></h3>
<p>Cuina 14m2 – Menjador 17m2 – Terrassa 12m2 – Bany de convidats 2m2 – Sala d&#8217;estar 33m2 – Sala de jardí 16m2</p>
<h3><strong><span style="font-size: 12pt;">Primer pis 150m2:</span></strong></h3>
<p>Habitació 1 16m2 – Bany 1 11m2 – Vestidor 4m2 – Terrassa privada 18m2</p>
<p>Habitació 2 15m2 – Bany 2 4m2</p>
<p>Habitació 3 15m2 – Bany 3 4m2</p>
<h3><strong><span style="font-size: 12pt;">Exterior</span></strong></h3>
<p>Piscina 35m2 – Terrassa amb piscina 84m2</p>
<h3><span style="font-size: 12pt;">Superfície total 439m2</span></h3>
<h3><span style="font-size: 12pt;">Parcel·la 17076m2</span></h3>
<p>El terreny i el projecte s&#8217;ofereixen a la venda a aquest preu perquè el comprador completi els detalls finals del projecte i la construcció. Hi ha plànols detallats disponibles, i hi ha un esquema provisional dels detalls complets de totes les instal·lacions, inclosos els materials de construcció, la fontaneria i l&#8217;electricitat.</p>
<p>La propietat ha estat dissenyada per incloure calefacció per terra radiant, doble vidre complet, aire condicionat complet, dipòsits d&#8217;aigua tant de pluja com d&#8217;aigua potable, panells solars i una parcel·la completament tancada amb una entrada a l&#8217;entrada i un mur de jardí construït amb pedra de Santanyí.</p>
<p>A només 20 minuts de l&#8217;aeroport i a menys de 25 minuts de la capital, és una oportunitat única per comprar el projecte, que ha estat dissenyat com una residència rural tradicional amb un interior modern a un preu molt raonable.</p>
<h3><strong><span style="font-size: 12pt;">Contacta amb nosaltres, Per a més informació sobre aquest finca projecte en venda a Algaida, Mallorca.</span></strong></h3>
<p><a href="https://www.mallorcaguru.es/ca/poble/en-venda-algaida-mallorca/" target="_blank" rel="noopener">Algaida</a> és un petit poble al camp del Pla de Mallorca, a la regió central de Mallorca, al sud-est de l&#8217;illa, i inclou les comunitats més petites de Pina i Randa. Està ben connectat amb Palma de Mallorca i l&#8217;aeroport, a 20 minuts amb cotxe per autopista. El poble és petit i rural, amb una població d&#8217;uns 6.000 habitants.</p>

Camí de Son Barranquer, 07210 Algaida, Illes Balears, Spain

Camí de Son Barranquer, 07210 Algaida, Illes Balears
