{"id":289233,"date":"2025-09-09T22:07:48","date_gmt":"2025-09-09T20:07:48","guid":{"rendered":"https:\/\/www.mallorcaguru.es\/property\/casa-a-lloseta-en-venda-amb-vistes\/"},"modified":"2026-02-11T12:11:46","modified_gmt":"2026-02-11T11:11:46","slug":"casa-a-lloseta-en-venda-amb-vistes","status":"publish","type":"property","link":"https:\/\/www.mallorcaguru.es\/ca\/propietat\/casa-a-lloseta-en-venda-amb-vistes\/","title":{"rendered":"Casa a Lloseta en venda amb vistes"},"content":{"rendered":"<p>Una casa a Lloseta en venda a la part alta del poble amb vistes obertes al poble i al camp.<\/p>\n<h2><strong><span style=\"font-size: 12pt;\">La casa t\u00e9 dos espais habitables independents connectats per un pati de 45m2.<\/span><\/strong><\/h2>\n<p>Que ofereix opcions per a una fam\u00edlia multigeneracional o ingressos de lloguer.<\/p>\n<p>La primera part de la casa, que t\u00e9 un rebedor m\u00e9s gran, disposa de dues habitacions dobles, un sal\u00f3-menjador llumin\u00f3s, un bany complet i una cuina amb una petita zona de menjador i acc\u00e9s al pati. Hi ha la possibilitat de convertir una de les habitacions en un garatge.<\/p>\n<p>S&#8217;accedeix des del pati al segon espai habitable, que disposa d&#8217;una habitaci\u00f3 doble amb vestidor i bany complet. Un gran sal\u00f3-menjador i una cuina independent. Aquesta part tamb\u00e9 inclou un traster i una zona de barbacoa.<\/p>\n<p>A sobre hi ha una terrassa de 50m2, aquesta zona es podria transformar en un apartament independent.<\/p>\n<p>La propietat est\u00e0 situada en una zona tranquil\u00b7la per\u00f2 ben comunicada del poble, a sobre del teatre, amb f\u00e0cil acc\u00e9s a supermercats, transport p\u00fablic, escoles i altres serveis essencials.<\/p>\n<h3><strong><span style=\"font-size: 12pt;\"><a href=\"https:\/\/www.mallorcaguru.es\/ca\/poble\/propietat-en-venda-lloseta-mallorca\/\" target=\"_blank\" rel=\"noopener\">Lloseta<\/a> Mallorca.<\/span><\/strong><\/h3>\n<p>Situada als turons sobre la plana central de Mallorca. Lloseta \u00e9s una petita comunitat que va ser el centre de les ind\u00fastries mineres de carb\u00f3 vegetal i carb\u00f3 vegetal de Mallorca. En els darrers anys, el seu centre d&#8217;inter\u00e8s \u00e9s el turisme, popular entre els ciclistes i els excursionistes de muntanya.<\/p>\n","protected":false},"excerpt":{"rendered":"<p>Casa a Lloseta en venda amb vistes Tres dormitoris, dos banys, pati, jard\u00ed, vistes al camp.<\/p>\n","protected":false},"author":1,"featured_media":0,"parent":0,"menu_order":0,"template":"","property_type":[457],"property_status":[3530],"property_feature":[1174,1295,925,921,1136,918,790,789,2248,1137,1005,1473,1765,1073,1371,751,1376,2201,922],"property_label":[],"property_country":[750],"property_state":[752,552],"property_city":[1131],"property_area":[],"class_list":["post-289233","property","type-property","status-publish","hentry","property_type-casa-de-poble-en-venda-a-mallorca-espanya","property_status-a-la-venda-mallorca-espanya","property_feature-caracteristiques-de-la-immoble-venda-de-la-immoble-mallorca-la-ubicacio-es-apropa-de-botigues","property_feature-caracteristiques-de-la-immoble-venda-de-immobles-mallorca-ubicacio-propietat-de-centres-medicals","property_feature-caracteristiques-de-la-immoble-venda-de-la-immoble-mallorca-ubicacio-a-prop-de-restaurants","property_feature-caracteristiques-de-la-immoble-venda-de-immobles-mallorca-ubicacio-propietat-a-prop-de-tots-els-serveis","property_feature-caracteristiques-de-la-immoble-venda-de-immobles-mallorca-ubicacio-propietat-de-transport-public","property_feature-venda-immobles-mallorca-caracteristiques-de-immoble-estat-bon-estat","property_feature-immobiliari-en-venda-mallorca-utilitats-serveis-publics-connexio-daigua","property_feature-inmobiliaria-en-venta-mallorca-servicios-publicos-conexion-electrica","property_feature-immobiliari-en-venda-mallorca-utilitats-caracteristiques-de-la-immoble-clavament-connectat","property_feature-caracteristiques-venda-immoble-mallorca-estat-de-la-immoble","property_feature-caracteristiques-de-la-immoble-venda-de-immobles-mallorca-ubicacio-de-la-immoble-interior-de-mallorca","property_feature-caracteristiques-de-la-immoble-venda-de-immobles-mallorca-ubicacio-propietat-de-escoles","property_feature-propietat-caracteristiques-venda-propietat-mallorca-ubicacio-immoble","property_feature-caracteristiques-immobles-venda-immobles-mallorca-immobles-ubicacio-poble-tradicional","property_feature-immobiliari-en-venda-mallorca-utilitats-serveis-publics","property_feature-immobiliari-a-mallorca-immobles-vistes-camp","property_feature-immobles-en-venda-a-mallorca-amb-excellents-vistes","property_feature-immobiliari-a-mallorca-immobles-vistes-urbanes","property_feature-caracteristiques-de-immoble-venda-immoble-mallorca-ubicacio-immoble-urbana-barri-residencial","property_country-en-venda-mallorca-espanya-mallorca-property-guru","property_state-immobiliari-en-venda-a-mallorca","property_state-immobiliari-en-venda-a-mallorca-raiguer-central-mallorca","property_city-propietat-en-venda-lloseta-mallorca"],"property_meta":{"rank_math_analytic_object_id":["842"],"_wpsp_custom_templates":["a:7:{s:8:\"facebook\";a:3:{s:8:\"template\";s:0:\"\";s:8:\"profiles\";a:0:{}s:9:\"is_global\";b:0;}s:7:\"twitter\";a:3:{s:8:\"template\";s:0:\"\";s:8:\"profiles\";a:0:{}s:9:\"is_global\";b:0;}s:8:\"linkedin\";a:3:{s:8:\"template\";s:0:\"\";s:8:\"profiles\";a:0:{}s:9:\"is_global\";b:0;}s:9:\"pinterest\";a:3:{s:8:\"template\";s:0:\"\";s:8:\"profiles\";a:0:{}s:9:\"is_global\";b:0;}s:9:\"instagram\";a:3:{s:8:\"template\";s:0:\"\";s:8:\"profiles\";a:0:{}s:9:\"is_global\";b:0;}s:6:\"medium\";a:3:{s:8:\"template\";s:0:\"\";s:8:\"profiles\";a:0:{}s:9:\"is_global\";b:0;}s:7:\"threads\";a:3:{s:8:\"template\";s:0:\"\";s:8:\"profiles\";a:0:{}s:9:\"is_global\";b:0;}}"],"houzez_featured_listing_date":[""],"_wpml_media_duplicate":["1"],"_wpml_media_featured":["1"],"_top_nav_excluded":[""],"_cms_nav_minihome":[""],"_wp_page_template":["default"],"houzez_geolocation_lat":["39.7175601"],"houzez_geolocation_long":["2.8638978"],"_wpml_word_count":["248"],"houzez_total_property_views":["216"],"houzez_views_by_date":["a:61:{s:10:\"01-18-2026\";i:1;s:10:\"01-19-2026\";i:2;s:10:\"01-21-2026\";i:2;s:10:\"01-22-2026\";i:1;s:10:\"01-25-2026\";i:2;s:10:\"01-26-2026\";i:1;s:10:\"01-27-2026\";i:1;s:10:\"01-28-2026\";i:1;s:10:\"01-29-2026\";i:1;s:10:\"01-30-2026\";i:5;s:10:\"02-01-2026\";i:2;s:10:\"02-02-2026\";i:1;s:10:\"02-03-2026\";i:2;s:10:\"02-04-2026\";i:2;s:10:\"02-07-2026\";i:3;s:10:\"02-08-2026\";i:2;s:10:\"02-09-2026\";i:2;s:10:\"02-11-2026\";i:3;s:10:\"02-12-2026\";i:1;s:10:\"02-14-2026\";i:1;s:10:\"02-15-2026\";i:1;s:10:\"02-16-2026\";i:4;s:10:\"02-17-2026\";i:1;s:10:\"02-19-2026\";i:2;s:10:\"02-20-2026\";i:2;s:10:\"02-23-2026\";i:1;s:10:\"02-25-2026\";i:1;s:10:\"02-28-2026\";i:1;s:10:\"03-01-2026\";i:2;s:10:\"03-02-2026\";i:1;s:10:\"03-03-2026\";i:3;s:10:\"03-05-2026\";i:1;s:10:\"03-06-2026\";i:1;s:10:\"03-08-2026\";i:2;s:10:\"03-09-2026\";i:1;s:10:\"03-11-2026\";i:3;s:10:\"03-12-2026\";i:7;s:10:\"03-15-2026\";i:5;s:10:\"03-18-2026\";i:1;s:10:\"03-21-2026\";i:1;s:10:\"03-22-2026\";i:1;s:10:\"03-25-2026\";i:2;s:10:\"03-26-2026\";i:1;s:10:\"03-28-2026\";i:1;s:10:\"03-29-2026\";i:2;s:10:\"03-30-2026\";i:2;s:10:\"04-02-2026\";i:1;s:10:\"04-03-2026\";i:1;s:10:\"04-05-2026\";i:2;s:10:\"04-10-2026\";i:1;s:10:\"04-12-2026\";i:1;s:10:\"04-13-2026\";i:1;s:10:\"04-16-2026\";i:1;s:10:\"04-17-2026\";i:1;s:10:\"04-18-2026\";i:2;s:10:\"04-20-2026\";i:2;s:10:\"04-21-2026\";i:2;s:10:\"04-26-2026\";i:2;s:10:\"04-27-2026\";i:2;s:10:\"04-28-2026\";i:1;s:10:\"04-29-2026\";i:2;}"],"houzez_recently_viewed":["2026-04-29 19:27:21"],"_edit_lock":["1770808175:1"],"rank_math_seo_score":["59"],"_edit_last":["1"],"_wpscppro_advance_schedule":[""],"fave_show_price_placeholder":["0"],"fave_portal_1754226254":["1"],"fave_portal_1754598704":["1"],"has_images":["1"],"rank_math_primary_property_type":["0"],"rank_math_primary_property_status":["0"],"rank_math_primary_property_feature":["0"],"rank_math_primary_property_label":["0"],"rank_math_primary_property_country":["0"],"rank_math_primary_property_state":["0"],"rank_math_primary_property_city":["0"],"rank_math_primary_property_area":["0"],"houzez_manual_expire":["0"],"_houzez_expiration_date_status":["saved"],"_facebook_share_type":["default"],"_twitter_share_type":["default"],"_linkedin_share_type":["default"],"_pinterest_share_type":["default"],"_instagram_share_type":["default"],"_medium_share_type":["default"],"_threads_share_type":["default"],"_google_business_share_type":["default"],"_selected_social_profile":["a:0:{}"],"_last_translation_edit_mode":["native-editor"],"fave_property_price":["455000"],"fave_property_size":["145"],"fave_property_size_prefix":["m2"],"fave_property_land":["270"],"fave_property_land_postfix":["m2"],"fave_property_bedrooms":["3"],"fave_property_bathrooms":["2"],"fave_property_year":["1940"],"fave_property_id":["900"],"fave_property_map":["1"],"fave_property_map_address":["Carrer Lluna, Lloseta, Spain"],"fave_property_location":["39.7175601,2.8638978,15"],"fave_property_map_street_view":["hide"],"fave_property_address":["Carrer Lluna, Lloseta, Spain"],"fave_property_zip":["07360"],"fave_prop_homeslider":["no"],"rank_math_focus_keyword":["Casa a Lloseta en venda"],"_wpml_media_has_media":["1"],"fave_featured":["0"],"fave_property_images":["289080","289067","289062","289057","289182","289177","289052","289091","289085","289113","289131","289118","289136","289108","289103","289172","289167","289162","289157","289146","289141"],"fave_agent_display_option":["agent_info"],"fave_agents":["5167"],"fave_single_top_area":["global"],"fave_single_content_area":["global"],"_elementor_page_assets":["a:0:{}"]},"_links":{"self":[{"href":"https:\/\/www.mallorcaguru.es\/ca\/wp-json\/wp\/v2\/properties\/289233","targetHints":{"allow":["GET"]}}],"collection":[{"href":"https:\/\/www.mallorcaguru.es\/ca\/wp-json\/wp\/v2\/properties"}],"about":[{"href":"https:\/\/www.mallorcaguru.es\/ca\/wp-json\/wp\/v2\/types\/property"}],"author":[{"embeddable":true,"href":"https:\/\/www.mallorcaguru.es\/ca\/wp-json\/wp\/v2\/users\/1"}],"version-history":[{"count":0,"href":"https:\/\/www.mallorcaguru.es\/ca\/wp-json\/wp\/v2\/properties\/289233\/revisions"}],"wp:attachment":[{"href":"https:\/\/www.mallorcaguru.es\/ca\/wp-json\/wp\/v2\/media?parent=289233"}],"wp:term":[{"taxonomy":"property_type","embeddable":true,"href":"https:\/\/www.mallorcaguru.es\/ca\/wp-json\/wp\/v2\/property_type?post=289233"},{"taxonomy":"property_status","embeddable":true,"href":"https:\/\/www.mallorcaguru.es\/ca\/wp-json\/wp\/v2\/property_status?post=289233"},{"taxonomy":"property_feature","embeddable":true,"href":"https:\/\/www.mallorcaguru.es\/ca\/wp-json\/wp\/v2\/property_feature?post=289233"},{"taxonomy":"property_label","embeddable":true,"href":"https:\/\/www.mallorcaguru.es\/ca\/wp-json\/wp\/v2\/property_label?post=289233"},{"taxonomy":"property_country","embeddable":true,"href":"https:\/\/www.mallorcaguru.es\/ca\/wp-json\/wp\/v2\/property_country?post=289233"},{"taxonomy":"property_state","embeddable":true,"href":"https:\/\/www.mallorcaguru.es\/ca\/wp-json\/wp\/v2\/property_state?post=289233"},{"taxonomy":"property_city","embeddable":true,"href":"https:\/\/www.mallorcaguru.es\/ca\/wp-json\/wp\/v2\/property_city?post=289233"},{"taxonomy":"property_area","embeddable":true,"href":"https:\/\/www.mallorcaguru.es\/ca\/wp-json\/wp\/v2\/property_area?post=289233"}],"curies":[{"name":"wp","href":"https:\/\/api.w.org\/{rel}","templated":true}]}}

<p>Una casa a Lloseta en venda a la part alta del poble amb vistes obertes al poble i al camp.</p>
<h2><strong><span style="font-size: 12pt;">La casa té dos espais habitables independents connectats per un pati de 45m2.</span></strong></h2>
<p>Que ofereix opcions per a una família multigeneracional o ingressos de lloguer.</p>
<p>La primera part de la casa, que té un rebedor més gran, disposa de dues habitacions dobles, un saló-menjador lluminós, un bany complet i una cuina amb una petita zona de menjador i accés al pati. Hi ha la possibilitat de convertir una de les habitacions en un garatge.</p>
<p>S&#8217;accedeix des del pati al segon espai habitable, que disposa d&#8217;una habitació doble amb vestidor i bany complet. Un gran saló-menjador i una cuina independent. Aquesta part també inclou un traster i una zona de barbacoa.</p>
<p>A sobre hi ha una terrassa de 50m2, aquesta zona es podria transformar en un apartament independent.</p>
<p>La propietat està situada en una zona tranquil·la però ben comunicada del poble, a sobre del teatre, amb fàcil accés a supermercats, transport públic, escoles i altres serveis essencials.</p>
<h3><strong><span style="font-size: 12pt;"><a href="https://www.mallorcaguru.es/ca/poble/propietat-en-venda-lloseta-mallorca/" target="_blank" rel="noopener">Lloseta</a> Mallorca.</span></strong></h3>
<p>Situada als turons sobre la plana central de Mallorca. Lloseta és una petita comunitat que va ser el centre de les indústries mineres de carbó vegetal i carbó vegetal de Mallorca. En els darrers anys, el seu centre d&#8217;interès és el turisme, popular entre els ciclistes i els excursionistes de muntanya.</p>

<p>Casa a Lloseta en venda amb vistes Tres dormitoris, dos banys, pati, jardí, vistes al camp.</p>
