{"id":331888,"date":"2026-03-06T14:08:08","date_gmt":"2026-03-06T13:08:08","guid":{"rendered":"https:\/\/www.mallorcaguru.es\/property\/promocio-residencial-en-venda-a-binissalem\/"},"modified":"2026-03-06T14:31:17","modified_gmt":"2026-03-06T13:31:17","slug":"promocio-residencial-en-venda-a-binissalem","status":"publish","type":"property","link":"https:\/\/www.mallorcaguru.es\/ca\/propietat\/promocio-residencial-en-venda-a-binissalem\/","title":{"rendered":"Promoci\u00f3 residencial en venda a Binissalem"},"content":{"rendered":"<h2><span style=\"font-size: 12pt;\">Perm\u00eds d&#8217;obra residencial amb projecte aprovat en venda a Binissalem amb vuit apartaments, garatge i local comercial.<\/span><\/h2>\n<p>Situat a la vora del centre hist\u00f2ric del poble, i a pocs minuts a peu de tots els serveis del poble. Aquest grup de parcel\u00b7les amb perm\u00eds de parcel\u00b7laci\u00f3 atorgat t\u00e9 un avantprojecte aprovat per a un garatge soterrani de 807,98 m\u00b2 amb 21 places d&#8217;aparcament i 8 trasters.<br \/>\nUna planta baixa de 678,82 m\u00b2 per a \u00fas comercial.<br \/>\nUna primera planta de 675,82 m\u00b2, destinada a 4 apartaments i una segona planta de 674,82 m\u00b2 tamb\u00e9 destinada a 4 apartaments.<br \/>\nBinissalem es troba a uns 25 minuts amb cotxe o tren de Palma, amb un excel\u00b7lent acc\u00e9s a trav\u00e9s de l&#8217;autopista Ma-13 i la l\u00ednia de tren que connecta Palma amb Inca i Sa Pobla.<br \/>\nUn aut\u00e8ntic poble mallorqu\u00ed situat a la comarca del Raiguer, a mig cam\u00ed entre Palma i la Serra de Tramuntana. \u00c9s conegut com la capital del vi de Mallorca, seu de la prestigiosa Denominaci\u00f3 d&#8217;Origen (DO) Binissalem de l&#8217;illa. Amb la seva arquitectura de pedra daurada, carrers tranquils, cellers i un fort sentit de comunitat, Binissalem ofereix un estil de vida relaxat, ric en cultura i tradici\u00f3.<br \/>\nUna comunitat molt unida amb residents locals i nouvinguts internacionals. Botigues, escoles, restaurants, bars i tot el necessari per a la vida quotidiana. Un ambient rural sense estar a\u00efllat gr\u00e0cies a les excel\u00b7lents connexions de transport per tren i carretera. Molts esdeveniments culturals i tradicions durant tot l&#8217;any. Extenses rutes de senderisme i ciclisme a la zona rural propera i als peus de les muntanyes. Un equilibri entre la vida aut\u00e8ntica del poble i el potencial d&#8217;inversi\u00f3, ja que la demanda de tot tipus de propietats residencials \u00e9s alta i creix cada any.<br \/>\nAquesta \u00e9s una promoci\u00f3 que est\u00e0 llesta per a la construcci\u00f3 immediata, amb un perm\u00eds ja concedit, cosa que redueix els terminis i proporciona seguretat jur\u00eddica per a la inversi\u00f3. Una oportunitat d&#8217;inversi\u00f3 ideal per a promotors que busquen un termini curt des de la compra fins a la revenda. Per a m\u00e9s informaci\u00f3 t\u00e8cnica o documentaci\u00f3, poseu-vos en contacte amb nosaltres.<\/p>\n","protected":false},"excerpt":{"rendered":"<p>En venda a Binissalem, promoci\u00f3 residencial amb projecte aprovat de vuit apartaments, garatge i local comercial.<\/p>\n","protected":false},"author":1,"featured_media":331886,"parent":0,"menu_order":0,"template":"","property_type":[381,425],"property_status":[3530],"property_feature":[1174,1295,925,921,1136,1537,1005,1483,1473,1765,1073,903,2849,902,1371,1376,2201,922],"property_label":[3862],"property_country":[750],"property_state":[752,552],"property_city":[564],"property_area":[680],"class_list":["post-331888","property","type-property","status-publish","has-post-thumbnail","hentry","property_type-apartaments-en-venda-a-mallorca-espanya","property_type-terreny-en-venda-a-mallorca","property_status-a-la-venda-mallorca-espanya","property_feature-caracteristiques-de-la-immoble-venda-de-la-immoble-mallorca-la-ubicacio-es-apropa-de-botigues","property_feature-caracteristiques-de-la-immoble-venda-de-immobles-mallorca-ubicacio-propietat-de-centres-medicals","property_feature-caracteristiques-de-la-immoble-venda-de-la-immoble-mallorca-ubicacio-a-prop-de-restaurants","property_feature-caracteristiques-de-la-immoble-venda-de-immobles-mallorca-ubicacio-propietat-a-prop-de-tots-els-serveis","property_feature-caracteristiques-de-la-immoble-venda-de-immobles-mallorca-ubicacio-propietat-de-transport-public","property_feature-immobiliari-en-venda-mallorca-documents-immobles","property_feature-caracteristiques-de-la-immoble-venda-de-immobles-mallorca-ubicacio-de-la-immoble-interior-de-mallorca","property_feature-llicencia-dobres-basica","property_feature-caracteristiques-de-la-immoble-venda-de-immobles-mallorca-ubicacio-propietat-de-escoles","property_feature-propietat-caracteristiques-venda-propietat-mallorca-ubicacio-immoble","property_feature-caracteristiques-immobles-venda-immobles-mallorca-immobles-ubicacio-poble-tradicional","property_feature-immobiliari-en-venda-mallorca-utilitats-caracteristiques-de-la-immoble-aigua-disponible","property_feature-immobiliari-en-venda-mallorca-utilitats-caracteristiques-de-la-immoble-connexio-depuradora","property_feature-immobiliari-en-venda-mallorca-utilitats-caracteristiques-immobles-electricitat-disponible","property_feature-immobiliari-en-venda-mallorca-utilitats-serveis-publics","property_feature-immobles-en-venda-a-mallorca-amb-excellents-vistes","property_feature-immobiliari-a-mallorca-immobles-vistes-urbanes","property_feature-caracteristiques-de-immoble-venda-immoble-mallorca-ubicacio-immoble-urbana-barri-residencial","property_label-projectes-de-construccio-en-venda-mallorca","property_country-en-venda-mallorca-espanya-mallorca-property-guru","property_state-immobiliari-en-venda-a-mallorca","property_state-immobiliari-en-venda-a-mallorca-raiguer-central-mallorca","property_city-en-venda-binissalem-mallorca","property_area-denominacio-dorigen-vi-binissalem-mallorca"],"property_meta":{"rank_math_analytic_object_id":["1174"],"_wpsp_custom_templates":["a:7:{s:8:\"facebook\";a:3:{s:8:\"template\";s:0:\"\";s:8:\"profiles\";a:0:{}s:9:\"is_global\";b:0;}s:7:\"twitter\";a:3:{s:8:\"template\";s:0:\"\";s:8:\"profiles\";a:0:{}s:9:\"is_global\";b:0;}s:8:\"linkedin\";a:3:{s:8:\"template\";s:0:\"\";s:8:\"profiles\";a:0:{}s:9:\"is_global\";b:0;}s:9:\"pinterest\";a:3:{s:8:\"template\";s:0:\"\";s:8:\"profiles\";a:0:{}s:9:\"is_global\";b:0;}s:9:\"instagram\";a:3:{s:8:\"template\";s:0:\"\";s:8:\"profiles\";a:0:{}s:9:\"is_global\";b:0;}s:6:\"medium\";a:3:{s:8:\"template\";s:0:\"\";s:8:\"profiles\";a:0:{}s:9:\"is_global\";b:0;}s:7:\"threads\";a:3:{s:8:\"template\";s:0:\"\";s:8:\"profiles\";a:0:{}s:9:\"is_global\";b:0;}}"],"houzez_featured_listing_date":[""],"_top_nav_excluded":[""],"_cms_nav_minihome":[""],"_wp_page_template":["default"],"fave_property_price":["652000"],"fave_property_land":["678"],"fave_property_land_postfix":["m2"],"fave_property_id":["992"],"fave_property_map":["1"],"fave_property_map_address":["Carrer Joan Josep Amengual i Reus, Binissalem, Spain"],"fave_property_location":["39.6897546,2.8465893,15"],"houzez_geolocation_lat":["39.6897546"],"houzez_geolocation_long":["2.8465893"],"fave_property_map_street_view":["show"],"fave_property_address":["Carrer Joan Josep Amengual i Reus, Binissalem, Spain"],"fave_property_zip":["07350"],"fave_prop_homeslider":["no"],"rank_math_focus_keyword":["En venda a Binissalem"],"_thumbnail_id":["331886"],"_last_translation_edit_mode":["native-editor"],"_wpml_word_count":["377"],"houzez_total_property_views":["94"],"houzez_views_by_date":["a:45:{s:10:\"03-06-2026\";i:3;s:10:\"03-07-2026\";i:1;s:10:\"03-08-2026\";i:4;s:10:\"03-09-2026\";i:1;s:10:\"03-10-2026\";i:3;s:10:\"03-11-2026\";i:2;s:10:\"03-12-2026\";i:4;s:10:\"03-13-2026\";i:3;s:10:\"03-14-2026\";i:1;s:10:\"03-15-2026\";i:3;s:10:\"03-16-2026\";i:3;s:10:\"03-17-2026\";i:3;s:10:\"03-18-2026\";i:3;s:10:\"03-19-2026\";i:1;s:10:\"03-20-2026\";i:1;s:10:\"03-21-2026\";i:2;s:10:\"03-22-2026\";i:3;s:10:\"03-23-2026\";i:3;s:10:\"03-24-2026\";i:3;s:10:\"03-25-2026\";i:3;s:10:\"03-26-2026\";i:3;s:10:\"03-27-2026\";i:2;s:10:\"03-28-2026\";i:2;s:10:\"03-29-2026\";i:3;s:10:\"03-30-2026\";i:3;s:10:\"04-02-2026\";i:1;s:10:\"04-03-2026\";i:2;s:10:\"04-04-2026\";i:1;s:10:\"04-05-2026\";i:2;s:10:\"04-06-2026\";i:1;s:10:\"04-07-2026\";i:1;s:10:\"04-08-2026\";i:1;s:10:\"04-10-2026\";i:2;s:10:\"04-11-2026\";i:1;s:10:\"04-13-2026\";i:4;s:10:\"04-15-2026\";i:1;s:10:\"04-16-2026\";i:2;s:10:\"04-17-2026\";i:1;s:10:\"04-19-2026\";i:1;s:10:\"04-20-2026\";i:1;s:10:\"04-21-2026\";i:1;s:10:\"04-22-2026\";i:4;s:10:\"04-23-2026\";i:2;s:10:\"04-24-2026\";i:1;s:10:\"04-25-2026\";i:1;}"],"houzez_recently_viewed":["2026-04-25 05:10:29"],"_edit_lock":["1772803881:1"],"rank_math_seo_score":["52"],"_edit_last":["1"],"_wpscppro_advance_schedule":[""],"fave_show_price_placeholder":["0"],"fave_portal_1754226254":["1"],"fave_portal_1754598704":["1"],"has_images":["1"],"houzez_manual_expire":["0"],"_houzez_expiration_date_status":["saved"],"fave_featured":["0"],"fave_property_images":["331832","331831","331829","331830","331828","331833"],"fave_agent_display_option":["agent_info"],"fave_agents":["5167"],"fave_single_top_area":["global"],"fave_single_content_area":["global"],"_facebook_share_type":["default"],"_twitter_share_type":["default"],"_linkedin_share_type":["default"],"_pinterest_share_type":["default"],"_instagram_share_type":["default"],"_medium_share_type":["default"],"_threads_share_type":["default"],"_google_business_share_type":["default"],"_selected_social_profile":["a:0:{}"],"rank_math_internal_links_processed":["1"],"_elementor_page_assets":["a:0:{}"]},"_links":{"self":[{"href":"https:\/\/www.mallorcaguru.es\/ca\/wp-json\/wp\/v2\/properties\/331888","targetHints":{"allow":["GET"]}}],"collection":[{"href":"https:\/\/www.mallorcaguru.es\/ca\/wp-json\/wp\/v2\/properties"}],"about":[{"href":"https:\/\/www.mallorcaguru.es\/ca\/wp-json\/wp\/v2\/types\/property"}],"author":[{"embeddable":true,"href":"https:\/\/www.mallorcaguru.es\/ca\/wp-json\/wp\/v2\/users\/1"}],"version-history":[{"count":0,"href":"https:\/\/www.mallorcaguru.es\/ca\/wp-json\/wp\/v2\/properties\/331888\/revisions"}],"wp:featuredmedia":[{"embeddable":true,"href":"https:\/\/www.mallorcaguru.es\/ca\/wp-json\/wp\/v2\/media\/331886"}],"wp:attachment":[{"href":"https:\/\/www.mallorcaguru.es\/ca\/wp-json\/wp\/v2\/media?parent=331888"}],"wp:term":[{"taxonomy":"property_type","embeddable":true,"href":"https:\/\/www.mallorcaguru.es\/ca\/wp-json\/wp\/v2\/property_type?post=331888"},{"taxonomy":"property_status","embeddable":true,"href":"https:\/\/www.mallorcaguru.es\/ca\/wp-json\/wp\/v2\/property_status?post=331888"},{"taxonomy":"property_feature","embeddable":true,"href":"https:\/\/www.mallorcaguru.es\/ca\/wp-json\/wp\/v2\/property_feature?post=331888"},{"taxonomy":"property_label","embeddable":true,"href":"https:\/\/www.mallorcaguru.es\/ca\/wp-json\/wp\/v2\/property_label?post=331888"},{"taxonomy":"property_country","embeddable":true,"href":"https:\/\/www.mallorcaguru.es\/ca\/wp-json\/wp\/v2\/property_country?post=331888"},{"taxonomy":"property_state","embeddable":true,"href":"https:\/\/www.mallorcaguru.es\/ca\/wp-json\/wp\/v2\/property_state?post=331888"},{"taxonomy":"property_city","embeddable":true,"href":"https:\/\/www.mallorcaguru.es\/ca\/wp-json\/wp\/v2\/property_city?post=331888"},{"taxonomy":"property_area","embeddable":true,"href":"https:\/\/www.mallorcaguru.es\/ca\/wp-json\/wp\/v2\/property_area?post=331888"}],"curies":[{"name":"wp","href":"https:\/\/api.w.org\/{rel}","templated":true}]}}

Promoció residencial en venda a Binissalem

<h2><span style="font-size: 12pt;">Permís d&#8217;obra residencial amb projecte aprovat en venda a Binissalem amb vuit apartaments, garatge i local comercial.</span></h2>
<p>Situat a la vora del centre històric del poble, i a pocs minuts a peu de tots els serveis del poble. Aquest grup de parcel·les amb permís de parcel·lació atorgat té un avantprojecte aprovat per a un garatge soterrani de 807,98 m² amb 21 places d&#8217;aparcament i 8 trasters.<br />
Una planta baixa de 678,82 m² per a ús comercial.<br />
Una primera planta de 675,82 m², destinada a 4 apartaments i una segona planta de 674,82 m² també destinada a 4 apartaments.<br />
Binissalem es troba a uns 25 minuts amb cotxe o tren de Palma, amb un excel·lent accés a través de l&#8217;autopista Ma-13 i la línia de tren que connecta Palma amb Inca i Sa Pobla.<br />
Un autèntic poble mallorquí situat a la comarca del Raiguer, a mig camí entre Palma i la Serra de Tramuntana. És conegut com la capital del vi de Mallorca, seu de la prestigiosa Denominació d&#8217;Origen (DO) Binissalem de l&#8217;illa. Amb la seva arquitectura de pedra daurada, carrers tranquils, cellers i un fort sentit de comunitat, Binissalem ofereix un estil de vida relaxat, ric en cultura i tradició.<br />
Una comunitat molt unida amb residents locals i nouvinguts internacionals. Botigues, escoles, restaurants, bars i tot el necessari per a la vida quotidiana. Un ambient rural sense estar aïllat gràcies a les excel·lents connexions de transport per tren i carretera. Molts esdeveniments culturals i tradicions durant tot l&#8217;any. Extenses rutes de senderisme i ciclisme a la zona rural propera i als peus de les muntanyes. Un equilibri entre la vida autèntica del poble i el potencial d&#8217;inversió, ja que la demanda de tot tipus de propietats residencials és alta i creix cada any.<br />
Aquesta és una promoció que està llesta per a la construcció immediata, amb un permís ja concedit, cosa que redueix els terminis i proporciona seguretat jurídica per a la inversió. Una oportunitat d&#8217;inversió ideal per a promotors que busquen un termini curt des de la compra fins a la revenda. Per a més informació tècnica o documentació, poseu-vos en contacte amb nosaltres.</p>

<p>En venda a Binissalem, promoció residencial amb projecte aprovat de vuit apartaments, garatge i local comercial.</p>
