{"id":335969,"date":"2026-03-17T18:39:11","date_gmt":"2026-03-17T17:39:11","guid":{"rendered":"https:\/\/www.mallorcaguru.es\/property\/villa-amb-llicencia-de-lloguer-vacacional-en-venda-a-mallorca\/"},"modified":"2026-03-26T13:46:13","modified_gmt":"2026-03-26T12:46:13","slug":"villa-amb-llicencia-de-lloguer-vacacional-en-venda-a-mallorca","status":"publish","type":"property","link":"https:\/\/www.mallorcaguru.es\/ca\/propietat\/villa-amb-llicencia-de-lloguer-vacacional-en-venda-a-mallorca\/","title":{"rendered":"Villa amb llic\u00e8ncia de lloguer vacacional en venda a Mallorca"},"content":{"rendered":"<h2><span style=\"font-size: 12pt;\">Preci\u00f3s villa amb llic\u00e8ncia de lloguer vacacional en venda amb piscina i vistes encantadores.<\/span><\/h2>\n<p>Espectacular xalet envoltat de natura, piscina de disseny i acurada integraci\u00f3 amb l&#8217;entorn natural.<\/p>\n<p>Situat a la zona del Puig de Santa Magdalena, la propietat, completament reformada el 2011, combina l&#8217;encant r\u00fastic amb el confort modern i es distribueix en dues plantes:<\/p>\n<h3><span style=\"font-size: 12pt;\">Planta baixa:<\/span><\/h3>\n<p>&#8211; Ampli sal\u00f3-menjador amb llar de foc, bigues a la vista i acc\u00e9s directe a la terrassa<br \/>\n&#8211; Cuina americana i lluminosa integrada al sal\u00f3-menjador i equipada amb rebost i safareig<br \/>\n&#8211; 2 habitacions dobles, una amb vestidor<br \/>\n&#8211; 1 bany en suite<\/p>\n<h4>Planta superior:<\/h4>\n<p>&#8211; 1 gran habitaci\u00f3 principal<br \/>\n&#8211; 2 vestidors<br \/>\n&#8211; 1 bany complet<\/p>\n<p>A l&#8217;exterior, la propietat ofereix una gran terrassa coberta, una zona de relaxaci\u00f3 i un garatge independent amb traster. La piscina en forma de mirall, folrada amb pedra natural, es fon perfectament amb el paisatge i afegeix un toc elegant i exclusiu. La propietat t\u00e9 pou propi i es troba a nom\u00e9s 1 km de la sortida de l&#8217;autopista, cosa que permet un f\u00e0cil acc\u00e9s sense sacrificar la tranquil\u00b7litat de l&#8217;entorn.<\/p>\n<p>Una oportunitat \u00fanica per gaudir de la vida envoltada de natura, amb totes les comoditats i el potencial de generar un retorn de la inversi\u00f3 gr\u00e0cies a la seva llic\u00e8ncia de lloguer vacacional.<\/p>\n","protected":false},"excerpt":{"rendered":"<p>Villa amb llic\u00e8ncia de lloguer vacacional en venda a Mallorca, piscina i vistes encantadores.<\/p>\n","protected":false},"author":1,"featured_media":335968,"parent":0,"menu_order":0,"template":"","property_type":[417],"property_status":[3530],"property_feature":[791,787,1146,477,481,1593,784,1770,790,789,2075,786,1537,1137,998,1374,1361,1005,1141,1372,810,801,2327,2927,1375,2115,796,1765,783,1371,807,751,806,1376,1413],"property_label":[3836],"property_country":[750],"property_state":[752,552],"property_city":[651],"property_area":[],"class_list":["post-335969","property","type-property","status-publish","has-post-thumbnail","hentry","property_type-finca-en-venda-a-mallorca","property_status-a-la-venda-mallorca-espanya","property_feature-immobiliari-en-venda-mallorca-utilitats-caracteristiques-de-la-immoble-aigua-de-pou","property_feature-immobiliari-en-venda-mallorca-immoble-calefaccio-i-refrigeracio-aire-condicionat","property_feature-propietat-venda-mallorca-caracteristiques-immobles-aparcament-tot-terra","property_feature-immobiliari-en-venda-mallorca-caracteristiques-immobles-bany","property_feature-propietat-caracteristiques-immobles-en-venda-mallorca-bany-en-suite","property_feature-caracteristiques-de-immobles-en-venda-mallorca-calefaccio-i-refrigeracio","property_feature-caracteristiques-de-immobles-venda-de-immobles-mallorca-ubicacio-de-immobles-camp","property_feature-immobiliari-en-venda-mallorca-caracteristiques-de-la-immoble-caracteristiques-interiors","property_feature-immobiliari-en-venda-mallorca-utilitats-serveis-publics-connexio-daigua","property_feature-inmobiliaria-en-venta-mallorca-servicios-publicos-conexion-electrica","property_feature-immobiliari-en-venda-a-mallorca-amb-cuina","property_feature-immobiliari-en-venda-a-mallorca-amb-cuina-totalment-moblada","property_feature-immobiliari-en-venda-mallorca-documents-immobles","property_feature-caracteristiques-venda-immoble-mallorca-estat-de-la-immoble","property_feature-venda-immobles-mallorca-caracteristiques-de-immoble-estat-impecable","property_feature-immobiliari-en-venda-a-mallorca-amb-garatge-o-aparcament","property_feature-propietat-venda-mallorca-caracteristiques-immobles-garatge-privat","property_feature-caracteristiques-de-la-immoble-venda-de-immobles-mallorca-ubicacio-de-la-immoble-interior-de-mallorca","property_feature-immobiliari-en-venda-mallorca-caracteristiques-de-la-immoble-caracteristiques-interiors-interior-tradicional","property_feature-caracteristiques-immobles-venda-immobles-mallorca-immobles-jardi","property_feature-immobiliari-en-venda-mallorca-documents-de-propietat-llicencia-etv","property_feature-propietat-venda-mallorca-caracteristiques-de-la-immoble-pas-de-vehicles","property_feature-immobiliari-en-venda-mallorca-caracteristiques-immobles-caracteristiques-interiors-paviment","property_feature-immobiliari-en-venda-mallorca-caracteristiques-immobles-pavimento-gres-porcelanic","property_feature-immobiliari-en-venda-a-mallorca-amb-piscina","property_feature-immobiliari-en-venda-a-mallorca-amb-piscina-de-cholrina","property_feature-caracteristiques-de-immoble-venda-immoble-mallorca-immoble-jardi-terrassa-coberta","property_feature-propietat-caracteristiques-venda-propietat-mallorca-ubicacio-immoble","property_feature-caracteristiques-de-la-immoble-venda-de-immobles-mallorca-ubicacio-de-la-immoble-ubicacio-tranquila","property_feature-immobiliari-en-venda-mallorca-utilitats-serveis-publics","property_feature-immobiliari-a-mallorca-immobles-vistes-muntanya","property_feature-immobiliari-a-mallorca-immobles-vistes-camp","property_feature-immobiliari-a-mallorca-immobles-vistes-jardin-piscina","property_feature-immobles-en-venda-a-mallorca-amb-excellents-vistes","property_feature-immobiliari-en-venda-mallorca-immoble-calefaccio-i-refrigeracio-xemeneia-o-llar-de-foc","property_label-propietats-amb-llicencia-etv-en-venda-a-mallorca","property_country-en-venda-mallorca-espanya-mallorca-property-guru","property_state-immobiliari-en-venda-a-mallorca","property_state-immobiliari-en-venda-a-mallorca-raiguer-central-mallorca","property_city-propietat-en-venda-inca-mallorca"],"property_meta":{"houzez_featured_listing_date":[""],"_top_nav_excluded":[""],"_cms_nav_minihome":[""],"_wp_page_template":["default"],"fave_property_price":["1270000"],"fave_property_size":["397"],"fave_property_size_prefix":["m2"],"fave_property_land":["5392"],"fave_property_land_postfix":["m2"],"fave_property_bedrooms":["3"],"fave_property_bathrooms":["3"],"fave_property_garage":["1"],"fave_property_garage_size":["30m2"],"fave_property_year":["2006"],"fave_property_id":["895"],"fave_property_map":["1"],"fave_property_map_address":["Cam\u00ed del Claperas, 07300 Inca, Illes Balears, Spain"],"fave_property_location":["39.7259839,2.9455811,15"],"houzez_geolocation_lat":["39.7259839"],"houzez_geolocation_long":["2.9455811"],"fave_property_map_street_view":["hide"],"fave_property_address":["Cam\u00ed del Claperas, 07300 Inca, Illes Balears, Spain"],"fave_property_zip":["07300"],"fave_prop_homeslider":["no"],"rank_math_focus_keyword":["Villa amb llic\u00e8ncia de lloguer vacacional"],"_thumbnail_id":["335968"],"_last_translation_edit_mode":["native-editor"],"_wpml_word_count":["244"],"houzez_total_property_views":["88"],"houzez_views_by_date":["a:40:{s:10:\"03-17-2026\";i:10;s:10:\"03-18-2026\";i:1;s:10:\"03-19-2026\";i:3;s:10:\"03-20-2026\";i:3;s:10:\"03-21-2026\";i:2;s:10:\"03-22-2026\";i:2;s:10:\"03-23-2026\";i:2;s:10:\"03-25-2026\";i:3;s:10:\"03-26-2026\";i:3;s:10:\"03-27-2026\";i:1;s:10:\"03-28-2026\";i:3;s:10:\"03-29-2026\";i:5;s:10:\"03-30-2026\";i:2;s:10:\"03-31-2026\";i:4;s:10:\"04-02-2026\";i:1;s:10:\"04-03-2026\";i:1;s:10:\"04-04-2026\";i:1;s:10:\"04-05-2026\";i:2;s:10:\"04-06-2026\";i:2;s:10:\"04-08-2026\";i:2;s:10:\"04-09-2026\";i:2;s:10:\"04-11-2026\";i:1;s:10:\"04-13-2026\";i:3;s:10:\"04-14-2026\";i:1;s:10:\"04-16-2026\";i:1;s:10:\"04-17-2026\";i:2;s:10:\"04-18-2026\";i:2;s:10:\"04-19-2026\";i:1;s:10:\"04-20-2026\";i:3;s:10:\"04-21-2026\";i:1;s:10:\"04-22-2026\";i:2;s:10:\"04-23-2026\";i:1;s:10:\"04-24-2026\";i:1;s:10:\"04-25-2026\";i:1;s:10:\"04-26-2026\";i:2;s:10:\"04-27-2026\";i:1;s:10:\"04-28-2026\";i:3;s:10:\"04-30-2026\";i:3;s:10:\"05-01-2026\";i:3;s:10:\"05-02-2026\";i:1;}"],"houzez_recently_viewed":["2026-05-02 05:16:05"],"_edit_lock":["1774529179:1"],"rank_math_seo_score":["58"],"_edit_last":["1"],"fave_show_price_placeholder":["0"],"fave_portal_1754226254":["0"],"fave_portal_1754598704":["0"],"has_images":["1"],"houzez_manual_expire":["0"],"_houzez_expiration_date_status":["saved"],"fave_etv-nc2ba-places":["6"],"fave_etv-type":["ETV360"],"fave_featured":["0"],"fave_property_images":["327399","327403","327405","327404","327402","327401","327400","327398","327391","327384","327395","327366","327368","327365","327367","327369","327370","327393","327371","327379","327375","327397","327396","327394","327392","327390","327389","327388","327383","327381","327378","327376","327377","327374","327373","327372","327382","327380","327387","327385"],"fave_agent_display_option":["agent_info"],"fave_agents":["5167"],"fave_single_top_area":["global"],"fave_single_content_area":["global"],"rank_math_internal_links_processed":["1"],"rank_math_analytic_object_id":["108"],"_elementor_page_assets":["a:0:{}"]},"_links":{"self":[{"href":"https:\/\/www.mallorcaguru.es\/ca\/wp-json\/wp\/v2\/properties\/335969","targetHints":{"allow":["GET"]}}],"collection":[{"href":"https:\/\/www.mallorcaguru.es\/ca\/wp-json\/wp\/v2\/properties"}],"about":[{"href":"https:\/\/www.mallorcaguru.es\/ca\/wp-json\/wp\/v2\/types\/property"}],"author":[{"embeddable":true,"href":"https:\/\/www.mallorcaguru.es\/ca\/wp-json\/wp\/v2\/users\/1"}],"version-history":[{"count":0,"href":"https:\/\/www.mallorcaguru.es\/ca\/wp-json\/wp\/v2\/properties\/335969\/revisions"}],"wp:featuredmedia":[{"embeddable":true,"href":"https:\/\/www.mallorcaguru.es\/ca\/wp-json\/wp\/v2\/media\/335968"}],"wp:attachment":[{"href":"https:\/\/www.mallorcaguru.es\/ca\/wp-json\/wp\/v2\/media?parent=335969"}],"wp:term":[{"taxonomy":"property_type","embeddable":true,"href":"https:\/\/www.mallorcaguru.es\/ca\/wp-json\/wp\/v2\/property_type?post=335969"},{"taxonomy":"property_status","embeddable":true,"href":"https:\/\/www.mallorcaguru.es\/ca\/wp-json\/wp\/v2\/property_status?post=335969"},{"taxonomy":"property_feature","embeddable":true,"href":"https:\/\/www.mallorcaguru.es\/ca\/wp-json\/wp\/v2\/property_feature?post=335969"},{"taxonomy":"property_label","embeddable":true,"href":"https:\/\/www.mallorcaguru.es\/ca\/wp-json\/wp\/v2\/property_label?post=335969"},{"taxonomy":"property_country","embeddable":true,"href":"https:\/\/www.mallorcaguru.es\/ca\/wp-json\/wp\/v2\/property_country?post=335969"},{"taxonomy":"property_state","embeddable":true,"href":"https:\/\/www.mallorcaguru.es\/ca\/wp-json\/wp\/v2\/property_state?post=335969"},{"taxonomy":"property_city","embeddable":true,"href":"https:\/\/www.mallorcaguru.es\/ca\/wp-json\/wp\/v2\/property_city?post=335969"},{"taxonomy":"property_area","embeddable":true,"href":"https:\/\/www.mallorcaguru.es\/ca\/wp-json\/wp\/v2\/property_area?post=335969"}],"curies":[{"name":"wp","href":"https:\/\/api.w.org\/{rel}","templated":true}]}}

Villa amb llicència de lloguer vacacional en venda a Mallorca

<h2><span style="font-size: 12pt;">Preciós villa amb llicència de lloguer vacacional en venda amb piscina i vistes encantadores.</span></h2>
<p>Espectacular xalet envoltat de natura, piscina de disseny i acurada integració amb l&#8217;entorn natural.</p>
<p>Situat a la zona del Puig de Santa Magdalena, la propietat, completament reformada el 2011, combina l&#8217;encant rústic amb el confort modern i es distribueix en dues plantes:</p>
<h3><span style="font-size: 12pt;">Planta baixa:</span></h3>
<p>&#8211; Ampli saló-menjador amb llar de foc, bigues a la vista i accés directe a la terrassa<br />
&#8211; Cuina americana i lluminosa integrada al saló-menjador i equipada amb rebost i safareig<br />
&#8211; 2 habitacions dobles, una amb vestidor<br />
&#8211; 1 bany en suite</p>
<h4>Planta superior:</h4>
<p>&#8211; 1 gran habitació principal<br />
&#8211; 2 vestidors<br />
&#8211; 1 bany complet</p>
<p>A l&#8217;exterior, la propietat ofereix una gran terrassa coberta, una zona de relaxació i un garatge independent amb traster. La piscina en forma de mirall, folrada amb pedra natural, es fon perfectament amb el paisatge i afegeix un toc elegant i exclusiu. La propietat té pou propi i es troba a només 1 km de la sortida de l&#8217;autopista, cosa que permet un fàcil accés sense sacrificar la tranquil·litat de l&#8217;entorn.</p>
<p>Una oportunitat única per gaudir de la vida envoltada de natura, amb totes les comoditats i el potencial de generar un retorn de la inversió gràcies a la seva llicència de lloguer vacacional.</p>

<p>Villa amb llicència de lloguer vacacional en venda a Mallorca, piscina i vistes encantadores.</p>

Camí del Claperas, 07300 Inca, Illes Balears, Spain

Villa amb llicència de lloguer vacacional
