{"id":350643,"date":"2026-04-29T17:15:11","date_gmt":"2026-04-29T15:15:11","guid":{"rendered":"https:\/\/www.mallorcaguru.es\/property\/vil%c2%b7la-en-venda-a-alcudia-amb-llicencia-turistica-etv\/"},"modified":"2026-04-29T17:23:11","modified_gmt":"2026-04-29T15:23:11","slug":"vil%c2%b7la-en-venda-a-alcudia-amb-llicencia-turistica-etv","status":"publish","type":"property","link":"https:\/\/www.mallorcaguru.es\/ca\/propietat\/vil%c2%b7la-en-venda-a-alcudia-amb-llicencia-turistica-etv\/","title":{"rendered":"Vil\u00b7la en venda a Alc\u00fadia amb llic\u00e8ncia tur\u00edstica ETV"},"content":{"rendered":"<h2><span style=\"font-size: 12pt;\">Descobriu aquesta magn\u00edfica vil\u00b7la en venda a Alc\u00fadia, Mallorca.<\/span><\/h2>\n<p>Ideal tant com a inversi\u00f3 com per gaudir de l&#8217;aut\u00e8ntica vida mediterr\u00e0nia.<\/p>\n<p>La propietat combina l&#8217;encant r\u00fastic mallorqu\u00ed amb amplis espais exteriors i totes les comoditats necess\u00e0ries, incloent-hi una llic\u00e8ncia tur\u00edstica, cosa que la converteix en una oportunitat \u00fanica d&#8217;alta rendibilitat.<\/p>\n<p><strong>CARACTER\u00cdSTIQUES PRINCIPALS:<\/strong> Gran vil\u00b7la independent de dues plantes; amb cinc dormitoris dobles lluminosos i confortables; tres banys complets; Ampli sal\u00f3 amb bigues vistes i llar de foc; Cuina equipada amb barra americana; Diverses sales multifuncionals addicionals.<\/p>\n<p><strong>EXTERIOR I ZONES D&#8217;OCI:<\/strong> Gran jard\u00ed privat amb paisatge consolidat;<br \/>\nEspectacular piscina envoltada d&#8217;una zona chill-out;<br \/>\nPista de tennis privada;<br \/>\nZona de barbacoa independent ideal per a esdeveniments, amb lavabo;<br \/>\nPorxo i terrasses amb vistes clares a la natura;<br \/>\nAmplis espais exteriors per gaudir tot l&#8217;any.<\/p>\n<p><strong>EXTRES QUE MARQUEN LA DIFER\u00c8NCIA:<\/strong> Estables per a cavalls, perfectes per als amants de l&#8217;equitaci\u00f3.<br \/>\nGaratge i m\u00faltiples zones d&#8217;emmagatzematge,<br \/>\nEntorn tranquil i privat amb f\u00e0cil acc\u00e9s.<\/p>\n<p><strong>INVERSI\u00d3 SEGURA:<\/strong> La propietat disposa de llic\u00e8ncia tur\u00edstica ETV amb vuit places, cosa que permet el seu \u00fas com a lloguer vacacional d&#8217;alta demanda al nord de Mallorca.<\/p>\n<p>Una propietat \u00fanica que combina natura, privacitat i rendibilitat en una de les ubicacions m\u00e9s sol\u00b7licitades de l&#8217;illa.<\/p>\n<h3><span style=\"font-size: 12pt;\">No deixeu escapar aquesta oportunitat. Contacteu amb nosaltres per a m\u00e9s informaci\u00f3 o per concertar una visita a aquesta vil\u00b7la en venda a Alc\u00fadia, Mallorca. <\/span><\/h3>\n<p>Alc\u00fadia i les seves platges mediterr\u00e0nies a la costa nord-est de Mallorca, Platja d\u2019Alc\u00fadia i Platja de Muro, han estat un centre tur\u00edstic des dels anys 20. La ciutat emmurallada d&#8217;Alc\u00fadia, del segle XIV, ha estat reformada i conservada i \u00e9s una de les poblacions m\u00e9s visitades de Mallorca. Les propietats al municipi varien des d&#8217;apartaments costaners fins a finques, vil\u00b7les i cases de camp a les valls que condueixen al mar entre el punt m\u00e9s alt del Puig de Sant Mart\u00ed i la costa escarpada de l&#8217;istme que forma el port d&#8217;Alc\u00fadia, el punt final del qual, el Mirador Penya del Migdia, ofereix vistes a la Badia d&#8217;Alc\u00fadia i la Badia de Pollen\u00e7a.<\/p>\n","protected":false},"excerpt":{"rendered":"<p>Vil\u00b7la en venda a Alc\u00fadia amb llic\u00e8ncia tur\u00edstica ETV Vuit places Cinc dormitoris Jard\u00ed Piscina <\/p>\n","protected":false},"author":1,"featured_media":350642,"parent":0,"menu_order":0,"template":"","property_type":[3807],"property_status":[3530],"property_feature":[1338,791,787,1109,800,803,477,481,805,918,1679,1593,784,1770,1135,789,2075,1145,786,1537,2206,1085,1137,1374,1009,1141,1372,795,514,810,801,2327,2927,1375,2115,1011,2138,2096,792,2101,2337,1347,1765,783,1371,807,751,806,1376,924],"property_label":[3836,3928],"property_country":[750],"property_state":[752,552],"property_city":[553],"property_area":[],"class_list":["post-350643","property","type-property","status-publish","has-post-thumbnail","hentry","property_type-xalet-en-venda-a-mallorca-espanya","property_status-a-la-venda-mallorca-espanya","property_feature-caracteristiques-de-la-immoble-venda-de-immobles-mallorca-ubicacio-de-la-immoble-es-propia-del-mar","property_feature-immobiliari-en-venda-mallorca-utilitats-caracteristiques-de-la-immoble-aigua-de-pou","property_feature-immobiliari-en-venda-mallorca-immoble-calefaccio-i-refrigeracio-aire-condicionat","property_feature-immobiliari-en-venda-mallorca-utilitats-immobles-caracteristiques-aljibe-aigua-pluja","property_feature-caracteristiques-de-la-immoble-venda-de-immobles-mallorca-immoble-jardi-arbres-madurs","property_feature-immobiliari-en-venda-mallorca-caracteristiques-immobles-armaris-encastats","property_feature-immobiliari-en-venda-mallorca-caracteristiques-immobles-bany","property_feature-propietat-caracteristiques-immobles-en-venda-mallorca-bany-en-suite","property_feature-caracteristiques-de-la-immoble-venda-de-immobles-mallorca-ubicacio-de-la-immoble-bon-acces-carretera","property_feature-venda-immobles-mallorca-caracteristiques-de-immoble-estat-bon-estat","property_feature-immobiliari-en-venda-a-mallorca-amb-bugaderia","property_feature-caracteristiques-de-immobles-en-venda-mallorca-calefaccio-i-refrigeracio","property_feature-caracteristiques-de-immobles-venda-de-immobles-mallorca-ubicacio-de-immobles-camp","property_feature-immobiliari-en-venda-mallorca-caracteristiques-de-la-immoble-caracteristiques-interiors","property_feature-immobiliari-en-venda-a-mallorca-propietat-caracteristiques-extra-especials","property_feature-inmobiliaria-en-venta-mallorca-servicios-publicos-conexion-electrica","property_feature-immobiliari-en-venda-a-mallorca-amb-cuina","property_feature-immobiliari-en-venda-a-mallorca-amb-cuina-exterior-jardi","property_feature-immobiliari-en-venda-a-mallorca-amb-cuina-totalment-moblada","property_feature-immobiliari-en-venda-mallorca-documents-immobles","property_feature-immobiliari-en-venda-mallorca-caracteristiques-immobles-dormitori","property_feature-immobiliari-en-venda-a-mallorca-amb-estables","property_feature-caracteristiques-venda-immoble-mallorca-estat-de-la-immoble","property_feature-immobiliari-en-venda-a-mallorca-amb-garatge-o-aparcament","property_feature-caracteristiques-de-immoble-venda-immoble-mallorca-jardi-immoble-jardi-gran","property_feature-immobiliari-en-venda-mallorca-caracteristiques-de-la-immoble-caracteristiques-interiors-interior-tradicional","property_feature-caracteristiques-immobles-venda-immobles-mallorca-immobles-jardi","property_feature-caracteristiques-immobles-venda-immobles-mallorca-immobles-jardi-jardin-enjardinat","property_feature-immobiliari-en-venda-mallorca-caracteristiques-immobles-lavabo-de-convidats","property_feature-immobiliari-en-venda-mallorca-documents-de-propietat-llicencia-etv","property_feature-propietat-venda-mallorca-caracteristiques-de-la-immoble-pas-de-vehicles","property_feature-immobiliari-en-venda-mallorca-caracteristiques-immobles-caracteristiques-interiors-paviment","property_feature-immobiliari-en-venda-mallorca-caracteristiques-immobles-pavimento-gres-porcelanic","property_feature-immobiliari-en-venda-a-mallorca-amb-piscina","property_feature-immobiliari-en-venda-a-mallorca-amb-piscina-de-cholrina","property_feature-caracteristiques-immobles-venda-immobles-mallorca-immobles-jardi-porxo","property_feature-immobiliari-en-venda-a-mallorca-amb-rebost","property_feature-immobiliari-en-venda-a-mallorca-amb-sistema-de-seguretat","property_feature-caracteristiques-de-la-immoble-venda-de-immobles-mallorca-immoble-jardi-reg-automatic","property_feature-immobiliari-en-venda-mallorca-caracteristiques-de-la-immoble-tancada-de-seguretat","property_feature-immobiliari-en-venda-mallorca-caracteristiques-immobles-caracteristiques-interiors-terra-terracota","property_feature-caracteristiques-de-immoble-venda-immoble-mallorca-immoble-jardi-terrassa","property_feature-propietat-caracteristiques-venda-propietat-mallorca-ubicacio-immoble","property_feature-caracteristiques-de-la-immoble-venda-de-immobles-mallorca-ubicacio-de-la-immoble-ubicacio-tranquila","property_feature-immobiliari-en-venda-mallorca-utilitats-serveis-publics","property_feature-immobiliari-a-mallorca-immobles-vistes-muntanya","property_feature-immobiliari-a-mallorca-immobles-vistes-camp","property_feature-immobiliari-a-mallorca-immobles-vistes-jardin-piscina","property_feature-immobles-en-venda-a-mallorca-amb-excellents-vistes","property_feature-caracteristiques-de-la-immoble-venda-de-immobles-mallorca-ubicacio-de-la-immoble-es-zona-costa","property_label-propietats-amb-llicencia-etv-en-venda-a-mallorca","property_label-propietats-amb-vistes-al-mar-en-venda","property_country-en-venda-mallorca-espanya-mallorca-property-guru","property_state-immobiliari-en-venda-a-mallorca","property_state-immobiliari-en-venda-a-mallorca-raiguer-central-mallorca","property_city-immobles-en-venda-alcudia-mallorca"],"property_meta":{"has_images":["1"],"rank_math_internal_links_processed":["1"],"_last_translation_edit_mode":["native-editor"],"houzez_featured_listing_date":["2026-04-29 17:23:12"],"_top_nav_excluded":[""],"_cms_nav_minihome":[""],"_wp_page_template":["default"],"fave_property_price":["1650000"],"fave_property_size":["477"],"fave_property_size_prefix":["m2"],"fave_property_land":["6420"],"fave_property_land_postfix":["m2"],"fave_property_bedrooms":["5"],"fave_property_bathrooms":["5"],"fave_property_garage":["1"],"fave_property_garage_size":["31m2"],"fave_property_year":["2005"],"fave_property_id":["A8100"],"fave_property_map":["1"],"fave_property_map_address":["Cam\u00ed de Biniatria, 07400 Alc\u00fadia, Illes Balears, Spain"],"fave_property_location":["39.827496,3.0724183,15"],"houzez_geolocation_lat":["39.827496"],"houzez_geolocation_long":["3.0724183"],"fave_property_map_street_view":["hide"],"fave_property_address":["Cam\u00ed de Biniatria, 07400 Alc\u00fadia, Illes Balears"],"fave_property_zip":["07400"],"fave_prop_homeslider":["no"],"fave_private_note":["A8 Inca ref.: 01723"],"rank_math_focus_keyword":["Vil\u00b7la en venda a Alc\u00fadia"],"_thumbnail_id":["350642"],"_wpml_word_count":["410"],"_edit_lock":["1777476057:1"],"rank_math_seo_score":["58"],"_edit_last":["1"],"fave_show_price_placeholder":["0"],"fave_portal_1754226254":["1"],"fave_portal_1754598704":["1"],"houzez_manual_expire":["0"],"_houzez_expiration_date_status":["saved"],"fave_featured":["1"],"fave_property_images":["350617","350616","350620","350592","350625","350637","350622","350623","350611","350621","350598","350597","350596","350595","350605","350606","350607","350614","350609","350612","350608","350613","350604","350615","350603","350610","350624","350602","350601","350600","350599","350591","350594","350593","350627","350626","350636","350635","350618","350619","350590","350634","350633","350632","350631","350630","350629","350628"],"fave_agent_display_option":["agent_info"],"fave_agents":["5167"],"fave_single_top_area":["global"],"fave_single_content_area":["global"],"rank_math_analytic_object_id":["1277"],"houzez_total_property_views":["5"],"houzez_views_by_date":["a:1:{s:10:\"04-29-2026\";i:5;}"],"houzez_recently_viewed":["2026-04-29 20:53:15"],"_elementor_page_assets":["a:0:{}"]},"_links":{"self":[{"href":"https:\/\/www.mallorcaguru.es\/ca\/wp-json\/wp\/v2\/properties\/350643","targetHints":{"allow":["GET"]}}],"collection":[{"href":"https:\/\/www.mallorcaguru.es\/ca\/wp-json\/wp\/v2\/properties"}],"about":[{"href":"https:\/\/www.mallorcaguru.es\/ca\/wp-json\/wp\/v2\/types\/property"}],"author":[{"embeddable":true,"href":"https:\/\/www.mallorcaguru.es\/ca\/wp-json\/wp\/v2\/users\/1"}],"version-history":[{"count":0,"href":"https:\/\/www.mallorcaguru.es\/ca\/wp-json\/wp\/v2\/properties\/350643\/revisions"}],"wp:featuredmedia":[{"embeddable":true,"href":"https:\/\/www.mallorcaguru.es\/ca\/wp-json\/wp\/v2\/media\/350642"}],"wp:attachment":[{"href":"https:\/\/www.mallorcaguru.es\/ca\/wp-json\/wp\/v2\/media?parent=350643"}],"wp:term":[{"taxonomy":"property_type","embeddable":true,"href":"https:\/\/www.mallorcaguru.es\/ca\/wp-json\/wp\/v2\/property_type?post=350643"},{"taxonomy":"property_status","embeddable":true,"href":"https:\/\/www.mallorcaguru.es\/ca\/wp-json\/wp\/v2\/property_status?post=350643"},{"taxonomy":"property_feature","embeddable":true,"href":"https:\/\/www.mallorcaguru.es\/ca\/wp-json\/wp\/v2\/property_feature?post=350643"},{"taxonomy":"property_label","embeddable":true,"href":"https:\/\/www.mallorcaguru.es\/ca\/wp-json\/wp\/v2\/property_label?post=350643"},{"taxonomy":"property_country","embeddable":true,"href":"https:\/\/www.mallorcaguru.es\/ca\/wp-json\/wp\/v2\/property_country?post=350643"},{"taxonomy":"property_state","embeddable":true,"href":"https:\/\/www.mallorcaguru.es\/ca\/wp-json\/wp\/v2\/property_state?post=350643"},{"taxonomy":"property_city","embeddable":true,"href":"https:\/\/www.mallorcaguru.es\/ca\/wp-json\/wp\/v2\/property_city?post=350643"},{"taxonomy":"property_area","embeddable":true,"href":"https:\/\/www.mallorcaguru.es\/ca\/wp-json\/wp\/v2\/property_area?post=350643"}],"curies":[{"name":"wp","href":"https:\/\/api.w.org\/{rel}","templated":true}]}}

Vil·la en venda a Alcúdia amb llicència turística ETV

<h2><span style="font-size: 12pt;">Descobriu aquesta magnífica vil·la en venda a Alcúdia, Mallorca.</span></h2>
<p>Ideal tant com a inversió com per gaudir de l&#8217;autèntica vida mediterrània.</p>
<p>La propietat combina l&#8217;encant rústic mallorquí amb amplis espais exteriors i totes les comoditats necessàries, incloent-hi una llicència turística, cosa que la converteix en una oportunitat única d&#8217;alta rendibilitat.</p>
<p><strong>CARACTERÍSTIQUES PRINCIPALS:</strong> Gran vil·la independent de dues plantes; amb cinc dormitoris dobles lluminosos i confortables; tres banys complets; Ampli saló amb bigues vistes i llar de foc; Cuina equipada amb barra americana; Diverses sales multifuncionals addicionals.</p>
<p><strong>EXTERIOR I ZONES D&#8217;OCI:</strong> Gran jardí privat amb paisatge consolidat;<br />
Espectacular piscina envoltada d&#8217;una zona chill-out;<br />
Pista de tennis privada;<br />
Zona de barbacoa independent ideal per a esdeveniments, amb lavabo;<br />
Porxo i terrasses amb vistes clares a la natura;<br />
Amplis espais exteriors per gaudir tot l&#8217;any.</p>
<p><strong>EXTRES QUE MARQUEN LA DIFERÈNCIA:</strong> Estables per a cavalls, perfectes per als amants de l&#8217;equitació.<br />
Garatge i múltiples zones d&#8217;emmagatzematge,<br />
Entorn tranquil i privat amb fàcil accés.</p>
<p><strong>INVERSIÓ SEGURA:</strong> La propietat disposa de llicència turística ETV amb vuit places, cosa que permet el seu ús com a lloguer vacacional d&#8217;alta demanda al nord de Mallorca.</p>
<p>Una propietat única que combina natura, privacitat i rendibilitat en una de les ubicacions més sol·licitades de l&#8217;illa.</p>
<h3><span style="font-size: 12pt;">No deixeu escapar aquesta oportunitat. Contacteu amb nosaltres per a més informació o per concertar una visita a aquesta vil·la en venda a Alcúdia, Mallorca. </span></h3>
<p>Alcúdia i les seves platges mediterrànies a la costa nord-est de Mallorca, Platja d’Alcúdia i Platja de Muro, han estat un centre turístic des dels anys 20. La ciutat emmurallada d&#8217;Alcúdia, del segle XIV, ha estat reformada i conservada i és una de les poblacions més visitades de Mallorca. Les propietats al municipi varien des d&#8217;apartaments costaners fins a finques, vil·les i cases de camp a les valls que condueixen al mar entre el punt més alt del Puig de Sant Martí i la costa escarpada de l&#8217;istme que forma el port d&#8217;Alcúdia, el punt final del qual, el Mirador Penya del Migdia, ofereix vistes a la Badia d&#8217;Alcúdia i la Badia de Pollença.</p>

<p>Vil·la en venda a Alcúdia amb llicència turística ETV Vuit places Cinc dormitoris Jardí Piscina </p>

Camí de Biniatria, 07400 Alcúdia, Illes Balears, Spain

Camí de Biniatria, 07400 Alcúdia, Illes Balears

Vil·la en venda a Alcúdia
