{"id":350858,"date":"2026-04-29T17:54:45","date_gmt":"2026-04-29T15:54:45","guid":{"rendered":"https:\/\/www.mallorcaguru.es\/property\/edifici-en-venda-a-mancor-de-la-vall\/"},"modified":"2026-04-29T18:00:15","modified_gmt":"2026-04-29T16:00:15","slug":"edifici-en-venda-a-mancor-de-la-vall","status":"publish","type":"property","link":"https:\/\/www.mallorcaguru.es\/ca\/propietat\/edifici-en-venda-a-mancor-de-la-vall\/","title":{"rendered":"Edifici en venda a Mancor de la Vall"},"content":{"rendered":"<h2><span style=\"font-size: 12pt;\">Edifici emblem\u00e0tic en venda a Mancor de la Vall, a Mallorca.<\/span><\/h2>\n<p>Presentem aquesta magn\u00edfica casa de poble situada al cor de Mancor de la Vall, a Mallorca, un edifici emblem\u00e0tic que consta de tres plantes.<br \/>\nLa propietat disposa d&#8217;una superf\u00edcie total d&#8217;aproximadament 100 m2 a la planta baixa i un altell addicional, ideal per personalitzar-lo com a espai habitable extra o magatzem.<br \/>\nA la primera planta, hi trobareu aproximadament 50 m2 de superf\u00edcie \u00fatil, a m\u00e9s de generoses terrasses que sumen uns altres 40 m2, perfectes per gaudir del clima mediterrani a l&#8217;aire lliure.<br \/>\nLa segona planta ofereix uns altres 50 m2 on podreu crear la casa dels vostres somnis o un altre espai habitable atractiu.<\/p>\n<p>Es tracta d&#8217;una oportunitat \u00fanica, ja que es pot dividir horitzontalment, permetent la creaci\u00f3 de fins a tres habitatges independents; per tant, representa una oferta excepcionalment atractiva per a inversors que busquen rendibilitat en el sector immobiliari.<\/p>\n<p>Contacteu amb nosaltres per rebre informaci\u00f3 sobre aquest edifici emblem\u00e0tic en venda a Mancor de la Vall, a Mallorca.<\/p>\n<h3><span style=\"font-size: 12pt;\">Mancor de la Vall \u00e9s un petit poble situat als turons al peu de la serra de Tramuntana.<\/span><\/h3>\n<p>\u00c9s un lloc tranquil i pausat, excepte cada mes de novembre, quan se celebra la seva famosa fira de l&#8217;esclata-sang durant un cap de setmana llarg.<\/p>\n","protected":false},"excerpt":{"rendered":"<p>Edifici en venda a Mancor de la Vall <\/p>\n","protected":false},"author":1,"featured_media":350857,"parent":0,"menu_order":0,"template":"","property_type":[457],"property_status":[3530],"property_feature":[925,921,1136,1770,1005,1141,1372,2327,2466,1347,1765,1073,903,2849,902,1371],"property_label":[],"property_country":[750],"property_state":[752,552],"property_city":[646],"property_area":[],"class_list":["post-350858","property","type-property","status-publish","has-post-thumbnail","hentry","property_type-casa-de-poble-en-venda-a-mallorca-espanya","property_status-a-la-venda-mallorca-espanya","property_feature-caracteristiques-de-la-immoble-venda-de-la-immoble-mallorca-ubicacio-a-prop-de-restaurants","property_feature-caracteristiques-de-la-immoble-venda-de-immobles-mallorca-ubicacio-propietat-a-prop-de-tots-els-serveis","property_feature-caracteristiques-de-la-immoble-venda-de-immobles-mallorca-ubicacio-propietat-de-transport-public","property_feature-immobiliari-en-venda-mallorca-caracteristiques-de-la-immoble-caracteristiques-interiors","property_feature-caracteristiques-de-la-immoble-venda-de-immobles-mallorca-ubicacio-de-la-immoble-interior-de-mallorca","property_feature-immobiliari-en-venda-mallorca-caracteristiques-de-la-immoble-caracteristiques-interiors-interior-tradicional","property_feature-caracteristiques-immobles-venda-immobles-mallorca-immobles-jardi","property_feature-immobiliari-en-venda-mallorca-caracteristiques-immobles-caracteristiques-interiors-paviment","property_feature-immobiliari-en-venda-mallorca-caracteristiques-immobles-caracteristiques-interiors-terratzo","property_feature-caracteristiques-de-immoble-venda-immoble-mallorca-immoble-jardi-terrassa","property_feature-propietat-caracteristiques-venda-propietat-mallorca-ubicacio-immoble","property_feature-caracteristiques-immobles-venda-immobles-mallorca-immobles-ubicacio-poble-tradicional","property_feature-immobiliari-en-venda-mallorca-utilitats-caracteristiques-de-la-immoble-aigua-disponible","property_feature-immobiliari-en-venda-mallorca-utilitats-caracteristiques-de-la-immoble-connexio-depuradora","property_feature-immobiliari-en-venda-mallorca-utilitats-caracteristiques-immobles-electricitat-disponible","property_feature-immobiliari-en-venda-mallorca-utilitats-serveis-publics","property_country-en-venda-mallorca-espanya-mallorca-property-guru","property_state-immobiliari-en-venda-a-mallorca","property_state-immobiliari-en-venda-a-mallorca-raiguer-central-mallorca","property_city-immobiliari-en-venda-mancor-de-la-vall-mallorca"],"property_meta":{"has_images":["1"],"rank_math_internal_links_processed":["1"],"_last_translation_edit_mode":["native-editor"],"houzez_featured_listing_date":[""],"_top_nav_excluded":[""],"_cms_nav_minihome":[""],"_wp_page_template":["default"],"fave_property_price":["399000"],"fave_property_size":["278"],"fave_property_size_prefix":["m2"],"fave_property_land":["99"],"fave_property_land_postfix":["m2"],"fave_property_bedrooms":["6"],"fave_property_bathrooms":["2"],"fave_property_id":["A8102"],"fave_property_map":["1"],"fave_property_map_address":["Carrer Principal, 07312 Mancor de la Vall, Illes Balears, Espanya"],"fave_property_location":["39.7499966,2.8728444,19"],"houzez_geolocation_lat":["39.7499966"],"houzez_geolocation_long":["2.8728444"],"fave_property_map_street_view":["hide"],"fave_property_address":["Carrer Principal, 07312 Mancor de la Vall, Illes Balears, Espanya"],"fave_property_zip":["07312"],"fave_prop_homeslider":["no"],"fave_energy_class":["G"],"rank_math_focus_keyword":["Edifici en venda a Mancor de la Vall"],"_thumbnail_id":["350857"],"_wpml_word_count":["230"],"_edit_lock":["1777478285:1"],"rank_math_seo_score":["51"],"_edit_last":["1"],"fave_show_price_placeholder":["0"],"fave_portal_1754226254":["1"],"fave_portal_1754598704":["1"],"houzez_manual_expire":["0"],"_houzez_expiration_date_status":["saved"],"fave_featured":["0"],"fave_property_images":["350855","350856","350854","350845","350852","350846","350847","350849","350848","350851","350850","350853"],"fave_agent_display_option":["agent_info"],"fave_agents":["5167"],"fave_single_top_area":["global"],"fave_single_content_area":["global"],"rank_math_analytic_object_id":["1282"],"houzez_total_property_views":["2"],"houzez_views_by_date":["a:1:{s:10:\"04-29-2026\";i:2;}"],"houzez_recently_viewed":["2026-04-29 20:52:40"],"_elementor_page_assets":["a:0:{}"]},"_links":{"self":[{"href":"https:\/\/www.mallorcaguru.es\/ca\/wp-json\/wp\/v2\/properties\/350858","targetHints":{"allow":["GET"]}}],"collection":[{"href":"https:\/\/www.mallorcaguru.es\/ca\/wp-json\/wp\/v2\/properties"}],"about":[{"href":"https:\/\/www.mallorcaguru.es\/ca\/wp-json\/wp\/v2\/types\/property"}],"author":[{"embeddable":true,"href":"https:\/\/www.mallorcaguru.es\/ca\/wp-json\/wp\/v2\/users\/1"}],"version-history":[{"count":0,"href":"https:\/\/www.mallorcaguru.es\/ca\/wp-json\/wp\/v2\/properties\/350858\/revisions"}],"wp:featuredmedia":[{"embeddable":true,"href":"https:\/\/www.mallorcaguru.es\/ca\/wp-json\/wp\/v2\/media\/350857"}],"wp:attachment":[{"href":"https:\/\/www.mallorcaguru.es\/ca\/wp-json\/wp\/v2\/media?parent=350858"}],"wp:term":[{"taxonomy":"property_type","embeddable":true,"href":"https:\/\/www.mallorcaguru.es\/ca\/wp-json\/wp\/v2\/property_type?post=350858"},{"taxonomy":"property_status","embeddable":true,"href":"https:\/\/www.mallorcaguru.es\/ca\/wp-json\/wp\/v2\/property_status?post=350858"},{"taxonomy":"property_feature","embeddable":true,"href":"https:\/\/www.mallorcaguru.es\/ca\/wp-json\/wp\/v2\/property_feature?post=350858"},{"taxonomy":"property_label","embeddable":true,"href":"https:\/\/www.mallorcaguru.es\/ca\/wp-json\/wp\/v2\/property_label?post=350858"},{"taxonomy":"property_country","embeddable":true,"href":"https:\/\/www.mallorcaguru.es\/ca\/wp-json\/wp\/v2\/property_country?post=350858"},{"taxonomy":"property_state","embeddable":true,"href":"https:\/\/www.mallorcaguru.es\/ca\/wp-json\/wp\/v2\/property_state?post=350858"},{"taxonomy":"property_city","embeddable":true,"href":"https:\/\/www.mallorcaguru.es\/ca\/wp-json\/wp\/v2\/property_city?post=350858"},{"taxonomy":"property_area","embeddable":true,"href":"https:\/\/www.mallorcaguru.es\/ca\/wp-json\/wp\/v2\/property_area?post=350858"}],"curies":[{"name":"wp","href":"https:\/\/api.w.org\/{rel}","templated":true}]}}

<h2><span style="font-size: 12pt;">Edifici emblemàtic en venda a Mancor de la Vall, a Mallorca.</span></h2>
<p>Presentem aquesta magnífica casa de poble situada al cor de Mancor de la Vall, a Mallorca, un edifici emblemàtic que consta de tres plantes.<br />
La propietat disposa d&#8217;una superfície total d&#8217;aproximadament 100 m2 a la planta baixa i un altell addicional, ideal per personalitzar-lo com a espai habitable extra o magatzem.<br />
A la primera planta, hi trobareu aproximadament 50 m2 de superfície útil, a més de generoses terrasses que sumen uns altres 40 m2, perfectes per gaudir del clima mediterrani a l&#8217;aire lliure.<br />
La segona planta ofereix uns altres 50 m2 on podreu crear la casa dels vostres somnis o un altre espai habitable atractiu.</p>
<p>Es tracta d&#8217;una oportunitat única, ja que es pot dividir horitzontalment, permetent la creació de fins a tres habitatges independents; per tant, representa una oferta excepcionalment atractiva per a inversors que busquen rendibilitat en el sector immobiliari.</p>
<p>Contacteu amb nosaltres per rebre informació sobre aquest edifici emblemàtic en venda a Mancor de la Vall, a Mallorca.</p>
<h3><span style="font-size: 12pt;">Mancor de la Vall és un petit poble situat als turons al peu de la serra de Tramuntana.</span></h3>
<p>És un lloc tranquil i pausat, excepte cada mes de novembre, quan se celebra la seva famosa fira de l&#8217;esclata-sang durant un cap de setmana llarg.</p>
