{"id":350932,"date":"2026-04-29T18:34:08","date_gmt":"2026-04-29T16:34:08","guid":{"rendered":"https:\/\/www.mallorcaguru.es\/property\/casa-de-poble-en-venda-a-buger-mallorca\/"},"modified":"2026-04-29T18:41:11","modified_gmt":"2026-04-29T16:41:11","slug":"casa-de-poble-en-venda-a-buger-mallorca","status":"publish","type":"property","link":"https:\/\/www.mallorcaguru.es\/ca\/propietat\/casa-de-poble-en-venda-a-buger-mallorca\/","title":{"rendered":"Casa de poble en venda a B\u00fager, Mallorca"},"content":{"rendered":"<h2><span style=\"font-size: 12pt;\">Casa de poble en venda a B\u00fager, Mallorca, amb tres dormitoris i dos banys. <\/span><\/h2>\n<p>Descobriu aquesta meravellosa casa de poble en una ubicaci\u00f3 privilegiada de cantonada, distribu\u00efda en dues plantes m\u00e9s una espectacular terrassa al terrat.<\/p>\n<p>A la planta baixa, hi trobareu un espai llumin\u00f3s i airejat que inclou un dormitori doble, perfecte per al descans, i un bany complet. Tamb\u00e9 disposa d&#8217;acc\u00e9s mitjan\u00e7ant dues entrades i un soterrani vers\u00e0til, ideal per a emmagatzematge o per convertir-lo segons les vostres necessitats.<\/p>\n<p>La primera planta ofereix un altre dormitori acollidor al costat d&#8217;una cuina ben equipada i funcional. Aqu\u00ed tamb\u00e9 hi trobareu un altre bany i una encantadora terrassa tancada on podreu gaudir de l&#8217;aire fresc durant tot l&#8217;any.<\/p>\n<p>Finalment, no us perdeu l&#8217;espectacular terrassa del terrat: aquest espai exterior \u00e9s perfecte per relaxar-vos al sol o per organitzar trobades familiars mentre gaudiu del paisatge dels voltants.<\/p>\n<h3><span style=\"font-size: 12pt;\">Contacteu amb nosaltres per a m\u00e9s informaci\u00f3 o per visitar aquesta casa en venda a B\u00fager, Mallorca.<\/span><\/h3>\n<p>B\u00fager, a Mallorca, forma part de la comarca del Raiguer; des del seu tur\u00f3, el poble mira cap a les muntanyes al seu costat nord i t\u00e9 vistes al camp i cap a Randa al seu costat sud-oest.<br \/>\nB\u00fager, el municipi m\u00e9s petit de Mallorca, \u00e9s fam\u00f3s pels seus molins de vent i els seus camps d&#8217;ametllers i garrofers. \u00c9s un poble que no ha tingut cap altra ind\u00fastria que l&#8217;agricultura, per\u00f2 que t\u00e9 una tradici\u00f3 en la fabricaci\u00f3 de picarols i coberteria de fusta.<\/p>\n","protected":false},"excerpt":{"rendered":"<p>En venda a B\u00fager, Mallorca, casa de poble amb tres dormitoris i dos banys <\/p>\n","protected":false},"author":1,"featured_media":350931,"parent":0,"menu_order":0,"template":"","property_type":[457],"property_status":[3530],"property_feature":[921,918,1770,790,789,2248,2075,786,1137,1141,1372,1177,2327,2927,2337,798,1765,1073,1371],"property_label":[],"property_country":[],"property_state":[752,552],"property_city":[574],"property_area":[],"class_list":["post-350932","property","type-property","status-publish","has-post-thumbnail","hentry","property_type-casa-de-poble-en-venda-a-mallorca-espanya","property_status-a-la-venda-mallorca-espanya","property_feature-caracteristiques-de-la-immoble-venda-de-immobles-mallorca-ubicacio-propietat-a-prop-de-tots-els-serveis","property_feature-venda-immobles-mallorca-caracteristiques-de-immoble-estat-bon-estat","property_feature-immobiliari-en-venda-mallorca-caracteristiques-de-la-immoble-caracteristiques-interiors","property_feature-immobiliari-en-venda-mallorca-utilitats-serveis-publics-connexio-daigua","property_feature-inmobiliaria-en-venta-mallorca-servicios-publicos-conexion-electrica","property_feature-immobiliari-en-venda-mallorca-utilitats-caracteristiques-de-la-immoble-clavament-connectat","property_feature-immobiliari-en-venda-a-mallorca-amb-cuina","property_feature-immobiliari-en-venda-a-mallorca-amb-cuina-totalment-moblada","property_feature-caracteristiques-venda-immoble-mallorca-estat-de-la-immoble","property_feature-immobiliari-en-venda-mallorca-caracteristiques-de-la-immoble-caracteristiques-interiors-interior-tradicional","property_feature-caracteristiques-immobles-venda-immobles-mallorca-immobles-jardi","property_feature-immobiliari-en-venda-mallorca-caracteristiques-immobles-caracteristiques-interiors-parquet","property_feature-immobiliari-en-venda-mallorca-caracteristiques-immobles-caracteristiques-interiors-paviment","property_feature-immobiliari-en-venda-mallorca-caracteristiques-immobles-pavimento-gres-porcelanic","property_feature-immobiliari-en-venda-mallorca-caracteristiques-immobles-caracteristiques-interiors-terra-terracota","property_feature-caracteristiques-de-immoble-venda-immobles-mallorca-immoble-jardi-terrassa-al-terrat","property_feature-propietat-caracteristiques-venda-propietat-mallorca-ubicacio-immoble","property_feature-caracteristiques-immobles-venda-immobles-mallorca-immobles-ubicacio-poble-tradicional","property_feature-immobiliari-en-venda-mallorca-utilitats-serveis-publics","property_state-immobiliari-en-venda-a-mallorca","property_state-immobiliari-en-venda-a-mallorca-raiguer-central-mallorca","property_city-en-venda-buger-mallorca"],"property_meta":{"has_images":["1"],"rank_math_internal_links_processed":["1"],"_last_translation_edit_mode":["native-editor"],"houzez_featured_listing_date":[""],"_top_nav_excluded":[""],"_cms_nav_minihome":[""],"_wp_page_template":["default"],"fave_property_price":["319000"],"fave_property_size":["130"],"fave_property_size_prefix":["m2"],"fave_property_land":["55"],"fave_property_land_postfix":["m2"],"fave_property_bedrooms":["3"],"fave_property_bathrooms":["2"],"fave_property_year":["1900"],"fave_property_id":["A8103"],"fave_property_map":["1"],"fave_property_map_address":["Carrer Cervantes, 07311 B\u00fager, Illes Balears, Espanya"],"fave_property_location":["39.758551,2.9827507,15"],"houzez_geolocation_lat":["39.758551"],"houzez_geolocation_long":["2.9827507"],"fave_property_map_street_view":["hide"],"fave_property_address":["Carrer Cervantes, 07311 B\u00fager, Illes Balears"],"fave_property_zip":["07311"],"fave_prop_homeslider":["no"],"rank_math_focus_keyword":["En venda a B\u00fager, Mallorca"],"_thumbnail_id":["350931"],"_wpml_word_count":["272"],"_edit_lock":["1777480738:1"],"rank_math_seo_score":["65"],"_edit_last":["1"],"fave_show_price_placeholder":["0"],"fave_portal_1754226254":["1"],"fave_portal_1754598704":["1"],"houzez_manual_expire":["0"],"_houzez_expiration_date_status":["saved"],"rank_math_analytic_object_id":["1287"],"houzez_total_property_views":["3"],"houzez_views_by_date":["a:1:{s:10:\"04-29-2026\";i:3;}"],"houzez_recently_viewed":["2026-04-29 21:20:31"],"_elementor_page_assets":["a:0:{}"],"fave_featured":["0"],"fave_property_images":["350916","350929","350924","350923","350928","350927","350926","350922","350921","350925","350920","350919","350918","350917"],"fave_agent_display_option":["agent_info"],"fave_agents":["5167"],"fave_single_top_area":["global"],"fave_single_content_area":["global"]},"_links":{"self":[{"href":"https:\/\/www.mallorcaguru.es\/ca\/wp-json\/wp\/v2\/properties\/350932","targetHints":{"allow":["GET"]}}],"collection":[{"href":"https:\/\/www.mallorcaguru.es\/ca\/wp-json\/wp\/v2\/properties"}],"about":[{"href":"https:\/\/www.mallorcaguru.es\/ca\/wp-json\/wp\/v2\/types\/property"}],"author":[{"embeddable":true,"href":"https:\/\/www.mallorcaguru.es\/ca\/wp-json\/wp\/v2\/users\/1"}],"version-history":[{"count":0,"href":"https:\/\/www.mallorcaguru.es\/ca\/wp-json\/wp\/v2\/properties\/350932\/revisions"}],"wp:featuredmedia":[{"embeddable":true,"href":"https:\/\/www.mallorcaguru.es\/ca\/wp-json\/wp\/v2\/media\/350931"}],"wp:attachment":[{"href":"https:\/\/www.mallorcaguru.es\/ca\/wp-json\/wp\/v2\/media?parent=350932"}],"wp:term":[{"taxonomy":"property_type","embeddable":true,"href":"https:\/\/www.mallorcaguru.es\/ca\/wp-json\/wp\/v2\/property_type?post=350932"},{"taxonomy":"property_status","embeddable":true,"href":"https:\/\/www.mallorcaguru.es\/ca\/wp-json\/wp\/v2\/property_status?post=350932"},{"taxonomy":"property_feature","embeddable":true,"href":"https:\/\/www.mallorcaguru.es\/ca\/wp-json\/wp\/v2\/property_feature?post=350932"},{"taxonomy":"property_label","embeddable":true,"href":"https:\/\/www.mallorcaguru.es\/ca\/wp-json\/wp\/v2\/property_label?post=350932"},{"taxonomy":"property_country","embeddable":true,"href":"https:\/\/www.mallorcaguru.es\/ca\/wp-json\/wp\/v2\/property_country?post=350932"},{"taxonomy":"property_state","embeddable":true,"href":"https:\/\/www.mallorcaguru.es\/ca\/wp-json\/wp\/v2\/property_state?post=350932"},{"taxonomy":"property_city","embeddable":true,"href":"https:\/\/www.mallorcaguru.es\/ca\/wp-json\/wp\/v2\/property_city?post=350932"},{"taxonomy":"property_area","embeddable":true,"href":"https:\/\/www.mallorcaguru.es\/ca\/wp-json\/wp\/v2\/property_area?post=350932"}],"curies":[{"name":"wp","href":"https:\/\/api.w.org\/{rel}","templated":true}]}}

Casa de poble en venda a Búger, Mallorca

<h2><span style="font-size: 12pt;">Casa de poble en venda a Búger, Mallorca, amb tres dormitoris i dos banys. </span></h2>
<p>Descobriu aquesta meravellosa casa de poble en una ubicació privilegiada de cantonada, distribuïda en dues plantes més una espectacular terrassa al terrat.</p>
<p>A la planta baixa, hi trobareu un espai lluminós i airejat que inclou un dormitori doble, perfecte per al descans, i un bany complet. També disposa d&#8217;accés mitjançant dues entrades i un soterrani versàtil, ideal per a emmagatzematge o per convertir-lo segons les vostres necessitats.</p>
<p>La primera planta ofereix un altre dormitori acollidor al costat d&#8217;una cuina ben equipada i funcional. Aquí també hi trobareu un altre bany i una encantadora terrassa tancada on podreu gaudir de l&#8217;aire fresc durant tot l&#8217;any.</p>
<p>Finalment, no us perdeu l&#8217;espectacular terrassa del terrat: aquest espai exterior és perfecte per relaxar-vos al sol o per organitzar trobades familiars mentre gaudiu del paisatge dels voltants.</p>
<h3><span style="font-size: 12pt;">Contacteu amb nosaltres per a més informació o per visitar aquesta casa en venda a Búger, Mallorca.</span></h3>
<p>Búger, a Mallorca, forma part de la comarca del Raiguer; des del seu turó, el poble mira cap a les muntanyes al seu costat nord i té vistes al camp i cap a Randa al seu costat sud-oest.<br />
Búger, el municipi més petit de Mallorca, és famós pels seus molins de vent i els seus camps d&#8217;ametllers i garrofers. És un poble que no ha tingut cap altra indústria que l&#8217;agricultura, però que té una tradició en la fabricació de picarols i coberteria de fusta.</p>

<p>En venda a Búger, Mallorca, casa de poble amb tres dormitoris i dos banys </p>

Carrer Cervantes, 07311 Búger, Illes Balears, Espanya

Carrer Cervantes, 07311 Búger, Illes Balears

En venda a Búger, Mallorca
