{"id":41470,"date":"2022-11-04T12:11:41","date_gmt":"2022-11-04T11:11:41","guid":{"rendered":"https:\/\/www.mallorcaguru.es\/property\/edifici-en-venda-a-pollenca-mallorca\/"},"modified":"2025-08-14T18:43:37","modified_gmt":"2025-08-14T16:43:37","slug":"edifici-en-venda-a-pollenca-mallorca","status":"publish","type":"property","link":"https:\/\/www.mallorcaguru.es\/ca\/propietat\/edifici-en-venda-a-pollenca-mallorca\/","title":{"rendered":"Edifici en venda a Pollenca Mallorca"},"content":{"rendered":"<h2><span style=\"font-size: 12pt;\">En venda Mallorca, es ven a Pollenca a Mallorca un edifici de 373m2 en una parcel\u00b7la urbana de 366m2. <\/span><\/h2>\n<p>La planta baixa amb una superf\u00edcie constru\u00efda de 224m2 \u00e9s un ampli garatge amb dues entrades des del carrer, ambd\u00f3s amb perm\u00eds policial vigent (vado permanent). A dalt a la primera planta hi ha dos apartaments de 76m2 i 73m2 que tenen entrada des del carrer d&#8217;\u00fas exclusiu. La distribuci\u00f3 dels apartaments \u00e9s la seg\u00fcent, dos dormitoris amb portes a tota al\u00e7ada que donen a un balc\u00f3 a la part davantera de l&#8217;edifici, un gran sal\u00f3 amb xemeneia i portes dobles a un balc\u00f3 a la part posterior de l&#8217;edifici. Cada apartament disposa de cuina i bany a l&#8217;extensi\u00f3 de la part posterior de l&#8217;edifici i l&#8217;apartament m\u00e9s gran t\u00e9 una terrassa amb vistes. Tamb\u00e9 s&#8217;ofereix a la venda l&#8217;edifici amb una divisi\u00f3 horitzontal i dos pisos amb garatge i divisi\u00f3 de parcel\u00b7la. Si us plau, poseu-vos en contacte amb nosaltres per obtenir m\u00e9s informaci\u00f3.<\/p>\n<h2><span style=\"font-size: 12pt;\">El nom Pollenca data de l&#8217;assentament rom\u00e0 de Pol\u00b7l\u00e8ntia. <\/span><\/h2>\n<p>La majoria de les cases van ser constru\u00efdes als segles XVII i XVIII. A nom\u00e9s 6 km de la costa, la pla\u00e7a Major t\u00e9 nombrosos caf\u00e8s i restaurants populars.<\/p>\n","protected":false},"excerpt":{"rendered":"<p>En venda Mallorca, es ven a Pollensa a Mallorca un edifici de 373m2 en una parcel\u00b7la urbana de 366m2.<\/p>\n","protected":false},"author":1,"featured_media":41466,"parent":0,"menu_order":0,"template":"","property_type":[457],"property_status":[3530],"property_feature":[1174,925,921,790,789,2248,1374,1361,1473,1765,1371,922],"property_label":[],"property_country":[750],"property_state":[752,617],"property_city":[1403],"property_area":[],"class_list":["post-41470","property","type-property","status-publish","has-post-thumbnail","hentry","property_type-casa-de-poble-en-venda-a-mallorca-espanya","property_status-a-la-venda-mallorca-espanya","property_feature-caracteristiques-de-la-immoble-venda-de-la-immoble-mallorca-la-ubicacio-es-apropa-de-botigues","property_feature-caracteristiques-de-la-immoble-venda-de-la-immoble-mallorca-ubicacio-a-prop-de-restaurants","property_feature-caracteristiques-de-la-immoble-venda-de-immobles-mallorca-ubicacio-propietat-a-prop-de-tots-els-serveis","property_feature-immobiliari-en-venda-mallorca-utilitats-serveis-publics-connexio-daigua","property_feature-inmobiliaria-en-venta-mallorca-servicios-publicos-conexion-electrica","property_feature-immobiliari-en-venda-mallorca-utilitats-caracteristiques-de-la-immoble-clavament-connectat","property_feature-immobiliari-en-venda-a-mallorca-amb-garatge-o-aparcament","property_feature-propietat-venda-mallorca-caracteristiques-immobles-garatge-privat","property_feature-caracteristiques-de-la-immoble-venda-de-immobles-mallorca-ubicacio-propietat-de-escoles","property_feature-propietat-caracteristiques-venda-propietat-mallorca-ubicacio-immoble","property_feature-immobiliari-en-venda-mallorca-utilitats-serveis-publics","property_feature-caracteristiques-de-immoble-venda-immoble-mallorca-ubicacio-immoble-urbana-barri-residencial","property_country-en-venda-mallorca-espanya-mallorca-property-guru","property_state-immobiliari-en-venda-a-mallorca","property_state-en-venda-mallorca-serra-de-tramuntana-nord","property_city-en-venta-pollenca-mallorca"],"property_meta":{"_wpml_media_duplicate":["1"],"_wpml_media_featured":["1"],"_top_nav_excluded":[""],"_cms_nav_minihome":[""],"_wp_page_template":["default"],"houzez_geolocation_lat":["39.8738187"],"houzez_geolocation_long":["3.0123484"],"houzez_total_property_views":["1323"],"houzez_views_by_date":["a:61:{s:10:\"01-07-2026\";i:1;s:10:\"01-09-2026\";i:4;s:10:\"01-10-2026\";i:2;s:10:\"01-11-2026\";i:2;s:10:\"01-12-2026\";i:1;s:10:\"01-15-2026\";i:2;s:10:\"01-16-2026\";i:1;s:10:\"01-17-2026\";i:1;s:10:\"01-19-2026\";i:1;s:10:\"01-22-2026\";i:1;s:10:\"01-23-2026\";i:1;s:10:\"01-24-2026\";i:3;s:10:\"01-26-2026\";i:3;s:10:\"01-27-2026\";i:1;s:10:\"01-28-2026\";i:1;s:10:\"01-30-2026\";i:3;s:10:\"02-01-2026\";i:2;s:10:\"02-02-2026\";i:1;s:10:\"02-03-2026\";i:2;s:10:\"02-04-2026\";i:1;s:10:\"02-06-2026\";i:2;s:10:\"02-07-2026\";i:2;s:10:\"02-10-2026\";i:2;s:10:\"02-11-2026\";i:2;s:10:\"02-12-2026\";i:2;s:10:\"02-13-2026\";i:1;s:10:\"02-14-2026\";i:2;s:10:\"02-15-2026\";i:1;s:10:\"02-17-2026\";i:1;s:10:\"02-21-2026\";i:2;s:10:\"02-22-2026\";i:1;s:10:\"02-25-2026\";i:1;s:10:\"03-01-2026\";i:2;s:10:\"03-03-2026\";i:1;s:10:\"03-04-2026\";i:1;s:10:\"03-08-2026\";i:1;s:10:\"03-09-2026\";i:1;s:10:\"03-12-2026\";i:1;s:10:\"03-14-2026\";i:1;s:10:\"03-16-2026\";i:1;s:10:\"03-17-2026\";i:1;s:10:\"03-18-2026\";i:1;s:10:\"03-19-2026\";i:1;s:10:\"03-21-2026\";i:1;s:10:\"03-24-2026\";i:1;s:10:\"03-25-2026\";i:1;s:10:\"03-29-2026\";i:3;s:10:\"03-30-2026\";i:2;s:10:\"04-01-2026\";i:1;s:10:\"04-02-2026\";i:1;s:10:\"04-04-2026\";i:1;s:10:\"04-05-2026\";i:1;s:10:\"04-10-2026\";i:1;s:10:\"04-13-2026\";i:2;s:10:\"04-14-2026\";i:2;s:10:\"04-16-2026\";i:1;s:10:\"04-17-2026\";i:1;s:10:\"04-20-2026\";i:1;s:10:\"04-26-2026\";i:2;s:10:\"04-27-2026\";i:1;s:10:\"04-28-2026\";i:1;}"],"houzez_recently_viewed":["2026-04-28 22:23:12"],"_edit_lock":["1755189684:1"],"_edit_last":["1"],"_b2s_post_meta":["a:7:{s:8:\"og_title\";s:38:\"Edifici en venda a Pollen\u00e7a, Mallorca\";s:7:\"og_desc\";s:160:\"En venda Mallorca, es ven a Pollensa a Mallorca un edifici de 373m2 en una parcel\u00b7la urbana de 366m2. La planta baixa amb una superf\u00edcie constru\u00efda de 224m2 \";s:8:\"og_image\";s:87:\"https:\/\/www.mallorcaguru.es\/wp-content\/uploads\/2022\/11\/Building-Pollenca-Majorca-52.jpg\";s:12:\"og_image_alt\";s:0:\"\";s:10:\"card_title\";s:38:\"Edifici en venda a Pollen\u00e7a, Mallorca\";s:9:\"card_desc\";s:160:\"En venda Mallorca, es ven a Pollensa a Mallorca un edifici de 373m2 en una parcel\u00b7la urbana de 366m2. La planta baixa amb una superf\u00edcie constru\u00efda de 224m2 \";s:10:\"card_image\";s:87:\"https:\/\/www.mallorcaguru.es\/wp-content\/uploads\/2022\/11\/Building-Pollenca-Majorca-52.jpg\";}"],"houzez_manual_expire":["0"],"_houzez_expiration_date_status":["saved"],"_last_translation_edit_mode":["native-editor"],"_thumbnail_id":["41466"],"fave_property_disclaimer":["Exclusi\u00f3 de responsabilitat\r\nTotes les dades es consideren fiables, per\u00f2 Mallorca Property Guru no garanteix que siguin precises. Aquestes dades estan subjectes a canvis de preu o fins i tot amb retir sense av\u00eds previ. Els impostos i taxes de compra s\u00f3n pagadors pel comprador. El venedor paga els honoraris de l'ag\u00e8ncia de Mallorca Property Guru per a una mediaci\u00f3 amb \u00e8xit en la venda d'una propietat. En cas d'un contracte de lloguer, el llogater \u00e9s responsable dels honoraris de l'ag\u00e8ncia. Tots els preus aqu\u00ed esmentats exclouen l'IVA i altres impostos i grav\u00e0mens aplicables.\r\n"],"wpmdr_menu":["1"],"algolia_searchable_posts_records_count":["1"],"algolia_posts_property_records_count":["1"],"fave_show_price_placeholder":["0"],"houzez_featured_listing_date":["2025-08-14 18:43:37"],"_wpml_word_count":["212"],"_wpscppro_advance_schedule":[""],"_facebook_share_type":["default"],"_twitter_share_type":["default"],"_linkedin_share_type":["default"],"_pinterest_share_type":["default"],"_instagram_share_type":["default"],"_medium_share_type":["default"],"_selected_social_profile":["a:0:{}"],"rank_math_primary_property_type":["457"],"rank_math_primary_property_state":["752"],"rank_math_primary_property_status":["3530"],"rank_math_primary_property_feature":["0"],"rank_math_primary_property_label":["0"],"rank_math_primary_property_country":["750"],"rank_math_primary_property_city":["1403"],"rank_math_primary_property_area":["0"],"rank_math_breadcrumb_title":["Edifici en venda a Pollen\u00e7a"],"rank_math_pillar_content":["off"],"rank_math_news_sitemap_robots":["index"],"rank_math_robots":["a:1:{i:0;s:5:\"index\";}"],"rank_math_seo_score":["49"],"ilj_blacklistdefinition":["a:0:{}"],"ilj_linkdefinition":["a:0:{}"],"_wpsp_custom_templates":["a:7:{s:8:\"facebook\";a:3:{s:8:\"template\";s:0:\"\";s:8:\"profiles\";a:0:{}s:9:\"is_global\";b:0;}s:7:\"twitter\";a:3:{s:8:\"template\";s:0:\"\";s:8:\"profiles\";a:0:{}s:9:\"is_global\";b:0;}s:8:\"linkedin\";a:3:{s:8:\"template\";s:0:\"\";s:8:\"profiles\";a:0:{}s:9:\"is_global\";b:0;}s:9:\"pinterest\";a:3:{s:8:\"template\";s:0:\"\";s:8:\"profiles\";a:0:{}s:9:\"is_global\";b:0;}s:9:\"instagram\";a:3:{s:8:\"template\";s:0:\"\";s:8:\"profiles\";a:0:{}s:9:\"is_global\";b:0;}s:6:\"medium\";a:3:{s:8:\"template\";s:0:\"\";s:8:\"profiles\";a:0:{}s:9:\"is_global\";b:0;}s:7:\"threads\";a:3:{s:8:\"template\";s:0:\"\";s:8:\"profiles\";a:0:{}s:9:\"is_global\";b:0;}}"],"fave_portal_1753788757":["0"],"has_images":["1"],"fave_portal_1754226254":["1"],"fave_portal_1754395991":["1"],"fave_property_price":["745000"],"fave_property_size":["373"],"fave_property_size_prefix":["m2"],"fave_property_land":["366"],"fave_property_land_postfix":["m2"],"fave_property_bedrooms":["5"],"fave_property_bathrooms":["2"],"fave_property_garage":["1"],"fave_property_garage_size":["224m2"],"fave_property_year":["1987"],"fave_property_id":["534"],"fave_property_map":["1"],"fave_property_map_address":["carrer de Joan Vives Rotger, Pollen\u00e7a, Serra de Tramuntana, Illes Balears, 07460, Espanya"],"fave_property_location":["39.8738187,3.0123484,15"],"fave_property_map_street_view":["show"],"fave_property_address":["carrer de Joan Vives Rotger, Pollen\u00e7a, Serra de Tramuntana, Illes Balears, 07460, Espanya"],"fave_prop_homeslider":["no"],"rank_math_title":["Edifici en venda a Pollenca"],"rank_math_description":["Edifici en venda a Pollenca un edifici de 373m2 en una parcel\u00b7la urbana de 366m2. Amb garatge de 224m2 i dos apartaments de 76m2 i 73m2."],"rank_math_focus_keyword":["Edifici en venda a Pollenca"],"fave_portal_1754598704":["1"],"fave_attachments":["41478"],"fave_featured":["1"],"fave_property_images":["41465","41410","41415","41405","41385","41375","41380","41390","41420","41395","41400","41340","41350","41345","41330","41335","41355","41360","41320","41325","41285","41280","41310","41275","41270","41305","41290","41295","41300","41315","41365","41370","41425","41430","41435"],"fave_agent_display_option":["agent_info"],"fave_agents":["5167"],"fave_single_top_area":["v4"],"fave_single_content_area":["tabs"],"rank_math_analytic_object_id":["704"]},"_links":{"self":[{"href":"https:\/\/www.mallorcaguru.es\/ca\/wp-json\/wp\/v2\/properties\/41470","targetHints":{"allow":["GET"]}}],"collection":[{"href":"https:\/\/www.mallorcaguru.es\/ca\/wp-json\/wp\/v2\/properties"}],"about":[{"href":"https:\/\/www.mallorcaguru.es\/ca\/wp-json\/wp\/v2\/types\/property"}],"author":[{"embeddable":true,"href":"https:\/\/www.mallorcaguru.es\/ca\/wp-json\/wp\/v2\/users\/1"}],"version-history":[{"count":0,"href":"https:\/\/www.mallorcaguru.es\/ca\/wp-json\/wp\/v2\/properties\/41470\/revisions"}],"wp:featuredmedia":[{"embeddable":true,"href":"https:\/\/www.mallorcaguru.es\/ca\/wp-json\/wp\/v2\/media\/41466"}],"wp:attachment":[{"href":"https:\/\/www.mallorcaguru.es\/ca\/wp-json\/wp\/v2\/media?parent=41470"}],"wp:term":[{"taxonomy":"property_type","embeddable":true,"href":"https:\/\/www.mallorcaguru.es\/ca\/wp-json\/wp\/v2\/property_type?post=41470"},{"taxonomy":"property_status","embeddable":true,"href":"https:\/\/www.mallorcaguru.es\/ca\/wp-json\/wp\/v2\/property_status?post=41470"},{"taxonomy":"property_feature","embeddable":true,"href":"https:\/\/www.mallorcaguru.es\/ca\/wp-json\/wp\/v2\/property_feature?post=41470"},{"taxonomy":"property_label","embeddable":true,"href":"https:\/\/www.mallorcaguru.es\/ca\/wp-json\/wp\/v2\/property_label?post=41470"},{"taxonomy":"property_country","embeddable":true,"href":"https:\/\/www.mallorcaguru.es\/ca\/wp-json\/wp\/v2\/property_country?post=41470"},{"taxonomy":"property_state","embeddable":true,"href":"https:\/\/www.mallorcaguru.es\/ca\/wp-json\/wp\/v2\/property_state?post=41470"},{"taxonomy":"property_city","embeddable":true,"href":"https:\/\/www.mallorcaguru.es\/ca\/wp-json\/wp\/v2\/property_city?post=41470"},{"taxonomy":"property_area","embeddable":true,"href":"https:\/\/www.mallorcaguru.es\/ca\/wp-json\/wp\/v2\/property_area?post=41470"}],"curies":[{"name":"wp","href":"https:\/\/api.w.org\/{rel}","templated":true}]}}

<h2><span style="font-size: 12pt;">En venda Mallorca, es ven a Pollenca a Mallorca un edifici de 373m2 en una parcel·la urbana de 366m2. </span></h2>
<p>La planta baixa amb una superfície construïda de 224m2 és un ampli garatge amb dues entrades des del carrer, ambdós amb permís policial vigent (vado permanent). A dalt a la primera planta hi ha dos apartaments de 76m2 i 73m2 que tenen entrada des del carrer d&#8217;ús exclusiu. La distribució dels apartaments és la següent, dos dormitoris amb portes a tota alçada que donen a un balcó a la part davantera de l&#8217;edifici, un gran saló amb xemeneia i portes dobles a un balcó a la part posterior de l&#8217;edifici. Cada apartament disposa de cuina i bany a l&#8217;extensió de la part posterior de l&#8217;edifici i l&#8217;apartament més gran té una terrassa amb vistes. També s&#8217;ofereix a la venda l&#8217;edifici amb una divisió horitzontal i dos pisos amb garatge i divisió de parcel·la. Si us plau, poseu-vos en contacte amb nosaltres per obtenir més informació.</p>
<h2><span style="font-size: 12pt;">El nom Pollenca data de l&#8217;assentament romà de Pol·lèntia. </span></h2>
<p>La majoria de les cases van ser construïdes als segles XVII i XVIII. A només 6 km de la costa, la plaça Major té nombrosos cafès i restaurants populars.</p>

a:7:{s:8:"og_title";s:38:"Edifici en venda a Pollença, Mallorca";s:7:"og_desc";s:160:"En venda Mallorca, es ven a Pollensa a Mallorca un edifici de 373m2 en una parcel·la urbana de 366m2. La planta baixa amb una superfície construïda de 224m2 ";s:8:"og_image";s:87:"https://www.mallorcaguru.es/wp-content/uploads/2022/11/Building-Pollenca-Majorca-52.jpg";s:12:"og_image_alt";s:0:"";s:10:"card_title";s:38:"Edifici en venda a Pollença, Mallorca";s:9:"card_desc";s:160:"En venda Mallorca, es ven a Pollensa a Mallorca un edifici de 373m2 en una parcel·la urbana de 366m2. La planta baixa amb una superfície construïda de 224m2 ";s:10:"card_image";s:87:"https://www.mallorcaguru.es/wp-content/uploads/2022/11/Building-Pollenca-Majorca-52.jpg";}

Exclusió de responsabilitat
Totes les dades es consideren fiables, però Mallorca Property Guru no garanteix que siguin precises. Aquestes dades estan subjectes a canvis de preu o fins i tot amb retir sense avís previ. Els impostos i taxes de compra són pagadors pel comprador. El venedor paga els honoraris de l'agència de Mallorca Property Guru per a una mediació amb èxit en la venda d'una propietat. En cas d'un contracte de lloguer, el llogater és responsable dels honoraris de l'agència. Tots els preus aquí esmentats exclouen l'IVA i altres impostos i gravàmens aplicables.

Edifici en venda a Pollença

carrer de Joan Vives Rotger, Pollença, Serra de Tramuntana, Illes Balears, 07460, Espanya
