{"id":7573,"date":"2021-08-16T17:53:55","date_gmt":"2021-08-16T15:53:55","guid":{"rendered":"https:\/\/www.mallorcaguru.es\/property\/oportunitat-dinversors-al-port-de-soller-mallorca\/"},"modified":"2025-09-13T14:15:37","modified_gmt":"2025-09-13T12:15:37","slug":"oportunitat-dinversors-al-port-de-soller-mallorca","status":"publish","type":"property","link":"https:\/\/www.mallorcaguru.es\/ca\/propietat\/oportunitat-dinversors-al-port-de-soller-mallorca\/","title":{"rendered":"Oportunitat per a inversors al Port de S\u00f3ller"},"content":{"rendered":"<p><strong>En venda a S\u00f3ller Mallorca, una oportunitat d&#8217;inversors al Port de S\u00f3ller Mallorca. <\/strong><\/p>\r\n<p>Primera l\u00ednia de platja amb vistes panor\u00e0miques de la badia i el port mar\u00edtim del port de S\u00f3ller. L&#8217;edifici constru\u00eft el 1970 consta de planta baixa de quatre nivells amb soterrani i tres apartaments, l&#8217;edifici registrat com a residencial amb elements comercials a la planta baixa, la parcel\u00b7la \u00e9s de 294m2 i la construcci\u00f3 de 331m2.<\/p>\r\n<p><strong>A la planta baixa:<\/strong><\/p>\r\n<p>Hi ha dos locals comercials, amb un arrendament comercial, amb una durada aproximada de catorze mesos del contracte.<\/p>\r\n<p><strong>A la primera planta:<\/strong><\/p>\r\n<p>Un apartament de tres dormitoris amb bany, cuina. Sal\u00f3 i menjador amb una gran terrassa amb vistes a la badia Un jard\u00ed a la part posterior de l&#8217;edifici i un ampli soterrani a la planta baixa que serveix d&#8217;emmagatzematge.<\/p>\r\n<p><strong>El pis del segon pis:<\/strong><\/p>\r\n<p>Amb la mateixa distribuci\u00f3 que el primer pis; tres dormitoris cuina i bany i una terrassa amb vistes a la badia de S\u00f3ller i el port esportiu.<\/p>\r\n<p><strong>A la tercera planta:<\/strong><\/p>\r\n<p>Un apartament d\u2019un dormitori amb sal\u00f3 menjador cuina i bany en suite amb una gran terrassa.<\/p>\r\n<p>Idealment situat al passeig mar\u00edtim del port de S\u00f3ller, per beneficiar-se de la gran inversi\u00f3 de l\u2019ajuntament de S\u00f3ller al passeig mar\u00edtim, el port esportiu de S\u00f3ller i les platges de la badia.<\/p>\r\n<p><a href=\"https:\/\/www.mallorcaguru.es\/ca\/poble\/propietat-en-venda-soller-mallorca\/\" target=\"_blank\" rel=\"noopener\">S\u00f3ller<\/a><\/p>\r\n<p>S\u00f3ller, al centre de la Serra de Tramuntana, \u00e9s un dels pocs ports segurs de la costa occidental de Mallorca. Fam\u00f3s per les seves taronges i la seva estreta relaci\u00f3 amb la regi\u00f3 de parla catalana de Fran\u00e7a.<\/p>\r\n","protected":false},"excerpt":{"rendered":"<p>Oportunitat per a inversors al Port de S\u00f3ller, Mallorca. Primera l\u00ednia de platja amb vistes panor\u00e0miques de la badia i del port esportiu del Port de S\u00f3ller.<\/p>\n","protected":false},"author":1,"featured_media":7398,"parent":0,"menu_order":606,"template":"","property_type":[457],"property_status":[3530],"property_feature":[926,790,789,807,1451],"property_label":[3928],"property_country":[750],"property_state":[752,617],"property_city":[720],"property_area":[],"class_list":["post-7573","property","type-property","status-publish","has-post-thumbnail","hentry","property_type-casa-de-poble-en-venda-a-mallorca-espanya","property_status-a-la-venda-mallorca-espanya","property_feature-immobiliari-en-venda-mallorca-utilitats-caracteristiques-de-la-propietat-adsl-fibra-optica","property_feature-immobiliari-en-venda-mallorca-utilitats-serveis-publics-connexio-daigua","property_feature-inmobiliaria-en-venta-mallorca-servicios-publicos-conexion-electrica","property_feature-immobiliari-a-mallorca-immobles-vistes-muntanya","property_feature-immobiliari-a-mallorca-immobles-vistes-mar-o-costa","property_label-propietats-amb-vistes-al-mar-en-venda","property_country-en-venda-mallorca-espanya-mallorca-property-guru","property_state-immobiliari-en-venda-a-mallorca","property_state-en-venda-mallorca-serra-de-tramuntana-nord","property_city-propietat-en-venda-soller-mallorca"],"property_meta":{"_wpml_word_count":["283"],"_wpml_media_duplicate":["1"],"_wpml_media_featured":["1"],"_top_nav_excluded":[""],"_cms_nav_minihome":[""],"houzez_geolocation_lat":["39.792701245632"],"houzez_geolocation_long":["2.6962451482712"],"_last_translation_edit_mode":["native-editor"],"houzez_total_property_views":["1491"],"houzez_views_by_date":["a:61:{s:10:\"01-12-2026\";i:1;s:10:\"01-14-2026\";i:1;s:10:\"01-16-2026\";i:2;s:10:\"01-18-2026\";i:2;s:10:\"01-20-2026\";i:3;s:10:\"01-22-2026\";i:1;s:10:\"01-24-2026\";i:1;s:10:\"01-25-2026\";i:3;s:10:\"01-26-2026\";i:1;s:10:\"01-27-2026\";i:1;s:10:\"01-28-2026\";i:1;s:10:\"01-30-2026\";i:1;s:10:\"02-02-2026\";i:1;s:10:\"02-03-2026\";i:2;s:10:\"02-04-2026\";i:2;s:10:\"02-06-2026\";i:1;s:10:\"02-07-2026\";i:2;s:10:\"02-08-2026\";i:3;s:10:\"02-10-2026\";i:1;s:10:\"02-11-2026\";i:1;s:10:\"02-13-2026\";i:1;s:10:\"02-14-2026\";i:2;s:10:\"02-17-2026\";i:1;s:10:\"02-19-2026\";i:1;s:10:\"02-21-2026\";i:1;s:10:\"02-22-2026\";i:1;s:10:\"02-23-2026\";i:1;s:10:\"02-24-2026\";i:1;s:10:\"02-25-2026\";i:2;s:10:\"03-01-2026\";i:1;s:10:\"03-03-2026\";i:1;s:10:\"03-06-2026\";i:1;s:10:\"03-09-2026\";i:1;s:10:\"03-11-2026\";i:1;s:10:\"03-12-2026\";i:1;s:10:\"03-13-2026\";i:1;s:10:\"03-14-2026\";i:1;s:10:\"03-15-2026\";i:1;s:10:\"03-16-2026\";i:1;s:10:\"03-17-2026\";i:1;s:10:\"03-19-2026\";i:1;s:10:\"03-22-2026\";i:1;s:10:\"03-25-2026\";i:1;s:10:\"03-26-2026\";i:3;s:10:\"03-28-2026\";i:1;s:10:\"03-29-2026\";i:2;s:10:\"03-31-2026\";i:1;s:10:\"04-01-2026\";i:1;s:10:\"04-03-2026\";i:1;s:10:\"04-04-2026\";i:1;s:10:\"04-05-2026\";i:2;s:10:\"04-10-2026\";i:1;s:10:\"04-11-2026\";i:1;s:10:\"04-13-2026\";i:4;s:10:\"04-14-2026\";i:1;s:10:\"04-15-2026\";i:1;s:10:\"04-17-2026\";i:1;s:10:\"04-19-2026\";i:1;s:10:\"04-26-2026\";i:2;s:10:\"04-27-2026\";i:2;s:10:\"04-29-2026\";i:2;}"],"houzez_recently_viewed":["2026-04-29 13:22:40"],"_edit_lock":["1757765601:1"],"_edit_last":["1"],"_wp_page_template":["default"],"_b2s_post_meta":["a:7:{s:8:\"og_title\";s:51:\"Oportunitat d'inversors al port de S\u00f3ller Mallorca\";s:7:\"og_desc\";s:146:\"Oportunitat d'inversors al Port de S\u00f3ller Mallorca Primera l\u00ednia de platja amb vistes panor\u00e0miques a la badia ia la marina del Port de S\u00f3ller.\";s:8:\"og_image\";s:85:\"https:\/\/www.mallorcaguru.es\/wp-content\/uploads\/2021\/08\/Ref-356-Soller-0103-scaled.jpg\";s:12:\"og_image_alt\";s:0:\"\";s:10:\"card_title\";s:51:\"Oportunitat d'inversors al port de S\u00f3ller Mallorca\";s:9:\"card_desc\";s:146:\"Oportunitat d'inversors al Port de S\u00f3ller Mallorca Primera l\u00ednia de platja amb vistes panor\u00e0miques a la badia ia la marina del Port de S\u00f3ller.\";s:10:\"card_image\";s:85:\"https:\/\/www.mallorcaguru.es\/wp-content\/uploads\/2021\/08\/Ref-356-Soller-0103-scaled.jpg\";}"],"houzez_manual_expire":["0"],"_houzez_expiration_date_status":["saved"],"_thumbnail_id":["7398"],"fave_property_disclaimer":["EXENCI\u00d3 DE RESPONSABILITAT Tota la informaci\u00f3 continguda en aquest lloc web es considera fiable per\u00f2 no est\u00e0 garantida. Totes les propietats estan subjectes a un av\u00eds previ de venda, canvi o retirada. Mallorca Property Guru creu que tota la informaci\u00f3 \u00e9s correcta per\u00f2 no assumeix cap responsabilitat legal per a la seva exactitud. Heu de consultar els vostres assessors per a una verificaci\u00f3 independent de qualsevol propietat."],"algolia_searchable_posts_records_count":["1"],"algolia_posts_property_records_count":["1"],"fave_show_price_placeholder":["0"],"houzez_featured_listing_date":[""],"wds_primary_property_type":["16"],"wds_primary_property_status":["29"],"wds_primary_property_label":["730"],"wds_primary_property_country":["65"],"wds_primary_property_state":["341"],"wds_primary_property_city":["719"],"classic-editor-remember":["classic-editor"],"_wpscppro_advance_schedule":[""],"_facebook_share_type":["default"],"_twitter_share_type":["default"],"_linkedin_share_type":["default"],"_pinterest_share_type":["default"],"_instagram_share_type":["default"],"_medium_share_type":["default"],"_selected_social_profile":["a:0:{}"],"rank_math_primary_property_type":["457"],"rank_math_primary_property_state":["752"],"rank_math_primary_property_status":["3530"],"rank_math_primary_property_feature":["313"],"rank_math_primary_property_label":["0"],"rank_math_primary_property_country":["750"],"rank_math_primary_property_city":["720"],"rank_math_primary_property_area":["0"],"rank_math_breadcrumb_title":["En venda al Port de S\u00f3ller Mallorca"],"rank_math_pillar_content":["off"],"rank_math_news_sitemap_robots":["index"],"rank_math_robots":["a:1:{i:0;s:5:\"index\";}"],"rank_math_seo_score":["51"],"ilj_blacklistdefinition":["a:0:{}"],"ilj_linkdefinition":["a:2:{i:0;s:16:\"S\u00f3ller Mallorca\";i:1;s:27:\"En venda a S\u00f3ller Mallorca\";}"],"fave_property_price":["2900000"],"fave_property_size":["331"],"fave_property_size_prefix":["m2"],"fave_property_land":["294"],"fave_property_land_postfix":["m2"],"fave_property_bedrooms":["7"],"fave_property_bathrooms":["3"],"fave_property_year":["1970"],"fave_property_id":["356"],"fave_property_map":["1"],"fave_property_map_address":["Port de S\u00f3ller, Balearic Islands, Spain"],"fave_property_location":["39.792701245632,2.6962451482712,18"],"fave_property_map_street_view":["hide"],"fave_prop_homeslider":["no"],"rank_math_title":["%title% %sep% Mallorca, Espanya"],"rank_math_description":["Oportunitat per a inversors al Port de S\u00f3ller, Mallorca. Primera l\u00ednia de platja amb vistes panor\u00e0miques de la badia i del port esportiu del Port de S\u00f3ller."],"rank_math_focus_keyword":["Oportunitat per a inversors al Port de S\u00f3ller"],"_wpsp_custom_templates":["a:7:{s:8:\"facebook\";a:3:{s:8:\"template\";s:0:\"\";s:8:\"profiles\";a:0:{}s:9:\"is_global\";b:0;}s:7:\"twitter\";a:3:{s:8:\"template\";s:0:\"\";s:8:\"profiles\";a:0:{}s:9:\"is_global\";b:0;}s:8:\"linkedin\";a:3:{s:8:\"template\";s:0:\"\";s:8:\"profiles\";a:0:{}s:9:\"is_global\";b:0;}s:9:\"pinterest\";a:3:{s:8:\"template\";s:0:\"\";s:8:\"profiles\";a:0:{}s:9:\"is_global\";b:0;}s:9:\"instagram\";a:3:{s:8:\"template\";s:0:\"\";s:8:\"profiles\";a:0:{}s:9:\"is_global\";b:0;}s:6:\"medium\";a:3:{s:8:\"template\";s:0:\"\";s:8:\"profiles\";a:0:{}s:9:\"is_global\";b:0;}s:7:\"threads\";a:3:{s:8:\"template\";s:0:\"\";s:8:\"profiles\";a:0:{}s:9:\"is_global\";b:0;}}"],"fave_portal_1754226254":["1"],"fave_portal_1754395991":["0"],"fave_portal_1754598704":["1"],"has_images":["1"],"rank_math_analytic_object_id":["794"],"fave_featured":["0"],"fave_property_images":["7387","7392","7397","7542","7402","7407","7412","7417","7422","7427"],"fave_agent_display_option":["agent_info"],"fave_agents":["5167"],"fave_single_top_area":["global"],"fave_single_content_area":["global"],"_threads_share_type":["default"],"_google_business_share_type":["default"],"_elementor_page_assets":["a:0:{}"]},"_links":{"self":[{"href":"https:\/\/www.mallorcaguru.es\/ca\/wp-json\/wp\/v2\/properties\/7573","targetHints":{"allow":["GET"]}}],"collection":[{"href":"https:\/\/www.mallorcaguru.es\/ca\/wp-json\/wp\/v2\/properties"}],"about":[{"href":"https:\/\/www.mallorcaguru.es\/ca\/wp-json\/wp\/v2\/types\/property"}],"author":[{"embeddable":true,"href":"https:\/\/www.mallorcaguru.es\/ca\/wp-json\/wp\/v2\/users\/1"}],"version-history":[{"count":0,"href":"https:\/\/www.mallorcaguru.es\/ca\/wp-json\/wp\/v2\/properties\/7573\/revisions"}],"wp:featuredmedia":[{"embeddable":true,"href":"https:\/\/www.mallorcaguru.es\/ca\/wp-json\/wp\/v2\/media\/7398"}],"wp:attachment":[{"href":"https:\/\/www.mallorcaguru.es\/ca\/wp-json\/wp\/v2\/media?parent=7573"}],"wp:term":[{"taxonomy":"property_type","embeddable":true,"href":"https:\/\/www.mallorcaguru.es\/ca\/wp-json\/wp\/v2\/property_type?post=7573"},{"taxonomy":"property_status","embeddable":true,"href":"https:\/\/www.mallorcaguru.es\/ca\/wp-json\/wp\/v2\/property_status?post=7573"},{"taxonomy":"property_feature","embeddable":true,"href":"https:\/\/www.mallorcaguru.es\/ca\/wp-json\/wp\/v2\/property_feature?post=7573"},{"taxonomy":"property_label","embeddable":true,"href":"https:\/\/www.mallorcaguru.es\/ca\/wp-json\/wp\/v2\/property_label?post=7573"},{"taxonomy":"property_country","embeddable":true,"href":"https:\/\/www.mallorcaguru.es\/ca\/wp-json\/wp\/v2\/property_country?post=7573"},{"taxonomy":"property_state","embeddable":true,"href":"https:\/\/www.mallorcaguru.es\/ca\/wp-json\/wp\/v2\/property_state?post=7573"},{"taxonomy":"property_city","embeddable":true,"href":"https:\/\/www.mallorcaguru.es\/ca\/wp-json\/wp\/v2\/property_city?post=7573"},{"taxonomy":"property_area","embeddable":true,"href":"https:\/\/www.mallorcaguru.es\/ca\/wp-json\/wp\/v2\/property_area?post=7573"}],"curies":[{"name":"wp","href":"https:\/\/api.w.org\/{rel}","templated":true}]}}

Oportunitat per a inversors al Port de Sóller

<p><strong>En venda a Sóller Mallorca, una oportunitat d&#8217;inversors al Port de Sóller Mallorca. </strong></p>
<p>Primera línia de platja amb vistes panoràmiques de la badia i el port marítim del port de Sóller. L&#8217;edifici construït el 1970 consta de planta baixa de quatre nivells amb soterrani i tres apartaments, l&#8217;edifici registrat com a residencial amb elements comercials a la planta baixa, la parcel·la és de 294m2 i la construcció de 331m2.</p>
<p><strong>A la planta baixa:</strong></p>
<p>Hi ha dos locals comercials, amb un arrendament comercial, amb una durada aproximada de catorze mesos del contracte.</p>
<p><strong>A la primera planta:</strong></p>
<p>Un apartament de tres dormitoris amb bany, cuina. Saló i menjador amb una gran terrassa amb vistes a la badia Un jardí a la part posterior de l&#8217;edifici i un ampli soterrani a la planta baixa que serveix d&#8217;emmagatzematge.</p>
<p><strong>El pis del segon pis:</strong></p>
<p>Amb la mateixa distribució que el primer pis; tres dormitoris cuina i bany i una terrassa amb vistes a la badia de Sóller i el port esportiu.</p>
<p><strong>A la tercera planta:</strong></p>
<p>Un apartament d’un dormitori amb saló menjador cuina i bany en suite amb una gran terrassa.</p>
<p>Idealment situat al passeig marítim del port de Sóller, per beneficiar-se de la gran inversió de l’ajuntament de Sóller al passeig marítim, el port esportiu de Sóller i les platges de la badia.</p>
<p><a href="https://www.mallorcaguru.es/ca/poble/propietat-en-venda-soller-mallorca/" target="_blank" rel="noopener">Sóller</a></p>
<p>Sóller, al centre de la Serra de Tramuntana, és un dels pocs ports segurs de la costa occidental de Mallorca. Famós per les seves taronges i la seva estreta relació amb la regió de parla catalana de França.</p>

<p>Oportunitat per a inversors al Port de Sóller, Mallorca. Primera línia de platja amb vistes panoràmiques de la badia i del port esportiu del Port de Sóller.</p>

a:7:{s:8:"og_title";s:51:"Oportunitat d'inversors al port de Sóller Mallorca";s:7:"og_desc";s:146:"Oportunitat d'inversors al Port de Sóller Mallorca Primera línia de platja amb vistes panoràmiques a la badia ia la marina del Port de Sóller.";s:8:"og_image";s:85:"https://www.mallorcaguru.es/wp-content/uploads/2021/08/Ref-356-Soller-0103-scaled.jpg";s:12:"og_image_alt";s:0:"";s:10:"card_title";s:51:"Oportunitat d'inversors al port de Sóller Mallorca";s:9:"card_desc";s:146:"Oportunitat d'inversors al Port de Sóller Mallorca Primera línia de platja amb vistes panoràmiques a la badia ia la marina del Port de Sóller.";s:10:"card_image";s:85:"https://www.mallorcaguru.es/wp-content/uploads/2021/08/Ref-356-Soller-0103-scaled.jpg";}

EXENCIÓ DE RESPONSABILITAT Tota la informació continguda en aquest lloc web es considera fiable però no està garantida. Totes les propietats estan subjectes a un avís previ de venda, canvi o retirada. Mallorca Property Guru creu que tota la informació és correcta però no assumeix cap responsabilitat legal per a la seva exactitud. Heu de consultar els vostres assessors per a una verificació independent de qualsevol propietat.

En venda al Port de Sóller Mallorca

a:2:{i:0;s:16:"Sóller Mallorca";i:1;s:27:"En venda a Sóller Mallorca";}

Port de Sóller, Balearic Islands, Spain

Oportunitat per a inversors al Port de Sóller, Mallorca. Primera línia de platja amb vistes panoràmiques de la badia i del port esportiu del Port de Sóller.
