{"id":261147,"date":"2025-08-03T20:09:44","date_gmt":"2025-08-03T18:09:44","guid":{"rendered":"https:\/\/www.mallorcaguru.es\/?post_type=property&#038;p=261147"},"modified":"2025-08-13T15:46:15","modified_gmt":"2025-08-13T13:46:15","slug":"grundstueck-zum-verkauf-in-maria-de-la-salut","status":"publish","type":"property","link":"https:\/\/www.mallorcaguru.es\/de\/immobilien\/grundstueck-zum-verkauf-in-maria-de-la-salut\/","title":{"rendered":"Grundst\u00fcck zum Verkauf in Maria de La Salut"},"content":{"rendered":"<h2><span style=\"font-size: 12pt;\">Ein l\u00e4ndliches Grundst\u00fcck von 14.965 m\u00b2 im S\u00fcden des Dorfes Maria de la Salut.<\/span><\/h2>\n<p>Das Anwesen besteht aus sechs angrenzenden Grundst\u00fccken mit einer Gesamtfl\u00e4che von 14.965 m\u00b2. Diese k\u00f6nnen auf Anfrage beim Rathaus von Maria de la Salut zusammengelegt und eine Baugenehmigung beantragt werden.<\/p>\n<p>Es besteht die M\u00f6glichkeit, ein bestehendes Geb\u00e4ude mit 141 m\u00b2 (Baujahr 1940) zu renovieren oder einen Plan f\u00fcr ein neues zweist\u00f6ckiges Einfamilienhaus mit ca. 200 m\u00b2 Wohnfl\u00e4che und Swimmingpool zu erstellen.<\/p>\n<p>Das Anwesen verf\u00fcgt \u00fcber reichlich Wasser aus einem eigenen Brunnen, der zur Bew\u00e4sserung eines Orangen- und Aprikosengartens unterhalb des bestehenden Geb\u00e4udes auf dem Grundst\u00fcck sowie zur Pflege eines kleinen Oliven- und Kiefernhains genutzt wurde.<\/p>\n<p>Vom oberen Bereich des Grundst\u00fccks, der der Stra\u00dfe von Maria de la Salut am n\u00e4chsten liegt, bietet sich ein Panoramablick auf die Landschaft in Richtung San Salvador. Der Zugang von Maria de la Salut ist weniger als 1 km entfernt, sodass Sie das Dorf bequem zu Fu\u00df erreichen k\u00f6nnen. Die Str\u00e4nde von Playa de Muro, Son Serra de Marina und die Bucht von Alcudia sind in 20 Autominuten erreichbar.<\/p>\n<p>Dies ist eine einmalige Gelegenheit. Die Umgebung ist ruhig und bietet die M\u00f6glichkeit, ein privates Landhaus zu planen und zu bauen, das nur wenige Minuten von einem ruhigen mallorquinischen Dorf entfernt liegt.<\/p>\n<h2><span style=\"font-size: 12pt;\">Kontaktieren Sie uns f\u00fcr weitere Informationen zu diesem l\u00e4ndlichen Grundst\u00fcck in Maria de la Salut.<\/span><\/h2>\n<h2><span style=\"font-size: 12pt;\"><a href=\"https:\/\/www.mallorcaguru.es\/de\/dorf\/immobilien-zum-verkauf-maria-de-la-salut-mallorca\/\" target=\"_blank\" rel=\"noopener\">Maria de la Salut<\/a>, Mallorca<\/span><\/h2>\n<p>Im Zentrum der Insel gelegen und mit guter Verkehrsanbindung an Palma de Mallorca und die Str\u00e4nde im Norden der Insel. Es grenzt an die Gemeinden Lubi, Santa Margalida, Ariany und Sineu. Es handelt sich um ein kleines, ruhiges, landwirtschaftlich gepr\u00e4gtes Dorf in K\u00fcstenn\u00e4he mit Forst- und Ackerland, das von traditionellen Trockenmauern umgeben ist.<\/p>\n<p>Informationen zum Bauen auf Mallorca und zum Kauf von l\u00e4ndlichen Grundst\u00fccken finden Sie in unserem Blog.<\/p>\n<h4><a href=\"https:\/\/www.mallorcaguru.es\/de\/hausbau-auf-mallorca\/\" target=\"_blank\" rel=\"noopener\">Hausbau auf Mallorca<\/a><\/h4>\n<h4><a href=\"https:\/\/www.mallorcaguru.es\/de\/landnutzungsverordnungen-verstehen\/\" target=\"_blank\" rel=\"noopener\">Vorschriften f\u00fcr l\u00e4ndliche Grundst\u00fccke auf Mallorca<\/a><\/h4>\n<h4><a href=\"https:\/\/www.mallorcaguru.es\/de\/grundstuecke-auf-mallorca-kaufen\/\" target=\"_blank\" rel=\"noopener\">Grundst\u00fccke auf Mallorca kaufen \u2013 st\u00e4dtische und l\u00e4ndliche Grundst\u00fccke.<\/a><\/h4>\n<h4><\/h4>\n","protected":false},"excerpt":{"rendered":"<p>Grundst\u00fcck zum Verkauf in Maria de La Salut. Ein l\u00e4ndliches Grundst\u00fcck von 14965 m\u00b2 auf der S\u00fcdseite des Dorfes Maria de la Salut.<\/p>\n","protected":false},"author":1,"featured_media":254420,"parent":0,"menu_order":0,"template":"","property_type":[426],"property_status":[757],"property_feature":[821,1024,835,1384,1766,814,755,1078,813,1383,1379],"property_label":[],"property_country":[754],"property_state":[756,580],"property_city":[1742],"property_area":[],"class_list":["post-261147","property","type-property","status-publish","has-post-thumbnail","hentry","property_type-grundstueck-zu-verkaufen-mallorca","property_status-immobilien-zum-verkauf-mallorca","property_feature-immobilien-zu-verkaufen-mallorca-versorger-immobilien-merkmale-brunnenwasser","property_feature-immobilien-eigenschaften-immobilien-verkauf-mallorca-immobilien-standort-das-innere-mallorca","property_feature-immobilien-eigenschaften-immobilien-verkauf-mallorca-immobilien-lage-gute-strassenanbindung","property_feature-immobilien-zum-verkauf-auf-mallorca-mit-toller-aussicht","property_feature-immobilien-eigenschaften-immobilien-verkauf-mallorca-immobilien-lage","property_feature-immobilien-eigenschaften-immobilien-verkauf-mallorca-immobilien-lage-landschaft","property_feature-immobilien-auf-mallorca-immobilie-ansichten-landschaft","property_feature-immobilien-zum-verkauf-auf-mallorca-mit-platz-fur-einen-schwimmbad","property_feature-immobilien-eigenschaften-immobilien-verkauf-mallorca-immobilien-lage-ruhige-lage","property_feature-immobilien-zum-verkauf-auf-mallorca-mit-schwimmbad","property_feature-immobilien-zum-verkauf-mallorca-versorger-oeffentliche-dienste","property_country-zu-verkaufen-mallorca-spanien-mallorca-immobilien-guru","property_state-immobilien-zum-verkauf-auf-mallorca","property_state-immobilien-zum-verkauf-auf-pla-de-mallorca-zentrum","property_city-immobilien-zum-verkauf-maria-de-la-salut-mallorca"],"property_meta":{"_wpsp_custom_templates":["a:7:{s:8:\"facebook\";a:3:{s:8:\"template\";s:0:\"\";s:8:\"profiles\";a:0:{}s:9:\"is_global\";b:0;}s:7:\"twitter\";a:3:{s:8:\"template\";s:0:\"\";s:8:\"profiles\";a:0:{}s:9:\"is_global\";b:0;}s:8:\"linkedin\";a:3:{s:8:\"template\";s:0:\"\";s:8:\"profiles\";a:0:{}s:9:\"is_global\";b:0;}s:9:\"pinterest\";a:3:{s:8:\"template\";s:0:\"\";s:8:\"profiles\";a:0:{}s:9:\"is_global\";b:0;}s:9:\"instagram\";a:3:{s:8:\"template\";s:0:\"\";s:8:\"profiles\";a:0:{}s:9:\"is_global\";b:0;}s:6:\"medium\";a:3:{s:8:\"template\";s:0:\"\";s:8:\"profiles\";a:0:{}s:9:\"is_global\";b:0;}s:7:\"threads\";a:3:{s:8:\"template\";s:0:\"\";s:8:\"profiles\";a:0:{}s:9:\"is_global\";b:0;}}"],"houzez_featured_listing_date":["2025-08-13 15:46:15"],"_wpml_media_duplicate":["1"],"_wpml_media_featured":["1"],"_top_nav_excluded":[""],"_cms_nav_minihome":[""],"_wp_page_template":["default"],"fave_property_price":["240000"],"fave_property_size":["141"],"fave_property_size_prefix":["m2"],"fave_property_land":["14965"],"fave_property_land_postfix":["m2"],"fave_property_id":["902"],"fave_property_map":["1"],"fave_property_map_address":["Maria de la Salut, Spain"],"fave_property_location":["39.6641545,3.0738992,15"],"houzez_geolocation_lat":["39.6641545"],"houzez_geolocation_long":["3.0738992"],"fave_property_map_street_view":["hide"],"fave_property_address":["Maria de la Salut, Spain"],"fave_property_zip":["07519"],"fave_prop_homeslider":["no"],"rank_math_focus_keyword":["Grundst\u00fcck zum Verkauf in Maria de La Salut"],"_thumbnail_id":["254420"],"_wpml_word_count":["388"],"_edit_lock":["1755092642:1"],"rank_math_seo_score":["51"],"_edit_last":["1"],"fave_show_price_placeholder":["0"],"fave_portal_1754226254":["1"],"has_images":["1"],"rank_math_primary_property_type":["0"],"rank_math_primary_property_status":["0"],"rank_math_primary_property_feature":["0"],"rank_math_primary_property_label":["0"],"rank_math_primary_property_country":["0"],"rank_math_primary_property_state":["0"],"rank_math_primary_property_city":["0"],"rank_math_primary_property_area":["0"],"houzez_manual_expire":["0"],"_houzez_expiration_date_status":["saved"],"_facebook_share_type":["default"],"_twitter_share_type":["default"],"_linkedin_share_type":["default"],"_pinterest_share_type":["default"],"_instagram_share_type":["default"],"_medium_share_type":["default"],"_selected_social_profile":["a:0:{}"],"_wpscppro_advance_schedule":[""],"_last_translation_edit_mode":["native-editor"],"houzez_total_property_views":["294"],"houzez_views_by_date":["a:61:{s:10:\"01-22-2026\";i:3;s:10:\"01-23-2026\";i:1;s:10:\"01-24-2026\";i:1;s:10:\"01-26-2026\";i:3;s:10:\"01-30-2026\";i:2;s:10:\"01-31-2026\";i:3;s:10:\"02-01-2026\";i:4;s:10:\"02-02-2026\";i:1;s:10:\"02-03-2026\";i:1;s:10:\"02-04-2026\";i:2;s:10:\"02-06-2026\";i:2;s:10:\"02-07-2026\";i:2;s:10:\"02-08-2026\";i:2;s:10:\"02-10-2026\";i:1;s:10:\"02-11-2026\";i:1;s:10:\"02-12-2026\";i:1;s:10:\"02-13-2026\";i:1;s:10:\"02-14-2026\";i:3;s:10:\"02-17-2026\";i:1;s:10:\"02-18-2026\";i:1;s:10:\"02-19-2026\";i:2;s:10:\"02-20-2026\";i:1;s:10:\"02-21-2026\";i:1;s:10:\"02-22-2026\";i:1;s:10:\"02-23-2026\";i:1;s:10:\"02-27-2026\";i:1;s:10:\"02-28-2026\";i:1;s:10:\"03-02-2026\";i:2;s:10:\"03-03-2026\";i:1;s:10:\"03-04-2026\";i:3;s:10:\"03-05-2026\";i:1;s:10:\"03-08-2026\";i:1;s:10:\"03-10-2026\";i:1;s:10:\"03-11-2026\";i:1;s:10:\"03-12-2026\";i:2;s:10:\"03-15-2026\";i:2;s:10:\"03-16-2026\";i:1;s:10:\"03-17-2026\";i:1;s:10:\"03-18-2026\";i:3;s:10:\"03-19-2026\";i:1;s:10:\"03-22-2026\";i:1;s:10:\"03-24-2026\";i:1;s:10:\"03-25-2026\";i:2;s:10:\"03-29-2026\";i:1;s:10:\"03-30-2026\";i:7;s:10:\"04-02-2026\";i:1;s:10:\"04-04-2026\";i:1;s:10:\"04-05-2026\";i:2;s:10:\"04-06-2026\";i:1;s:10:\"04-09-2026\";i:1;s:10:\"04-13-2026\";i:4;s:10:\"04-15-2026\";i:3;s:10:\"04-16-2026\";i:1;s:10:\"04-17-2026\";i:1;s:10:\"04-19-2026\";i:2;s:10:\"04-24-2026\";i:3;s:10:\"04-25-2026\";i:3;s:10:\"04-26-2026\";i:2;s:10:\"04-27-2026\";i:1;s:10:\"04-28-2026\";i:1;s:10:\"04-29-2026\";i:1;}"],"houzez_recently_viewed":["2026-04-29 12:09:51"],"fave_portal_1754395991":["1"],"fave_portal_1754598704":["1"],"fave_featured":["1"],"fave_property_images":["254492","254515","254451","254413","254418","254446","254441","254504","254497","254486","254474","254469","254461","254428","254423","254400","254395","254390","254385"],"fave_agent_display_option":["agent_info"],"fave_agents":["5167"],"fave_single_top_area":["global"],"fave_single_content_area":["global"],"wp-smush-lcp-data-1d5bf9c3d174f178424f3ba624a8fb11":["a:6:{s:8:\"selector\";s:50:\"a.img-wrap-1>img.img-fluid.ls-is-cached.lazyloaded\";s:14:\"selector_xpath\";s:57:\"\/html\/body\/main\/section\/div[2]\/div[2]\/div[1]\/div[1]\/a\/img\";s:11:\"selector_id\";s:0:\"\";s:14:\"selector_class\";s:33:\"img-fluid ls-is-cached lazyloaded\";s:9:\"image_url\";s:104:\"https:\/\/www.mallorcaguru.es\/wp-content\/smush-avif\/2025\/07\/Parcela-Maria-de-la-Salut-17-1170x785.jpg.avif\";s:7:\"version\";i:6;}"],"wp-smush-lcp-data-d3642cbd19e8c53057f35ce6199f7e7f":["a:6:{s:8:\"selector\";s:42:\"#gallery-featured-placeholder > .img-fluid\";s:14:\"selector_xpath\";s:81:\"\/html\/body\/main\/section\/div[2]\/div\/div[1]\/div[1]\/div\/div[2]\/div[1]\/div\/div[1]\/img\";s:11:\"selector_id\";s:0:\"\";s:14:\"selector_class\";s:21:\"img-fluid w-100 h-100\";s:9:\"image_url\";s:104:\"https:\/\/www.mallorcaguru.es\/wp-content\/smush-avif\/2025\/07\/Parcela-Maria-de-la-Salut-07-1170x785.jpg.avif\";s:7:\"version\";i:8;}"],"rank_math_analytic_object_id":["418"]},"_links":{"self":[{"href":"https:\/\/www.mallorcaguru.es\/de\/wp-json\/wp\/v2\/properties\/261147","targetHints":{"allow":["GET"]}}],"collection":[{"href":"https:\/\/www.mallorcaguru.es\/de\/wp-json\/wp\/v2\/properties"}],"about":[{"href":"https:\/\/www.mallorcaguru.es\/de\/wp-json\/wp\/v2\/types\/property"}],"author":[{"embeddable":true,"href":"https:\/\/www.mallorcaguru.es\/de\/wp-json\/wp\/v2\/users\/1"}],"version-history":[{"count":0,"href":"https:\/\/www.mallorcaguru.es\/de\/wp-json\/wp\/v2\/properties\/261147\/revisions"}],"wp:featuredmedia":[{"embeddable":true,"href":"https:\/\/www.mallorcaguru.es\/de\/wp-json\/wp\/v2\/media\/254420"}],"wp:attachment":[{"href":"https:\/\/www.mallorcaguru.es\/de\/wp-json\/wp\/v2\/media?parent=261147"}],"wp:term":[{"taxonomy":"property_type","embeddable":true,"href":"https:\/\/www.mallorcaguru.es\/de\/wp-json\/wp\/v2\/property_type?post=261147"},{"taxonomy":"property_status","embeddable":true,"href":"https:\/\/www.mallorcaguru.es\/de\/wp-json\/wp\/v2\/property_status?post=261147"},{"taxonomy":"property_feature","embeddable":true,"href":"https:\/\/www.mallorcaguru.es\/de\/wp-json\/wp\/v2\/property_feature?post=261147"},{"taxonomy":"property_label","embeddable":true,"href":"https:\/\/www.mallorcaguru.es\/de\/wp-json\/wp\/v2\/property_label?post=261147"},{"taxonomy":"property_country","embeddable":true,"href":"https:\/\/www.mallorcaguru.es\/de\/wp-json\/wp\/v2\/property_country?post=261147"},{"taxonomy":"property_state","embeddable":true,"href":"https:\/\/www.mallorcaguru.es\/de\/wp-json\/wp\/v2\/property_state?post=261147"},{"taxonomy":"property_city","embeddable":true,"href":"https:\/\/www.mallorcaguru.es\/de\/wp-json\/wp\/v2\/property_city?post=261147"},{"taxonomy":"property_area","embeddable":true,"href":"https:\/\/www.mallorcaguru.es\/de\/wp-json\/wp\/v2\/property_area?post=261147"}],"curies":[{"name":"wp","href":"https:\/\/api.w.org\/{rel}","templated":true}]}}

Grundstück zum Verkauf in Maria de La Salut

<h2><span style="font-size: 12pt;">Ein ländliches Grundstück von 14.965 m² im Süden des Dorfes Maria de la Salut.</span></h2>
<p>Das Anwesen besteht aus sechs angrenzenden Grundstücken mit einer Gesamtfläche von 14.965 m². Diese können auf Anfrage beim Rathaus von Maria de la Salut zusammengelegt und eine Baugenehmigung beantragt werden.</p>
<p>Es besteht die Möglichkeit, ein bestehendes Gebäude mit 141 m² (Baujahr 1940) zu renovieren oder einen Plan für ein neues zweistöckiges Einfamilienhaus mit ca. 200 m² Wohnfläche und Swimmingpool zu erstellen.</p>
<p>Das Anwesen verfügt über reichlich Wasser aus einem eigenen Brunnen, der zur Bewässerung eines Orangen- und Aprikosengartens unterhalb des bestehenden Gebäudes auf dem Grundstück sowie zur Pflege eines kleinen Oliven- und Kiefernhains genutzt wurde.</p>
<p>Vom oberen Bereich des Grundstücks, der der Straße von Maria de la Salut am nächsten liegt, bietet sich ein Panoramablick auf die Landschaft in Richtung San Salvador. Der Zugang von Maria de la Salut ist weniger als 1 km entfernt, sodass Sie das Dorf bequem zu Fuß erreichen können. Die Strände von Playa de Muro, Son Serra de Marina und die Bucht von Alcudia sind in 20 Autominuten erreichbar.</p>
<p>Dies ist eine einmalige Gelegenheit. Die Umgebung ist ruhig und bietet die Möglichkeit, ein privates Landhaus zu planen und zu bauen, das nur wenige Minuten von einem ruhigen mallorquinischen Dorf entfernt liegt.</p>
<h2><span style="font-size: 12pt;">Kontaktieren Sie uns für weitere Informationen zu diesem ländlichen Grundstück in Maria de la Salut.</span></h2>
<h2><span style="font-size: 12pt;"><a href="https://www.mallorcaguru.es/de/dorf/immobilien-zum-verkauf-maria-de-la-salut-mallorca/" target="_blank" rel="noopener">Maria de la Salut</a>, Mallorca</span></h2>
<p>Im Zentrum der Insel gelegen und mit guter Verkehrsanbindung an Palma de Mallorca und die Strände im Norden der Insel. Es grenzt an die Gemeinden Lubi, Santa Margalida, Ariany und Sineu. Es handelt sich um ein kleines, ruhiges, landwirtschaftlich geprägtes Dorf in Küstennähe mit Forst- und Ackerland, das von traditionellen Trockenmauern umgeben ist.</p>
<p>Informationen zum Bauen auf Mallorca und zum Kauf von ländlichen Grundstücken finden Sie in unserem Blog.</p>
<h4><a href="https://www.mallorcaguru.es/de/hausbau-auf-mallorca/" target="_blank" rel="noopener">Hausbau auf Mallorca</a></h4>
<h4><a href="https://www.mallorcaguru.es/de/landnutzungsverordnungen-verstehen/" target="_blank" rel="noopener">Vorschriften für ländliche Grundstücke auf Mallorca</a></h4>
<h4><a href="https://www.mallorcaguru.es/de/grundstuecke-auf-mallorca-kaufen/" target="_blank" rel="noopener">Grundstücke auf Mallorca kaufen – städtische und ländliche Grundstücke.</a></h4>
<h4></h4>

<p>Grundstück zum Verkauf in Maria de La Salut. Ein ländliches Grundstück von 14965 m² auf der Südseite des Dorfes Maria de la Salut.</p>
