{"id":350871,"date":"2026-04-29T17:54:45","date_gmt":"2026-04-29T15:54:45","guid":{"rendered":"https:\/\/www.mallorcaguru.es\/property\/gebaeude-zum-verkauf-in-mancor-de-la-vall\/"},"modified":"2026-04-29T18:00:50","modified_gmt":"2026-04-29T16:00:50","slug":"gebaeude-zum-verkauf-in-mancor-de-la-vall","status":"publish","type":"property","link":"https:\/\/www.mallorcaguru.es\/de\/immobilien\/gebaeude-zum-verkauf-in-mancor-de-la-vall\/","title":{"rendered":"Geb\u00e4ude zum Verkauf in Mancor de la Vall"},"content":{"rendered":"<h2><span style=\"font-size: 12pt;\">Emblematisches Geb\u00e4ude zum Verkauf in Mancor de la Vall auf Mallorca.<\/span><\/h2>\n<p>Wir pr\u00e4sentieren Ihnen dieses prachtvolle Stadthaus im Herzen des Dorfes Mancor de la Vall auf Mallorca, ein emblematisches Geb\u00e4ude mit drei Etagen.<br \/>\nDie Immobilie verf\u00fcgt \u00fcber eine Gesamtfl\u00e4che von ca. 100 m\u00b2 im Erdgeschoss sowie ein zus\u00e4tzliches Zwischengeschoss, ideal zur individuellen Gestaltung als zus\u00e4tzlicher Wohnraum oder Lagerraum.<br \/>\nIm ersten Obergeschoss finden Sie ca. 50 m\u00b2 Nutzfl\u00e4che sowie gro\u00dfz\u00fcgige Terrassen mit weiteren 40 m\u00b2, perfekt, um das mediterrane Klima im Freien zu genie\u00dfen.<br \/>\nDas zweite Obergeschoss bietet weitere 50 m\u00b2, auf denen Sie Ihr Traumhaus oder einen weiteren attraktiven Wohnbereich gestalten k\u00f6nnen.<\/p>\n<p>Dies ist eine einzigartige Gelegenheit, da eine horizontale Teilung m\u00f6glich ist, wodurch bis zu drei unabh\u00e4ngige Immobilien geschaffen werden k\u00f6nnen; daher stellt es ein au\u00dfergew\u00f6hnlich attraktives Angebot f\u00fcr Investoren dar, die Rentabilit\u00e4t im Immobiliensektor suchen.<\/p>\n<p>Kontaktieren Sie uns f\u00fcr Informationen \u00fcber dieses emblematische Geb\u00e4ude zum Verkauf in Mancor de la Vall auf Mallorca<\/p>\n<h3><span style=\"font-size: 12pt;\">Mancor de la Vall ist ein kleines Dorf in den H\u00fcgeln unterhalb der Serra de Tramuntana.<\/span><\/h3>\n<p>Es ist ruhig und beschaulich, abgesehen vom November jeden Jahres, wenn dort das ber\u00fchmte Pilzfestival \u00fcber ein langes Wochenende stattfindet.<\/p>\n","protected":false},"excerpt":{"rendered":"<p>Geb\u00e4ude zum Verkauf in Mancor de la Vall <\/p>\n","protected":false},"author":1,"featured_media":350870,"parent":0,"menu_order":0,"template":"","property_type":[470],"property_status":[757],"property_feature":[2328,1024,1380,1149,940,1771,1766,1076,936,2850,906,907,1348,2467,1154,1379],"property_label":[],"property_country":[754],"property_state":[756,554],"property_city":[647],"property_area":[],"class_list":["post-350871","property","type-property","status-publish","has-post-thumbnail","hentry","property_type-dorfhaus-zu-verkaufen-mallorca","property_status-immobilien-zum-verkauf-mallorca","property_feature-immobilien-zu-verkaufen-mallorca-immobilien-eigenschaften-innenausstattung-bodenbelag","property_feature-immobilien-eigenschaften-immobilien-verkauf-mallorca-immobilien-standort-das-innere-mallorca","property_feature-immobilien-merkmale-immobilien-verkauf-mallorca-immobilien-garten","property_feature-objekteigenschaften-immobilienverkauf-mallorca-immobilienlage-in-der-nahe-der-oeffentlichen-verkehrsmittel","property_feature-immobilien-eigenschaften-immobilien-verkauf-mallorca-immobilien-lage-in-der-nahe-von-restaurants","property_feature-immobilien-zu-verkaufen-mallorca-immobilie-merkmale-innenausstattung","property_feature-immobilien-eigenschaften-immobilien-verkauf-mallorca-immobilien-lage","property_feature-immobilien-eigenschaften-immobilien-verkauf-mallorca-immobilien-lage-traditionelles-dorf","property_feature-immobilieneigenschaften-immobilienverkauf-mallorca-immobilienlage-in-der-nahe-aller-annehmlichkeiten","property_feature-immobilien-zum-verkauf-mallorca-versorger-immobilie-eigenschaften-abwasseranschluss","property_feature-immobilien-zum-verkauf-mallorca-versorger-immobilien-eigenschaften-strom-vorhanden","property_feature-immobilien-zu-verkaufen-mallorca-versorger-immobilien-eigenschaften-wasservorhanden","property_feature-immobilien-eigenschaften-immobilien-verkauf-mallorca-immobilie-garten-terrasse","property_feature-immobilien-zum-verkauf-mallorca-immobilien-eigenschaften-innenausstattung-terrazzo","property_feature-immobilien-zum-verkauf-mallorca-immobilie-eigenschaften-innenausstattung-traditionelles-interieur","property_feature-immobilien-zum-verkauf-mallorca-versorger-oeffentliche-dienste","property_country-zu-verkaufen-mallorca-spanien-mallorca-immobilien-guru","property_state-immobilien-zum-verkauf-auf-mallorca","property_state-immobilien-zum-verkauf-auf-raiguer-mallorca","property_city-immobilien-zum-verkauf-mancor-de-la-vall-mallorca"],"property_meta":{"has_images":["1"],"rank_math_internal_links_processed":["1"],"_last_translation_edit_mode":["native-editor"],"houzez_featured_listing_date":[""],"_top_nav_excluded":[""],"_cms_nav_minihome":[""],"_wp_page_template":["default"],"fave_property_price":["399000"],"fave_property_size":["278"],"fave_property_size_prefix":["m2"],"fave_property_land":["99"],"fave_property_land_postfix":["m2"],"fave_property_bedrooms":["6"],"fave_property_bathrooms":["2"],"fave_property_id":["A8102"],"fave_property_map":["1"],"fave_property_map_address":["Carrer Principal, 07312 Mancor de la Vall, Illes Balears, Spanien"],"fave_property_location":["39.7499966,2.8728444,19"],"houzez_geolocation_lat":["39.7499966"],"houzez_geolocation_long":["2.8728444"],"fave_property_map_street_view":["hide"],"fave_property_address":["Carrer Principal, 07312 Mancor de la Vall, Illes Balears, Spanien"],"fave_property_zip":["07312"],"fave_prop_homeslider":["no"],"fave_energy_class":["G"],"rank_math_focus_keyword":["Geb\u00e4ude zum Verkauf in Mancor de la Vall"],"_thumbnail_id":["350870"],"_wpml_word_count":["245"],"_edit_lock":["1777478329:1"],"rank_math_seo_score":["65"],"_edit_last":["1"],"fave_show_price_placeholder":["0"],"fave_portal_1754226254":["1"],"fave_portal_1754598704":["1"],"houzez_manual_expire":["0"],"_houzez_expiration_date_status":["saved"],"fave_featured":["0"],"fave_property_images":["350855","350856","350854","350845","350852","350846","350847","350849","350848","350851","350850","350853"],"fave_agent_display_option":["agent_info"],"fave_agents":["5167"],"fave_single_top_area":["global"],"fave_single_content_area":["global"],"rank_math_analytic_object_id":["1283"],"houzez_total_property_views":["5"],"houzez_views_by_date":["a:1:{s:10:\"04-29-2026\";i:5;}"],"houzez_recently_viewed":["2026-04-29 23:45:27"],"_elementor_page_assets":["a:0:{}"]},"_links":{"self":[{"href":"https:\/\/www.mallorcaguru.es\/de\/wp-json\/wp\/v2\/properties\/350871","targetHints":{"allow":["GET"]}}],"collection":[{"href":"https:\/\/www.mallorcaguru.es\/de\/wp-json\/wp\/v2\/properties"}],"about":[{"href":"https:\/\/www.mallorcaguru.es\/de\/wp-json\/wp\/v2\/types\/property"}],"author":[{"embeddable":true,"href":"https:\/\/www.mallorcaguru.es\/de\/wp-json\/wp\/v2\/users\/1"}],"version-history":[{"count":0,"href":"https:\/\/www.mallorcaguru.es\/de\/wp-json\/wp\/v2\/properties\/350871\/revisions"}],"wp:featuredmedia":[{"embeddable":true,"href":"https:\/\/www.mallorcaguru.es\/de\/wp-json\/wp\/v2\/media\/350870"}],"wp:attachment":[{"href":"https:\/\/www.mallorcaguru.es\/de\/wp-json\/wp\/v2\/media?parent=350871"}],"wp:term":[{"taxonomy":"property_type","embeddable":true,"href":"https:\/\/www.mallorcaguru.es\/de\/wp-json\/wp\/v2\/property_type?post=350871"},{"taxonomy":"property_status","embeddable":true,"href":"https:\/\/www.mallorcaguru.es\/de\/wp-json\/wp\/v2\/property_status?post=350871"},{"taxonomy":"property_feature","embeddable":true,"href":"https:\/\/www.mallorcaguru.es\/de\/wp-json\/wp\/v2\/property_feature?post=350871"},{"taxonomy":"property_label","embeddable":true,"href":"https:\/\/www.mallorcaguru.es\/de\/wp-json\/wp\/v2\/property_label?post=350871"},{"taxonomy":"property_country","embeddable":true,"href":"https:\/\/www.mallorcaguru.es\/de\/wp-json\/wp\/v2\/property_country?post=350871"},{"taxonomy":"property_state","embeddable":true,"href":"https:\/\/www.mallorcaguru.es\/de\/wp-json\/wp\/v2\/property_state?post=350871"},{"taxonomy":"property_city","embeddable":true,"href":"https:\/\/www.mallorcaguru.es\/de\/wp-json\/wp\/v2\/property_city?post=350871"},{"taxonomy":"property_area","embeddable":true,"href":"https:\/\/www.mallorcaguru.es\/de\/wp-json\/wp\/v2\/property_area?post=350871"}],"curies":[{"name":"wp","href":"https:\/\/api.w.org\/{rel}","templated":true}]}}

Gebäude zum Verkauf in Mancor de la Vall

<h2><span style="font-size: 12pt;">Emblematisches Gebäude zum Verkauf in Mancor de la Vall auf Mallorca.</span></h2>
<p>Wir präsentieren Ihnen dieses prachtvolle Stadthaus im Herzen des Dorfes Mancor de la Vall auf Mallorca, ein emblematisches Gebäude mit drei Etagen.<br />
Die Immobilie verfügt über eine Gesamtfläche von ca. 100 m² im Erdgeschoss sowie ein zusätzliches Zwischengeschoss, ideal zur individuellen Gestaltung als zusätzlicher Wohnraum oder Lagerraum.<br />
Im ersten Obergeschoss finden Sie ca. 50 m² Nutzfläche sowie großzügige Terrassen mit weiteren 40 m², perfekt, um das mediterrane Klima im Freien zu genießen.<br />
Das zweite Obergeschoss bietet weitere 50 m², auf denen Sie Ihr Traumhaus oder einen weiteren attraktiven Wohnbereich gestalten können.</p>
<p>Dies ist eine einzigartige Gelegenheit, da eine horizontale Teilung möglich ist, wodurch bis zu drei unabhängige Immobilien geschaffen werden können; daher stellt es ein außergewöhnlich attraktives Angebot für Investoren dar, die Rentabilität im Immobiliensektor suchen.</p>
<p>Kontaktieren Sie uns für Informationen über dieses emblematische Gebäude zum Verkauf in Mancor de la Vall auf Mallorca</p>
<h3><span style="font-size: 12pt;">Mancor de la Vall ist ein kleines Dorf in den Hügeln unterhalb der Serra de Tramuntana.</span></h3>
<p>Es ist ruhig und beschaulich, abgesehen vom November jeden Jahres, wenn dort das berühmte Pilzfestival über ein langes Wochenende stattfindet.</p>

<p>Gebäude zum Verkauf in Mancor de la Vall </p>
