{"id":27984,"date":"2022-06-22T18:55:32","date_gmt":"2022-06-22T16:55:32","guid":{"rendered":"https:\/\/www.mallorcaguru.es\/property\/propiedad-comercial-en-venta-en-mallorca\/"},"modified":"2025-09-09T15:52:08","modified_gmt":"2025-09-09T13:52:08","slug":"cafe-en-venta-en-mallorca","status":"publish","type":"property","link":"https:\/\/www.mallorcaguru.es\/es\/propiedad\/cafe-en-venta-en-mallorca\/","title":{"rendered":"Caf\u00e9 en venta en Mallorca"},"content":{"rendered":"\r\n<h2><strong><span style=\"font-size: 12pt;\">Caf\u00e9 en venta en Mallorca en el pueblo de Binissalem.<\/span><\/strong><\/h2>\r\n<p>Planta baja de 173m2 distribuidos en 108m2 de cafeter\u00eda\/bar con dos accesos en esquina con ventanas a la calle a cada lado.<\/p>\r\n<p>65 m\u00b2 adicionales con tres ba\u00f1os, cocina industrial, trastero y dos entradas: una desde la escalera interior del edificio y otra desde la calle. La propiedad cuenta con una cocina industrial totalmente equipada y un bar completamente amueblado. Se encuentra en una plaza del casco hist\u00f3rico del pueblo, junto a un parque p\u00fablico, una biblioteca, un centro cultural y una galer\u00eda de arte.<\/p>\r\n<p>Binissalem es el principal pueblo de la mayor regi\u00f3n vin\u00edcola de Mallorca <a href=\"https:\/\/www.mallorcaguru.es\/es\/regiones-vinicolas-de-mallorca\/\" target=\"_blank\" rel=\"noopener\">DO de Binissalem<\/a>, popular entre el turismo cultural del interior de Mallorca y los ciclistas.<\/p>\r\n<h3><span style=\"font-size: 12pt;\"><a href=\"https:\/\/www.mallorcaguru.es\/es\/pueblo\/en-venta-binissalem-mallorca\/\" target=\"_blank\" rel=\"noopener\">Binissalem<\/a> Mallorca within the county of the <a href=\"https:\/\/www.mallorcaguru.es\/es\/inmuebles-en-el-centro-de-mallorca\/\" target=\"_blank\" rel=\"noopener\">Raiguer<\/a> Mallorca. <\/span><\/h3>\r\n<p>Binissalem Mallorca se encuentra en la comarca del Raiguer. Situado en el centro de la isla, con buenas conexiones de transporte con Palma de Mallorca y las playas del norte, Binissalem es un peque\u00f1o y vibrante pueblo. Famoso por su producci\u00f3n vin\u00edcola, es la Denominaci\u00f3n de Origen m\u00e1s antigua y grande de Mallorca. Desde sus or\u00edgenes, una comunidad adinerada, Binissalem cuenta con numerosos edificios hist\u00f3ricos de gran tama\u00f1o construidos con la piedra local que le da fama. El asentamiento original era de origen \u00e1rabe; el nombre del pueblo significa &#8220;hijos de la paz&#8221; (Binis) o &#8220;salvaci\u00f3n&#8221; (Salem). Biniagual es una peque\u00f1a aldea que forma parte del municipio.<\/p>\r\n","protected":false},"excerpt":{"rendered":"<p>Caf\u00e9 en venta en el pueblo de Binissalem Mallorca Planta baja de 173m2 divididos en 108m2 de cafeter\u00eda\/bar<\/p>\n","protected":false},"author":1,"featured_media":0,"parent":0,"menu_order":704,"template":"","property_type":[395],"property_status":[761],"property_feature":[956,2250,1163,850,849,1539,1053,1043,2237,1079,1267,2098,1387,1767,1392,2203,1290],"property_label":[],"property_country":[758],"property_state":[760,556],"property_city":[566],"property_area":[682],"class_list":["post-27984","property","type-property","status-publish","hentry","property_type-propiedades-comerciales-en-venta-mallorca","property_status-propiedades-en-venta-mallorca","property_feature-inmobiliaria-en-venta-mallorca-utilidades-inmueble-caracteristicas-adsl-fibra-optica","property_feature-inmobiliario-en-venta-mallorca-servicios-inmueble-caracteristicas-alcantarillado-conectado","property_feature-propiedad-venta-mallorca-inmueble-caracteristicas-estado-del-inmueble","property_feature-inmobiliaria-en-venta-mallorca-servicios-publicos-conexion-de-agua","property_feature-inmobiliaria-en-venta-mallorca-servicios-publicos-contrato-de-luz","property_feature-inmobiliaria-en-venta-mallorca-inmobiliaria-documentos","property_feature-inmobiliaria-en-venta-mallorca-propiedad-documentos-escrituras-de-propiedad","property_feature-inmueble-caracteristicas-inmueble-venta-mallorca-inmueble-ubicacion-interior-de-mallorca","property_feature-inmobiliaria-en-venta-mallorca-inmueble-caracteristicas-seguridad-ventanas-persianas","property_feature-inmueble-caracteristicas-inmueble-venta-mallorca-inmueble-ubicacion-tradicional-pueblo","property_feature-propiedad-venta-mallorca-inmueble-caracteristicas-estado-reforma-necesaria","property_feature-inmobiliaria-en-venta-en-mallorca-con-sistema-de-seguridad","property_feature-inmobiliaria-en-venta-mallorca-utilidades-servicios-publicos","property_feature-propiedad-caracteristicas-propiedad-ventas-mallorca-propiedad-ubicacion","property_feature-inmobiliaria-en-venta-en-mallorca-con-excelentes-vistas","property_feature-inmobiliaria-en-mallorca-inmueble-vistas-urbano","property_feature-caracteristiques-immobles-venda-immobles-mallorca-immobles-ubicacio-zona-historica","property_country-en-venta-mallorca-espana-mallorca-property-guru","property_state-inmobiliaria-en-venta-en-mallorca","property_state-inmobiliaria-en-venta-en-mallorca-raiguer-central-mallorca","property_city-en-venta-binissalem-mallorca","property_area-denominacion-de-origen-binissalem-vino-de-mallorca"],"property_meta":{"_elementor_document_usage":["a:0:{}"],"_wpml_media_duplicate":["1"],"_wpml_media_featured":["1"],"_top_nav_excluded":[""],"_cms_nav_minihome":[""],"houzez_geolocation_lat":["39.686305"],"houzez_geolocation_long":["2.8444414"],"_last_translation_edit_mode":["native-editor"],"houzez_total_property_views":["1650"],"houzez_views_by_date":["a:61:{s:10:\"01-27-2026\";i:1;s:10:\"01-28-2026\";i:1;s:10:\"01-29-2026\";i:2;s:10:\"01-30-2026\";i:1;s:10:\"01-31-2026\";i:1;s:10:\"02-04-2026\";i:3;s:10:\"02-05-2026\";i:2;s:10:\"02-06-2026\";i:1;s:10:\"02-09-2026\";i:1;s:10:\"02-10-2026\";i:1;s:10:\"02-11-2026\";i:2;s:10:\"02-12-2026\";i:1;s:10:\"02-14-2026\";i:2;s:10:\"02-16-2026\";i:1;s:10:\"02-17-2026\";i:1;s:10:\"02-18-2026\";i:3;s:10:\"02-19-2026\";i:1;s:10:\"02-20-2026\";i:2;s:10:\"02-22-2026\";i:1;s:10:\"02-23-2026\";i:1;s:10:\"02-24-2026\";i:1;s:10:\"02-26-2026\";i:1;s:10:\"02-28-2026\";i:1;s:10:\"03-01-2026\";i:3;s:10:\"03-02-2026\";i:5;s:10:\"03-04-2026\";i:3;s:10:\"03-05-2026\";i:1;s:10:\"03-06-2026\";i:1;s:10:\"03-08-2026\";i:2;s:10:\"03-09-2026\";i:1;s:10:\"03-12-2026\";i:1;s:10:\"03-14-2026\";i:3;s:10:\"03-15-2026\";i:3;s:10:\"03-17-2026\";i:1;s:10:\"03-18-2026\";i:1;s:10:\"03-21-2026\";i:1;s:10:\"03-22-2026\";i:3;s:10:\"03-23-2026\";i:3;s:10:\"03-26-2026\";i:1;s:10:\"03-27-2026\";i:1;s:10:\"04-01-2026\";i:2;s:10:\"04-02-2026\";i:1;s:10:\"04-03-2026\";i:1;s:10:\"04-04-2026\";i:1;s:10:\"04-05-2026\";i:1;s:10:\"04-06-2026\";i:2;s:10:\"04-08-2026\";i:1;s:10:\"04-11-2026\";i:1;s:10:\"04-12-2026\";i:2;s:10:\"04-13-2026\";i:2;s:10:\"04-16-2026\";i:1;s:10:\"04-19-2026\";i:1;s:10:\"04-20-2026\";i:2;s:10:\"04-21-2026\";i:1;s:10:\"04-22-2026\";i:1;s:10:\"04-23-2026\";i:1;s:10:\"04-24-2026\";i:2;s:10:\"04-26-2026\";i:1;s:10:\"04-27-2026\";i:1;s:10:\"04-28-2026\";i:1;s:10:\"04-29-2026\";i:1;}"],"houzez_recently_viewed":["2026-04-29 11:24:27"],"_edit_lock":["1757425795:1"],"_edit_last":["1"],"_b2s_post_meta":["a:7:{s:8:\"og_title\";s:40:\"Propiedad Comercial en Venta en Mallorca\";s:7:\"og_desc\";s:160:\"Cafeter\u00eda en venta en el pueblo de Binissalem Mallorca Planta baja de 173m2 repartidos en 108m2 de cafeter\u00eda\/bar con dos accesos a esquina con ventanales en l\";s:8:\"og_image\";s:0:\"\";s:12:\"og_image_alt\";s:0:\"\";s:10:\"card_title\";s:40:\"Propiedad Comercial en Venta en Mallorca\";s:9:\"card_desc\";s:160:\"Cafeter\u00eda en venta en el pueblo de Binissalem Mallorca Planta baja de 173m2 repartidos en 108m2 de cafeter\u00eda\/bar con dos accesos a esquina con ventanales en l\";s:10:\"card_image\";s:0:\"\";}"],"houzez_manual_expire":["0"],"_houzez_expiration_date_status":["saved"],"_wpml_word_count":["268"],"_wp_page_template":["default"],"fave_property_disclaimer":["EXENCI\u00d3N DE RESPONSABILIDAD Toda la informaci\u00f3n contenida en este sitio web se considera confiable pero no est\u00e1 garantizada. Todas las propiedades est\u00e1n sujetas a previo aviso de venta, cambio o retiro. Mallorca Property Guru cree que toda la informaci\u00f3n es correcta, pero no asume ninguna responsabilidad legal por su exactitud. Debe consultar a sus asesores para una verificaci\u00f3n independiente de cualquier propiedad."],"houzez_featured_listing_date":[""],"algolia_searchable_posts_records_count":["1"],"algolia_posts_property_records_count":["1"],"fave_show_price_placeholder":["0"],"_wpscppro_advance_schedule":[""],"_facebook_share_type":["default"],"_twitter_share_type":["default"],"_linkedin_share_type":["default"],"_pinterest_share_type":["default"],"_instagram_share_type":["default"],"_medium_share_type":["default"],"_selected_social_profile":["a:0:{}"],"rank_math_primary_property_type":["344"],"rank_math_primary_property_status":["29"],"rank_math_primary_property_label":["1120"],"rank_math_primary_property_country":["65"],"rank_math_primary_property_state":["341"],"rank_math_primary_property_city":["67"],"rank_math_primary_property_area":["679"],"rank_math_primary_property_feature":["0"],"rank_math_breadcrumb_title":["Caf\u00e9 zum Verkauf auf Mallorca"],"rank_math_pillar_content":["off"],"rank_math_news_sitemap_robots":["index"],"rank_math_robots":["a:1:{i:0;s:5:\"index\";}"],"rank_math_seo_score":["66"],"ilj_blacklistdefinition":["a:0:{}"],"ilj_linkdefinition":["a:0:{}"],"_wpsp_custom_templates":["a:7:{s:8:\"facebook\";a:3:{s:8:\"template\";s:0:\"\";s:8:\"profiles\";a:0:{}s:9:\"is_global\";b:0;}s:7:\"twitter\";a:3:{s:8:\"template\";s:0:\"\";s:8:\"profiles\";a:0:{}s:9:\"is_global\";b:0;}s:8:\"linkedin\";a:3:{s:8:\"template\";s:0:\"\";s:8:\"profiles\";a:0:{}s:9:\"is_global\";b:0;}s:9:\"pinterest\";a:3:{s:8:\"template\";s:0:\"\";s:8:\"profiles\";a:0:{}s:9:\"is_global\";b:0;}s:9:\"instagram\";a:3:{s:8:\"template\";s:0:\"\";s:8:\"profiles\";a:0:{}s:9:\"is_global\";b:0;}s:6:\"medium\";a:3:{s:8:\"template\";s:0:\"\";s:8:\"profiles\";a:0:{}s:9:\"is_global\";b:0;}s:7:\"threads\";a:3:{s:8:\"template\";s:0:\"\";s:8:\"profiles\";a:0:{}s:9:\"is_global\";b:0;}}"],"fave_property_bedrooms":["0"],"fave_portal_1754226254":["1"],"fave_portal_1754395991":["0"],"fave_portal_1754598704":["1"],"has_images":["1"],"rank_math_analytic_object_id":["742"],"fave_property_price":["340000"],"fave_property_size":["173"],"fave_property_size_prefix":["m2"],"fave_property_bathrooms":["3"],"fave_property_year":["1940"],"fave_property_id":["510"],"fave_property_map":["1"],"fave_property_map_address":["carrer des Sac, Binissalem, Raiguer, Islas Baleares, 07350, Espa\u00f1a"],"fave_property_location":["39.686305,2.8444414,17"],"fave_property_map_street_view":["show"],"fave_property_address":["carrer des Sac, Binissalem, Raiguer, Islas Baleares, 07350, Espa\u00f1a"],"fave_property_zip":["07350"],"fave_prop_homeslider":["no"],"rank_math_title":["Caf\u00e9 en venta en Mallorca %title% %sep%"],"rank_math_description":["Caf\u00e9 en venta en Mallorca en el pueblo de Binissalem Mallorca El centro de la regi\u00f3n vin\u00edcola m\u00e1s grande de Mallorca."],"rank_math_focus_keyword":["Caf\u00e9 en venta"],"_threads_share_type":["default"],"_google_business_share_type":["default"],"fave_featured":["0"],"fave_property_images":["288751","288736","288726","288720","288715","288731","288710","288705","288746","288741","288699","288694","288689","288684","288679","288674","288669","288664","288659","288654","288649"],"fave_agent_display_option":["agent_info"],"fave_agents":["5167"],"fave_single_top_area":["global"],"fave_single_content_area":["global"]},"_links":{"self":[{"href":"https:\/\/www.mallorcaguru.es\/es\/wp-json\/wp\/v2\/properties\/27984","targetHints":{"allow":["GET"]}}],"collection":[{"href":"https:\/\/www.mallorcaguru.es\/es\/wp-json\/wp\/v2\/properties"}],"about":[{"href":"https:\/\/www.mallorcaguru.es\/es\/wp-json\/wp\/v2\/types\/property"}],"author":[{"embeddable":true,"href":"https:\/\/www.mallorcaguru.es\/es\/wp-json\/wp\/v2\/users\/1"}],"version-history":[{"count":0,"href":"https:\/\/www.mallorcaguru.es\/es\/wp-json\/wp\/v2\/properties\/27984\/revisions"}],"wp:attachment":[{"href":"https:\/\/www.mallorcaguru.es\/es\/wp-json\/wp\/v2\/media?parent=27984"}],"wp:term":[{"taxonomy":"property_type","embeddable":true,"href":"https:\/\/www.mallorcaguru.es\/es\/wp-json\/wp\/v2\/property_type?post=27984"},{"taxonomy":"property_status","embeddable":true,"href":"https:\/\/www.mallorcaguru.es\/es\/wp-json\/wp\/v2\/property_status?post=27984"},{"taxonomy":"property_feature","embeddable":true,"href":"https:\/\/www.mallorcaguru.es\/es\/wp-json\/wp\/v2\/property_feature?post=27984"},{"taxonomy":"property_label","embeddable":true,"href":"https:\/\/www.mallorcaguru.es\/es\/wp-json\/wp\/v2\/property_label?post=27984"},{"taxonomy":"property_country","embeddable":true,"href":"https:\/\/www.mallorcaguru.es\/es\/wp-json\/wp\/v2\/property_country?post=27984"},{"taxonomy":"property_state","embeddable":true,"href":"https:\/\/www.mallorcaguru.es\/es\/wp-json\/wp\/v2\/property_state?post=27984"},{"taxonomy":"property_city","embeddable":true,"href":"https:\/\/www.mallorcaguru.es\/es\/wp-json\/wp\/v2\/property_city?post=27984"},{"taxonomy":"property_area","embeddable":true,"href":"https:\/\/www.mallorcaguru.es\/es\/wp-json\/wp\/v2\/property_area?post=27984"}],"curies":[{"name":"wp","href":"https:\/\/api.w.org\/{rel}","templated":true}]}}

Café en venta en Mallorca

<h2><strong><span style="font-size: 12pt;">Café en venta en Mallorca en el pueblo de Binissalem.</span></strong></h2>
<p>Planta baja de 173m2 distribuidos en 108m2 de cafetería/bar con dos accesos en esquina con ventanas a la calle a cada lado.</p>
<p>65 m² adicionales con tres baños, cocina industrial, trastero y dos entradas: una desde la escalera interior del edificio y otra desde la calle. La propiedad cuenta con una cocina industrial totalmente equipada y un bar completamente amueblado. Se encuentra en una plaza del casco histórico del pueblo, junto a un parque público, una biblioteca, un centro cultural y una galería de arte.</p>
<p>Binissalem es el principal pueblo de la mayor región vinícola de Mallorca <a href="https://www.mallorcaguru.es/es/regiones-vinicolas-de-mallorca/" target="_blank" rel="noopener">DO de Binissalem</a>, popular entre el turismo cultural del interior de Mallorca y los ciclistas.</p>
<h3><span style="font-size: 12pt;"><a href="https://www.mallorcaguru.es/es/pueblo/en-venta-binissalem-mallorca/" target="_blank" rel="noopener">Binissalem</a> Mallorca within the county of the <a href="https://www.mallorcaguru.es/es/inmuebles-en-el-centro-de-mallorca/" target="_blank" rel="noopener">Raiguer</a> Mallorca. </span></h3>
<p>Binissalem Mallorca se encuentra en la comarca del Raiguer. Situado en el centro de la isla, con buenas conexiones de transporte con Palma de Mallorca y las playas del norte, Binissalem es un pequeño y vibrante pueblo. Famoso por su producción vinícola, es la Denominación de Origen más antigua y grande de Mallorca. Desde sus orígenes, una comunidad adinerada, Binissalem cuenta con numerosos edificios históricos de gran tamaño construidos con la piedra local que le da fama. El asentamiento original era de origen árabe; el nombre del pueblo significa &#8220;hijos de la paz&#8221; (Binis) o &#8220;salvación&#8221; (Salem). Biniagual es una pequeña aldea que forma parte del municipio.</p>

<p>Café en venta en el pueblo de Binissalem Mallorca Planta baja de 173m2 divididos en 108m2 de cafetería/bar</p>

a:7:{s:8:"og_title";s:40:"Propiedad Comercial en Venta en Mallorca";s:7:"og_desc";s:160:"Cafetería en venta en el pueblo de Binissalem Mallorca Planta baja de 173m2 repartidos en 108m2 de cafetería/bar con dos accesos a esquina con ventanales en l";s:8:"og_image";s:0:"";s:12:"og_image_alt";s:0:"";s:10:"card_title";s:40:"Propiedad Comercial en Venta en Mallorca";s:9:"card_desc";s:160:"Cafetería en venta en el pueblo de Binissalem Mallorca Planta baja de 173m2 repartidos en 108m2 de cafetería/bar con dos accesos a esquina con ventanales en l";s:10:"card_image";s:0:"";}

EXENCIÓN DE RESPONSABILIDAD Toda la información contenida en este sitio web se considera confiable pero no está garantizada. Todas las propiedades están sujetas a previo aviso de venta, cambio o retiro. Mallorca Property Guru cree que toda la información es correcta, pero no asume ninguna responsabilidad legal por su exactitud. Debe consultar a sus asesores para una verificación independiente de cualquier propiedad.

Café zum Verkauf auf Mallorca

carrer des Sac, Binissalem, Raiguer, Islas Baleares, 07350, España

Café en venta en Mallorca %title% %sep%

Café en venta en Mallorca en el pueblo de Binissalem Mallorca El centro de la región vinícola más grande de Mallorca.

Café en venta
