{"id":289235,"date":"2025-09-09T22:07:48","date_gmt":"2025-09-09T20:07:48","guid":{"rendered":"https:\/\/www.mallorcaguru.es\/property\/casa-en-lloseta-en-venta-con-vistas\/"},"modified":"2026-02-11T12:17:37","modified_gmt":"2026-02-11T11:17:37","slug":"casa-en-lloseta-en-venta-con-vistas","status":"publish","type":"property","link":"https:\/\/www.mallorcaguru.es\/es\/propiedad\/casa-en-lloseta-en-venta-con-vistas\/","title":{"rendered":"Casa en Lloseta en venta con vistas"},"content":{"rendered":"<p>Casa en venta en Lloseta, en la parte alta del pueblo, con vistas abiertas al pueblo y al campo.<\/p>\n<h2><strong><span style=\"font-size: 12pt;\">La casa cuenta con dos viviendas independientes conectadas por un patio de 45 m\u00b2.<\/span><\/strong><\/h2>\n<p>Ofrece opciones para familias multigeneracionales o para obtener ingresos por alquiler.<\/p>\n<p>La primera parte de la casa, con un amplio recibidor, cuenta con dos habitaciones dobles, un luminoso sal\u00f3n-comedor, un ba\u00f1o completo y una cocina con peque\u00f1o comedor y acceso al patio. Existe la posibilidad de convertir una de las habitaciones en garaje.<\/p>\n<p>Desde el patio se accede a la segunda vivienda, que cuenta con una habitaci\u00f3n doble con vestidor y un ba\u00f1o completo. Un amplio sal\u00f3n-comedor y una cocina independiente. Esta parte tambi\u00e9n incluye un trastero y una zona de barbacoa.<\/p>\n<p>En la parte superior hay una azotea de 50 m\u00b2 que podr\u00eda transformarse en un apartamento independiente.<\/p>\n<p>La propiedad se encuentra en una zona tranquila y bien comunicada del pueblo, encima del teatro, con f\u00e1cil acceso a supermercados, transporte p\u00fablico, colegios y otros servicios esenciales.<\/p>\n<h3><strong><span style=\"font-size: 12pt;\"><a href=\"https:\/\/www.mallorcaguru.es\/es\/pueblo\/propiedad-en-venta-lloseta-mallorca\/\" target=\"_blank\" rel=\"noopener\">Lloseta<\/a> Mallorca.<\/span><\/strong><\/h3>\n<p>Situada en las colinas de la llanura central de Mallorca, Lloseta es una peque\u00f1a comunidad que fue el centro de la industria carbon\u00edfera y minera de Mallorca. En los \u00faltimos a\u00f1os, se ha centrado en el turismo, popular entre ciclistas y senderistas.<\/p>\n","protected":false},"excerpt":{"rendered":"<p>Casa en Lloseta en venta con vistas Tres dormitorios, dos ba\u00f1os, patio, jard\u00edn, vistas al campo.<\/p>\n","protected":false},"author":1,"featured_media":0,"parent":0,"menu_order":0,"template":"","property_type":[458],"property_status":[761],"property_feature":[2250,952,948,1301,955,1184,951,1162,1163,850,849,1043,1079,1387,1477,1767,759,1392,2203],"property_label":[],"property_country":[758],"property_state":[760,556],"property_city":[1133],"property_area":[],"class_list":["post-289235","property","type-property","status-publish","hentry","property_type-casa-de-pueblo-en-venta-en-mallorca","property_status-propiedades-en-venta-mallorca","property_feature-inmobiliario-en-venta-mallorca-servicios-inmueble-caracteristicas-alcantarillado-conectado","property_feature-inmueble-caracteristicas-inmueble-venta-mallorca-inmueble-ubicacion-area-urbana-barrio-residencial","property_feature-propiedad-venta-mallorca-inmueble-caracteristicas-estado-buen-estado","property_feature-inmueble-caracteristicas-inmueble-venta-mallorca-inmueble-ubicacion-cerca-de-centros-medicos","property_feature-inmueble-caracteristicas-inmueble-venta-mallorca-inmueble-ubicacion-cerca-de-restaurantes","property_feature-propiedad-caracteristicas-propiedad-venta-mallorca-propiedad-ubicacion-esta-cerca-de-tiendas","property_feature-propiedad-caracteristicas-propiedad-venta-mallorca-propiedad-ubicacion-cerca-de-todos-los-servicios","property_feature-inmueble-caracteristicas-inmueble-venta-mallorca-inmueble-ubicacion-cerca-del-transporte-publico","property_feature-propiedad-venta-mallorca-inmueble-caracteristicas-estado-del-inmueble","property_feature-inmobiliaria-en-venta-mallorca-servicios-publicos-conexion-de-agua","property_feature-inmobiliaria-en-venta-mallorca-servicios-publicos-contrato-de-luz","property_feature-inmueble-caracteristicas-inmueble-venta-mallorca-inmueble-ubicacion-interior-de-mallorca","property_feature-inmueble-caracteristicas-inmueble-venta-mallorca-inmueble-ubicacion-tradicional-pueblo","property_feature-inmobiliaria-en-venta-mallorca-utilidades-servicios-publicos","property_feature-inmueble-caracteristicas-inmueble-venta-mallorca-inmueble-ubicacion-cerca-de-escuelas","property_feature-propiedad-caracteristicas-propiedad-ventas-mallorca-propiedad-ubicacion","property_feature-inmobiliaria-en-mallorca-propiedad-vistas-campo","property_feature-inmobiliaria-en-venta-en-mallorca-con-excelentes-vistas","property_feature-inmobiliaria-en-mallorca-inmueble-vistas-urbano","property_country-en-venta-mallorca-espana-mallorca-property-guru","property_state-inmobiliaria-en-venta-en-mallorca","property_state-inmobiliaria-en-venta-en-mallorca-raiguer-central-mallorca","property_city-propiedad-en-venta-lloseta-mallorca"],"property_meta":{"rank_math_analytic_object_id":["844"],"_wpsp_custom_templates":["a:7:{s:8:\"facebook\";a:3:{s:8:\"template\";s:0:\"\";s:8:\"profiles\";a:0:{}s:9:\"is_global\";b:0;}s:7:\"twitter\";a:3:{s:8:\"template\";s:0:\"\";s:8:\"profiles\";a:0:{}s:9:\"is_global\";b:0;}s:8:\"linkedin\";a:3:{s:8:\"template\";s:0:\"\";s:8:\"profiles\";a:0:{}s:9:\"is_global\";b:0;}s:9:\"pinterest\";a:3:{s:8:\"template\";s:0:\"\";s:8:\"profiles\";a:0:{}s:9:\"is_global\";b:0;}s:9:\"instagram\";a:3:{s:8:\"template\";s:0:\"\";s:8:\"profiles\";a:0:{}s:9:\"is_global\";b:0;}s:6:\"medium\";a:3:{s:8:\"template\";s:0:\"\";s:8:\"profiles\";a:0:{}s:9:\"is_global\";b:0;}s:7:\"threads\";a:3:{s:8:\"template\";s:0:\"\";s:8:\"profiles\";a:0:{}s:9:\"is_global\";b:0;}}"],"houzez_featured_listing_date":[""],"_wpml_media_duplicate":["1"],"_wpml_media_featured":["1"],"_top_nav_excluded":[""],"_cms_nav_minihome":[""],"_wp_page_template":["default"],"houzez_geolocation_lat":["39.7175601"],"houzez_geolocation_long":["2.8638978"],"_wpml_word_count":["245"],"houzez_total_property_views":["214"],"houzez_views_by_date":["a:61:{s:10:\"01-18-2026\";i:2;s:10:\"01-21-2026\";i:2;s:10:\"01-23-2026\";i:1;s:10:\"01-24-2026\";i:1;s:10:\"01-25-2026\";i:1;s:10:\"01-26-2026\";i:2;s:10:\"01-27-2026\";i:2;s:10:\"01-29-2026\";i:3;s:10:\"01-30-2026\";i:3;s:10:\"02-03-2026\";i:3;s:10:\"02-04-2026\";i:1;s:10:\"02-05-2026\";i:1;s:10:\"02-06-2026\";i:2;s:10:\"02-07-2026\";i:2;s:10:\"02-09-2026\";i:1;s:10:\"02-11-2026\";i:7;s:10:\"02-12-2026\";i:1;s:10:\"02-14-2026\";i:1;s:10:\"02-15-2026\";i:1;s:10:\"02-16-2026\";i:1;s:10:\"02-17-2026\";i:1;s:10:\"02-20-2026\";i:2;s:10:\"02-21-2026\";i:3;s:10:\"02-22-2026\";i:1;s:10:\"02-23-2026\";i:2;s:10:\"02-25-2026\";i:1;s:10:\"02-26-2026\";i:1;s:10:\"02-28-2026\";i:1;s:10:\"03-01-2026\";i:1;s:10:\"03-03-2026\";i:1;s:10:\"03-05-2026\";i:1;s:10:\"03-08-2026\";i:2;s:10:\"03-09-2026\";i:1;s:10:\"03-12-2026\";i:1;s:10:\"03-15-2026\";i:4;s:10:\"03-16-2026\";i:1;s:10:\"03-19-2026\";i:2;s:10:\"03-22-2026\";i:1;s:10:\"03-23-2026\";i:1;s:10:\"03-25-2026\";i:2;s:10:\"03-27-2026\";i:2;s:10:\"03-28-2026\";i:1;s:10:\"03-29-2026\";i:3;s:10:\"03-30-2026\";i:1;s:10:\"04-01-2026\";i:1;s:10:\"04-03-2026\";i:1;s:10:\"04-05-2026\";i:2;s:10:\"04-08-2026\";i:1;s:10:\"04-09-2026\";i:1;s:10:\"04-10-2026\";i:1;s:10:\"04-12-2026\";i:1;s:10:\"04-13-2026\";i:2;s:10:\"04-16-2026\";i:2;s:10:\"04-18-2026\";i:2;s:10:\"04-20-2026\";i:1;s:10:\"04-21-2026\";i:1;s:10:\"04-23-2026\";i:3;s:10:\"04-26-2026\";i:1;s:10:\"04-27-2026\";i:3;s:10:\"04-28-2026\";i:1;s:10:\"04-29-2026\";i:5;}"],"houzez_recently_viewed":["2026-04-29 20:55:51"],"_edit_lock":["1770808524:1"],"rank_math_seo_score":["53"],"_edit_last":["1"],"_wpscppro_advance_schedule":[""],"fave_show_price_placeholder":["0"],"fave_portal_1754226254":["1"],"fave_portal_1754598704":["1"],"has_images":["1"],"rank_math_primary_property_type":["0"],"rank_math_primary_property_status":["0"],"rank_math_primary_property_feature":["0"],"rank_math_primary_property_label":["0"],"rank_math_primary_property_country":["0"],"rank_math_primary_property_state":["0"],"rank_math_primary_property_city":["0"],"rank_math_primary_property_area":["0"],"houzez_manual_expire":["0"],"_houzez_expiration_date_status":["saved"],"_facebook_share_type":["default"],"_twitter_share_type":["default"],"_linkedin_share_type":["default"],"_pinterest_share_type":["default"],"_instagram_share_type":["default"],"_medium_share_type":["default"],"_threads_share_type":["default"],"_google_business_share_type":["default"],"_selected_social_profile":["a:0:{}"],"_last_translation_edit_mode":["native-editor"],"fave_property_price":["455000"],"fave_property_size":["145"],"fave_property_size_prefix":["m2"],"fave_property_land":["270"],"fave_property_land_postfix":["m2"],"fave_property_bedrooms":["3"],"fave_property_bathrooms":["2"],"fave_property_year":["1940"],"fave_property_id":["900"],"fave_property_map":["1"],"fave_property_map_address":["Carrer Lluna, Lloseta, Spain"],"fave_property_location":["39.7175601,2.8638978,15"],"fave_property_map_street_view":["hide"],"fave_property_address":["Carrer Lluna, Lloseta, Spain"],"fave_property_zip":["07360"],"fave_prop_homeslider":["no"],"rank_math_focus_keyword":["Casa en Lloseta en venta"],"_wpml_media_has_media":["1"],"fave_featured":["0"],"fave_property_images":["289080","289067","289062","289057","289182","289177","289052","289091","289085","289113","289131","289118","289136","289108","289103","289172","289167","289162","289157","289146","289141"],"fave_agent_display_option":["agent_info"],"fave_agents":["5167"],"fave_single_top_area":["global"],"fave_single_content_area":["global"],"wp-smush-lcp-data-3de593d0d798a58b0004aa149fdb84f9":["a:6:{s:8:\"selector\";s:140:\"#houzez-single-listing-map > :nth-child(1) > .gm-style > :nth-child(1) > :nth-child(1) > :nth-child(5) > :nth-child(1) > :nth-child(2) > img\";s:14:\"selector_xpath\";s:118:\"\/html\/body\/main\/section\/div[2]\/div\/div[1]\/div[1]\/div\/div[2]\/div\/div\/div\/div\/div[3]\/div[1]\/div[1]\/div[5]\/div\/div[2]\/img\";s:11:\"selector_id\";s:0:\"\";s:14:\"selector_class\";s:0:\"\";s:9:\"image_url\";s:271:\"https:\/\/maps.google.com\/maps\/vt?pb=!1m5!1m4!1i14!2i8321!3i6219!4i256!2m3!1e0!2sm!3i772536252!3m13!2ses-ES!3sUS!5e18!12m5!1e68!2m2!1sset!2sRoadmap!4e2!12m3!1e37!2m1!1ssmartmaps!4e0!5m2!1e3!5f2!23i46991212!23i47054750&key=AIzaSyDhB8denJLUd3WybZaYV3dGriGVHyAiiSE&token=88575\";s:7:\"version\";i:8;}"],"_elementor_page_assets":["a:0:{}"]},"_links":{"self":[{"href":"https:\/\/www.mallorcaguru.es\/es\/wp-json\/wp\/v2\/properties\/289235","targetHints":{"allow":["GET"]}}],"collection":[{"href":"https:\/\/www.mallorcaguru.es\/es\/wp-json\/wp\/v2\/properties"}],"about":[{"href":"https:\/\/www.mallorcaguru.es\/es\/wp-json\/wp\/v2\/types\/property"}],"author":[{"embeddable":true,"href":"https:\/\/www.mallorcaguru.es\/es\/wp-json\/wp\/v2\/users\/1"}],"version-history":[{"count":0,"href":"https:\/\/www.mallorcaguru.es\/es\/wp-json\/wp\/v2\/properties\/289235\/revisions"}],"wp:attachment":[{"href":"https:\/\/www.mallorcaguru.es\/es\/wp-json\/wp\/v2\/media?parent=289235"}],"wp:term":[{"taxonomy":"property_type","embeddable":true,"href":"https:\/\/www.mallorcaguru.es\/es\/wp-json\/wp\/v2\/property_type?post=289235"},{"taxonomy":"property_status","embeddable":true,"href":"https:\/\/www.mallorcaguru.es\/es\/wp-json\/wp\/v2\/property_status?post=289235"},{"taxonomy":"property_feature","embeddable":true,"href":"https:\/\/www.mallorcaguru.es\/es\/wp-json\/wp\/v2\/property_feature?post=289235"},{"taxonomy":"property_label","embeddable":true,"href":"https:\/\/www.mallorcaguru.es\/es\/wp-json\/wp\/v2\/property_label?post=289235"},{"taxonomy":"property_country","embeddable":true,"href":"https:\/\/www.mallorcaguru.es\/es\/wp-json\/wp\/v2\/property_country?post=289235"},{"taxonomy":"property_state","embeddable":true,"href":"https:\/\/www.mallorcaguru.es\/es\/wp-json\/wp\/v2\/property_state?post=289235"},{"taxonomy":"property_city","embeddable":true,"href":"https:\/\/www.mallorcaguru.es\/es\/wp-json\/wp\/v2\/property_city?post=289235"},{"taxonomy":"property_area","embeddable":true,"href":"https:\/\/www.mallorcaguru.es\/es\/wp-json\/wp\/v2\/property_area?post=289235"}],"curies":[{"name":"wp","href":"https:\/\/api.w.org\/{rel}","templated":true}]}}

<p>Casa en venta en Lloseta, en la parte alta del pueblo, con vistas abiertas al pueblo y al campo.</p>
<h2><strong><span style="font-size: 12pt;">La casa cuenta con dos viviendas independientes conectadas por un patio de 45 m².</span></strong></h2>
<p>Ofrece opciones para familias multigeneracionales o para obtener ingresos por alquiler.</p>
<p>La primera parte de la casa, con un amplio recibidor, cuenta con dos habitaciones dobles, un luminoso salón-comedor, un baño completo y una cocina con pequeño comedor y acceso al patio. Existe la posibilidad de convertir una de las habitaciones en garaje.</p>
<p>Desde el patio se accede a la segunda vivienda, que cuenta con una habitación doble con vestidor y un baño completo. Un amplio salón-comedor y una cocina independiente. Esta parte también incluye un trastero y una zona de barbacoa.</p>
<p>En la parte superior hay una azotea de 50 m² que podría transformarse en un apartamento independiente.</p>
<p>La propiedad se encuentra en una zona tranquila y bien comunicada del pueblo, encima del teatro, con fácil acceso a supermercados, transporte público, colegios y otros servicios esenciales.</p>
<h3><strong><span style="font-size: 12pt;"><a href="https://www.mallorcaguru.es/es/pueblo/propiedad-en-venta-lloseta-mallorca/" target="_blank" rel="noopener">Lloseta</a> Mallorca.</span></strong></h3>
<p>Situada en las colinas de la llanura central de Mallorca, Lloseta es una pequeña comunidad que fue el centro de la industria carbonífera y minera de Mallorca. En los últimos años, se ha centrado en el turismo, popular entre ciclistas y senderistas.</p>

<p>Casa en Lloseta en venta con vistas Tres dormitorios, dos baños, patio, jardín, vistas al campo.</p>
