{"id":331907,"date":"2026-03-06T14:08:08","date_gmt":"2026-03-06T13:08:08","guid":{"rendered":"https:\/\/www.mallorcaguru.es\/property\/promocion-residencial-en-venta-en-binissalem\/"},"modified":"2026-03-06T14:32:28","modified_gmt":"2026-03-06T13:32:28","slug":"promocion-residencial-en-venta-en-binissalem","status":"publish","type":"property","link":"https:\/\/www.mallorcaguru.es\/es\/propiedad\/promocion-residencial-en-venta-en-binissalem\/","title":{"rendered":"Promoci\u00f3n residencial en venta en Binissalem"},"content":{"rendered":"<h2><span style=\"font-size: 12pt;\">Licencia de construcci\u00f3n de vivienda con proyecto aprobado, en venta en Binissalem con ocho viviendas, garaje y local comercial.<\/span><\/h2>\n<p>Ubicado en las afueras del centro hist\u00f3rico del pueblo, a solo unos minutos a pie de todos los servicios. Este conjunto de parcelas, con permiso de parcelaci\u00f3n concedido, cuenta con un anteproyecto aprobado para un garaje subterr\u00e1neo de 807,98 m\u00b2 con 21 plazas de aparcamiento y 8 trasteros.<br \/>\nUna planta baja de 678,82 m\u00b2 para uso comercial.<br \/>\nUna primera planta de 675,82 m\u00b2, destinada a 4 apartamentos, y una segunda planta de 674,82 m\u00b2, tambi\u00e9n destinada a 4 apartamentos.<br \/>\nBinissalem se encuentra a unos 25 minutos en coche o tren desde Palma, con excelente acceso a trav\u00e9s de la autopista Ma-13 y la l\u00ednea de tren que conecta Palma con Inca y Sa Pobla.<br \/>\nUn aut\u00e9ntico pueblo mallorqu\u00edn situado en la comarca del Raiguer, a medio camino entre Palma y la Serra de Tramuntana. Es conocido como la capital del vino de Mallorca, hogar de la prestigiosa Denominaci\u00f3n de Origen (DO) Binissalem. Con su arquitectura de piedra dorada, calles tranquilas, bodegas y un fuerte sentido de comunidad, Binissalem ofrece un estilo de vida relajado, rico en cultura y tradici\u00f3n.<br \/>\nUna comunidad unida con residentes locales y extranjeros. Tiendas, escuelas, restaurantes, bares y todo lo necesario para la vida diaria. Un ambiente rural sin aislamiento gracias a las excelentes conexiones de transporte por tren y carretera. Numerosos eventos culturales y tradiciones durante todo el a\u00f1o. Amplias rutas de senderismo y ciclismo en la campi\u00f1a cercana y las faldas de las monta\u00f1as. Un equilibrio entre la aut\u00e9ntica vida de pueblo y el potencial de inversi\u00f3n, ya que la demanda de todo tipo de propiedades residenciales es alta y crece cada a\u00f1o.<br \/>\nEsta promoci\u00f3n est\u00e1 lista para construcci\u00f3n inmediata, con permiso ya concedido, lo que reduce los plazos y proporciona seguridad jur\u00eddica a la inversi\u00f3n. Una oportunidad de inversi\u00f3n ideal para promotores que buscan un plazo corto desde la compra hasta la reventa. Para m\u00e1s informaci\u00f3n t\u00e9cnica o documentaci\u00f3n, cont\u00e1ctenos.<\/p>\n","protected":false},"excerpt":{"rendered":"<p>En venta en Binissalem Urbanizaci\u00f3n residencial con proyecto aprobado con ocho viviendas, garaje y local comercial.<\/p>\n","protected":false},"author":1,"featured_media":331905,"parent":0,"menu_order":0,"template":"","property_type":[383,427],"property_status":[761],"property_feature":[952,1301,955,1184,951,1162,1539,1043,1490,1079,1387,1477,1767,2257,2851,910,1392,2203],"property_label":[3864],"property_country":[758],"property_state":[760,556],"property_city":[566],"property_area":[682],"class_list":["post-331907","property","type-property","status-publish","has-post-thumbnail","hentry","property_type-apartamentos-en-venta-en-mallorca-espana","property_type-parcela-en-venta-en-mallorca","property_status-propiedades-en-venta-mallorca","property_feature-inmueble-caracteristicas-inmueble-venta-mallorca-inmueble-ubicacion-area-urbana-barrio-residencial","property_feature-inmueble-caracteristicas-inmueble-venta-mallorca-inmueble-ubicacion-cerca-de-centros-medicos","property_feature-inmueble-caracteristicas-inmueble-venta-mallorca-inmueble-ubicacion-cerca-de-restaurantes","property_feature-propiedad-caracteristicas-propiedad-venta-mallorca-propiedad-ubicacion-esta-cerca-de-tiendas","property_feature-propiedad-caracteristicas-propiedad-venta-mallorca-propiedad-ubicacion-cerca-de-todos-los-servicios","property_feature-inmueble-caracteristicas-inmueble-venta-mallorca-inmueble-ubicacion-cerca-del-transporte-publico","property_feature-inmobiliaria-en-venta-mallorca-inmobiliaria-documentos","property_feature-inmueble-caracteristicas-inmueble-venta-mallorca-inmueble-ubicacion-interior-de-mallorca","property_feature-licencia-de-construccion-basica","property_feature-inmueble-caracteristicas-inmueble-venta-mallorca-inmueble-ubicacion-tradicional-pueblo","property_feature-inmobiliaria-en-venta-mallorca-utilidades-servicios-publicos","property_feature-inmueble-caracteristicas-inmueble-venta-mallorca-inmueble-ubicacion-cerca-de-escuelas","property_feature-propiedad-caracteristicas-propiedad-ventas-mallorca-propiedad-ubicacion","property_feature-inmobiliaria-en-venta-mallorca-servicios-inmueble-caracteristicas-agua-disponible","property_feature-inmobiliaria-en-venta-mallorca-servicios-inmueble-caracteristicas-alcantarillado","property_feature-inmobiliaria-en-venta-mallorca-utilidades-inmobiliaria-caracteristicas-electricidad-disponible","property_feature-inmobiliaria-en-venta-en-mallorca-con-excelentes-vistas","property_feature-inmobiliaria-en-mallorca-inmueble-vistas-urbano","property_label-proyectos-de-construccion-en-venta-en-mallorca","property_country-en-venta-mallorca-espana-mallorca-property-guru","property_state-inmobiliaria-en-venta-en-mallorca","property_state-inmobiliaria-en-venta-en-mallorca-raiguer-central-mallorca","property_city-en-venta-binissalem-mallorca","property_area-denominacion-de-origen-binissalem-vino-de-mallorca"],"property_meta":{"rank_math_analytic_object_id":["1176"],"_wpsp_custom_templates":["a:7:{s:8:\"facebook\";a:3:{s:8:\"template\";s:0:\"\";s:8:\"profiles\";a:0:{}s:9:\"is_global\";b:0;}s:7:\"twitter\";a:3:{s:8:\"template\";s:0:\"\";s:8:\"profiles\";a:0:{}s:9:\"is_global\";b:0;}s:8:\"linkedin\";a:3:{s:8:\"template\";s:0:\"\";s:8:\"profiles\";a:0:{}s:9:\"is_global\";b:0;}s:9:\"pinterest\";a:3:{s:8:\"template\";s:0:\"\";s:8:\"profiles\";a:0:{}s:9:\"is_global\";b:0;}s:9:\"instagram\";a:3:{s:8:\"template\";s:0:\"\";s:8:\"profiles\";a:0:{}s:9:\"is_global\";b:0;}s:6:\"medium\";a:3:{s:8:\"template\";s:0:\"\";s:8:\"profiles\";a:0:{}s:9:\"is_global\";b:0;}s:7:\"threads\";a:3:{s:8:\"template\";s:0:\"\";s:8:\"profiles\";a:0:{}s:9:\"is_global\";b:0;}}"],"houzez_featured_listing_date":[""],"_top_nav_excluded":[""],"_cms_nav_minihome":[""],"_wp_page_template":["default"],"fave_property_price":["652000"],"fave_property_land":["678"],"fave_property_land_postfix":["m2"],"fave_property_id":["992"],"fave_property_map":["1"],"fave_property_map_address":["Carrer Joan Josep Amengual i Reus, Binissalem, Spain"],"fave_property_location":["39.6897546,2.8465893,15"],"houzez_geolocation_lat":["39.6897546"],"houzez_geolocation_long":["2.8465893"],"fave_property_map_street_view":["show"],"fave_property_address":["Carrer Joan Josep Amengual i Reus, Binissalem, Spain"],"fave_property_zip":["07350"],"fave_prop_homeslider":["no"],"rank_math_focus_keyword":["En venta en Binissalem"],"_thumbnail_id":["331905"],"_last_translation_edit_mode":["native-editor"],"_wpml_word_count":["377"],"houzez_total_property_views":["112"],"houzez_views_by_date":["a:47:{s:10:\"03-06-2026\";i:5;s:10:\"03-07-2026\";i:1;s:10:\"03-08-2026\";i:5;s:10:\"03-09-2026\";i:1;s:10:\"03-10-2026\";i:4;s:10:\"03-11-2026\";i:4;s:10:\"03-12-2026\";i:4;s:10:\"03-13-2026\";i:3;s:10:\"03-14-2026\";i:3;s:10:\"03-16-2026\";i:4;s:10:\"03-17-2026\";i:4;s:10:\"03-18-2026\";i:1;s:10:\"03-19-2026\";i:1;s:10:\"03-20-2026\";i:3;s:10:\"03-21-2026\";i:2;s:10:\"03-22-2026\";i:1;s:10:\"03-23-2026\";i:2;s:10:\"03-24-2026\";i:2;s:10:\"03-25-2026\";i:5;s:10:\"03-26-2026\";i:4;s:10:\"03-27-2026\";i:2;s:10:\"03-28-2026\";i:3;s:10:\"03-29-2026\";i:5;s:10:\"03-31-2026\";i:2;s:10:\"04-01-2026\";i:2;s:10:\"04-02-2026\";i:1;s:10:\"04-03-2026\";i:1;s:10:\"04-04-2026\";i:3;s:10:\"04-05-2026\";i:3;s:10:\"04-06-2026\";i:1;s:10:\"04-07-2026\";i:1;s:10:\"04-08-2026\";i:2;s:10:\"04-10-2026\";i:4;s:10:\"04-11-2026\";i:1;s:10:\"04-12-2026\";i:1;s:10:\"04-13-2026\";i:3;s:10:\"04-15-2026\";i:2;s:10:\"04-16-2026\";i:2;s:10:\"04-17-2026\";i:2;s:10:\"04-18-2026\";i:1;s:10:\"04-19-2026\";i:1;s:10:\"04-20-2026\";i:1;s:10:\"04-21-2026\";i:1;s:10:\"04-22-2026\";i:3;s:10:\"04-23-2026\";i:1;s:10:\"04-24-2026\";i:2;s:10:\"04-25-2026\";i:2;}"],"houzez_recently_viewed":["2026-04-25 08:39:48"],"_edit_lock":["1772803815:1"],"rank_math_seo_score":["52"],"_edit_last":["1"],"_wpscppro_advance_schedule":[""],"fave_show_price_placeholder":["0"],"fave_portal_1754226254":["1"],"fave_portal_1754598704":["1"],"has_images":["1"],"houzez_manual_expire":["0"],"_houzez_expiration_date_status":["saved"],"fave_featured":["0"],"fave_property_images":["331832","331831","331829","331830","331828","331833"],"fave_agent_display_option":["agent_info"],"fave_agents":["5167"],"fave_single_top_area":["global"],"fave_single_content_area":["global"],"_facebook_share_type":["default"],"_twitter_share_type":["default"],"_linkedin_share_type":["default"],"_pinterest_share_type":["default"],"_instagram_share_type":["default"],"_medium_share_type":["default"],"_threads_share_type":["default"],"_google_business_share_type":["default"],"_selected_social_profile":["a:0:{}"],"wp-smush-lcp-data-932eaa32d24c763c888e270107fb0d68":["a:6:{s:8:\"selector\";s:42:\"#gallery-featured-placeholder > .img-fluid\";s:14:\"selector_xpath\";s:81:\"\/html\/body\/main\/section\/div[2]\/div\/div[1]\/div[1]\/div\/div[2]\/div[1]\/div\/div[1]\/img\";s:11:\"selector_id\";s:0:\"\";s:14:\"selector_class\";s:21:\"img-fluid w-100 h-100\";s:9:\"image_url\";s:96:\"https:\/\/www.mallorcaguru.es\/wp-content\/smush-avif\/2026\/03\/Solares-Binissalem-5-1170x785.jpg.avif\";s:7:\"version\";i:8;}"],"rank_math_internal_links_processed":["1"],"_elementor_page_assets":["a:0:{}"]},"_links":{"self":[{"href":"https:\/\/www.mallorcaguru.es\/es\/wp-json\/wp\/v2\/properties\/331907","targetHints":{"allow":["GET"]}}],"collection":[{"href":"https:\/\/www.mallorcaguru.es\/es\/wp-json\/wp\/v2\/properties"}],"about":[{"href":"https:\/\/www.mallorcaguru.es\/es\/wp-json\/wp\/v2\/types\/property"}],"author":[{"embeddable":true,"href":"https:\/\/www.mallorcaguru.es\/es\/wp-json\/wp\/v2\/users\/1"}],"version-history":[{"count":0,"href":"https:\/\/www.mallorcaguru.es\/es\/wp-json\/wp\/v2\/properties\/331907\/revisions"}],"wp:featuredmedia":[{"embeddable":true,"href":"https:\/\/www.mallorcaguru.es\/es\/wp-json\/wp\/v2\/media\/331905"}],"wp:attachment":[{"href":"https:\/\/www.mallorcaguru.es\/es\/wp-json\/wp\/v2\/media?parent=331907"}],"wp:term":[{"taxonomy":"property_type","embeddable":true,"href":"https:\/\/www.mallorcaguru.es\/es\/wp-json\/wp\/v2\/property_type?post=331907"},{"taxonomy":"property_status","embeddable":true,"href":"https:\/\/www.mallorcaguru.es\/es\/wp-json\/wp\/v2\/property_status?post=331907"},{"taxonomy":"property_feature","embeddable":true,"href":"https:\/\/www.mallorcaguru.es\/es\/wp-json\/wp\/v2\/property_feature?post=331907"},{"taxonomy":"property_label","embeddable":true,"href":"https:\/\/www.mallorcaguru.es\/es\/wp-json\/wp\/v2\/property_label?post=331907"},{"taxonomy":"property_country","embeddable":true,"href":"https:\/\/www.mallorcaguru.es\/es\/wp-json\/wp\/v2\/property_country?post=331907"},{"taxonomy":"property_state","embeddable":true,"href":"https:\/\/www.mallorcaguru.es\/es\/wp-json\/wp\/v2\/property_state?post=331907"},{"taxonomy":"property_city","embeddable":true,"href":"https:\/\/www.mallorcaguru.es\/es\/wp-json\/wp\/v2\/property_city?post=331907"},{"taxonomy":"property_area","embeddable":true,"href":"https:\/\/www.mallorcaguru.es\/es\/wp-json\/wp\/v2\/property_area?post=331907"}],"curies":[{"name":"wp","href":"https:\/\/api.w.org\/{rel}","templated":true}]}}

Promoción residencial en venta en Binissalem

<h2><span style="font-size: 12pt;">Licencia de construcción de vivienda con proyecto aprobado, en venta en Binissalem con ocho viviendas, garaje y local comercial.</span></h2>
<p>Ubicado en las afueras del centro histórico del pueblo, a solo unos minutos a pie de todos los servicios. Este conjunto de parcelas, con permiso de parcelación concedido, cuenta con un anteproyecto aprobado para un garaje subterráneo de 807,98 m² con 21 plazas de aparcamiento y 8 trasteros.<br />
Una planta baja de 678,82 m² para uso comercial.<br />
Una primera planta de 675,82 m², destinada a 4 apartamentos, y una segunda planta de 674,82 m², también destinada a 4 apartamentos.<br />
Binissalem se encuentra a unos 25 minutos en coche o tren desde Palma, con excelente acceso a través de la autopista Ma-13 y la línea de tren que conecta Palma con Inca y Sa Pobla.<br />
Un auténtico pueblo mallorquín situado en la comarca del Raiguer, a medio camino entre Palma y la Serra de Tramuntana. Es conocido como la capital del vino de Mallorca, hogar de la prestigiosa Denominación de Origen (DO) Binissalem. Con su arquitectura de piedra dorada, calles tranquilas, bodegas y un fuerte sentido de comunidad, Binissalem ofrece un estilo de vida relajado, rico en cultura y tradición.<br />
Una comunidad unida con residentes locales y extranjeros. Tiendas, escuelas, restaurantes, bares y todo lo necesario para la vida diaria. Un ambiente rural sin aislamiento gracias a las excelentes conexiones de transporte por tren y carretera. Numerosos eventos culturales y tradiciones durante todo el año. Amplias rutas de senderismo y ciclismo en la campiña cercana y las faldas de las montañas. Un equilibrio entre la auténtica vida de pueblo y el potencial de inversión, ya que la demanda de todo tipo de propiedades residenciales es alta y crece cada año.<br />
Esta promoción está lista para construcción inmediata, con permiso ya concedido, lo que reduce los plazos y proporciona seguridad jurídica a la inversión. Una oportunidad de inversión ideal para promotores que buscan un plazo corto desde la compra hasta la reventa. Para más información técnica o documentación, contáctenos.</p>

<p>En venta en Binissalem Urbanización residencial con proyecto aprobado con ocho viviendas, garaje y local comercial.</p>
