{"id":350884,"date":"2026-04-29T17:54:45","date_gmt":"2026-04-29T15:54:45","guid":{"rendered":"https:\/\/www.mallorcaguru.es\/property\/edificio-en-venta-en-mancor-de-la-vall\/"},"modified":"2026-04-29T18:01:36","modified_gmt":"2026-04-29T16:01:36","slug":"edificio-en-venta-en-mancor-de-la-vall","status":"publish","type":"property","link":"https:\/\/www.mallorcaguru.es\/es\/propiedad\/edificio-en-venta-en-mancor-de-la-vall\/","title":{"rendered":"Edificio en venta en Mancor de la Vall"},"content":{"rendered":"<h2><span style=\"font-size: 12pt;\">Edificio emblem\u00e1tico en venta en Mancor de la Vall, Mallorca.<\/span><\/h2>\n<p>Presentamos esta magn\u00edfica casa de pueblo situada en el coraz\u00f3n del municipio de Mancor de la Vall, en Mallorca, un edificio emblem\u00e1tico distribuido en tres plantas.<br \/>\nLa propiedad cuenta con una superficie total de aproximadamente 100 m2 en la planta baja y un altillo adicional, ideal para personalizarlo como espacio habitable extra o como almacenamiento.<br \/>\nEn la primera planta, encontrar\u00e1 aproximadamente 50 m2 de superficie \u00fatil, adem\u00e1s de amplias terrazas que suman otros 40 m2, perfectas para disfrutar del clima mediterr\u00e1neo al aire libre.<br \/>\nLa segunda planta ofrece otros 50 m2 donde podr\u00e1 crear la vivienda de sus sue\u00f1os u otro atractivo espacio residencial.<\/p>\n<p>Se trata de una oportunidad \u00fanica, ya que puede dividirse horizontalmente, lo que permite crear hasta tres propiedades independientes; por lo tanto, representa una oferta excepcionalmente atractiva para inversores que buscan rentabilidad en el sector inmobiliario.<\/p>\n<p>Contacte con nosotros para obtener informaci\u00f3n sobre este edificio emblem\u00e1tico en venta en Mancor de la Vall, Mallorca<\/p>\n<h3><span style=\"font-size: 12pt;\">Mancor de la Vall es un peque\u00f1o pueblo en las colinas a los pies de la Serra de Tramuntana.<\/span><\/h3>\n<p>Es tranquilo y apacible, salvo en noviembre, cuando celebra su famoso festival de setas durante un fin de semana largo.<\/p>\n","protected":false},"excerpt":{"rendered":"<p>Edificio en venta en Mancor de la Vall  <\/p>\n","protected":false},"author":1,"featured_media":350883,"parent":0,"menu_order":0,"template":"","property_type":[458],"property_status":[761],"property_feature":[1772,955,951,1162,1043,1167,1388,2329,1079,2468,1387,1349,1767,2257,2851,910],"property_label":[],"property_country":[758],"property_state":[760,556],"property_city":[648],"property_area":[],"class_list":["post-350884","property","type-property","status-publish","has-post-thumbnail","hentry","property_type-casa-de-pueblo-en-venta-en-mallorca","property_status-propiedades-en-venta-mallorca","property_feature-inmobiliaria-en-venta-mallorca-propiedad-caracteristicas-interior-caracteristicas","property_feature-inmueble-caracteristicas-inmueble-venta-mallorca-inmueble-ubicacion-cerca-de-restaurantes","property_feature-propiedad-caracteristicas-propiedad-venta-mallorca-propiedad-ubicacion-cerca-de-todos-los-servicios","property_feature-inmueble-caracteristicas-inmueble-venta-mallorca-inmueble-ubicacion-cerca-del-transporte-publico","property_feature-inmueble-caracteristicas-inmueble-venta-mallorca-inmueble-ubicacion-interior-de-mallorca","property_feature-inmobiliaria-en-venta-mallorca-propiedad-caracteristicas-interior-caracteristicas-interior-tradicional","property_feature-propiedad-caracteristicas-propiedad-ventas-mallorca-propiedad-jardin","property_feature-inmobiliaria-en-venta-mallorca-inmobiliaria-caracteristicas-interior-caracteristicas-suelos","property_feature-inmueble-caracteristicas-inmueble-venta-mallorca-inmueble-ubicacion-tradicional-pueblo","property_feature-inmobiliaria-en-venta-mallorca-inmobiliaria-caracteristicas-interior-caracteristicas-terrazo","property_feature-inmobiliaria-en-venta-mallorca-utilidades-servicios-publicos","property_feature-propiedad-caracteristicas-inmobiliaria-venta-mallorca-propiedad-jardin-terraza","property_feature-propiedad-caracteristicas-propiedad-ventas-mallorca-propiedad-ubicacion","property_feature-inmobiliaria-en-venta-mallorca-servicios-inmueble-caracteristicas-agua-disponible","property_feature-inmobiliaria-en-venta-mallorca-servicios-inmueble-caracteristicas-alcantarillado","property_feature-inmobiliaria-en-venta-mallorca-utilidades-inmobiliaria-caracteristicas-electricidad-disponible","property_country-en-venta-mallorca-espana-mallorca-property-guru","property_state-inmobiliaria-en-venta-en-mallorca","property_state-inmobiliaria-en-venta-en-mallorca-raiguer-central-mallorca","property_city-inmobiliaria-en-venta-mancor-del-valle-mallorca"],"property_meta":{"has_images":["1"],"rank_math_internal_links_processed":["1"],"_last_translation_edit_mode":["native-editor"],"houzez_featured_listing_date":[""],"_top_nav_excluded":[""],"_cms_nav_minihome":[""],"_wp_page_template":["default"],"fave_property_price":["399000"],"fave_property_size":["278"],"fave_property_size_prefix":["m2"],"fave_property_land":["99"],"fave_property_land_postfix":["m2"],"fave_property_bedrooms":["6"],"fave_property_bathrooms":["2"],"fave_property_id":["A8102"],"fave_property_map":["1"],"fave_property_map_address":["Carrer Principal, 07312 Mancor de la Vall, Illes Balears, Espa\u00f1a"],"fave_property_location":["39.7499966,2.8728444,19"],"houzez_geolocation_lat":["39.7499966"],"houzez_geolocation_long":["2.8728444"],"fave_property_map_street_view":["hide"],"fave_property_address":["Carrer Principal, 07312 Mancor de la Vall, Illes Balears, Espa\u00f1a"],"fave_property_zip":["07312"],"fave_prop_homeslider":["no"],"fave_energy_class":["G"],"rank_math_focus_keyword":["Edificio en venta en Mancor de la Vall"],"_thumbnail_id":["350883"],"_wpml_word_count":["236"],"_edit_lock":["1777478363:1"],"rank_math_seo_score":["51"],"_edit_last":["1"],"fave_show_price_placeholder":["0"],"fave_portal_1754226254":["1"],"fave_portal_1754598704":["1"],"houzez_manual_expire":["0"],"_houzez_expiration_date_status":["saved"],"fave_featured":["0"],"fave_property_images":["350855","350856","350854","350845","350852","350846","350847","350849","350848","350851","350850","350853"],"fave_agent_display_option":["agent_info"],"fave_agents":["5167"],"fave_single_top_area":["global"],"fave_single_content_area":["global"],"rank_math_analytic_object_id":["1284"],"houzez_total_property_views":["3"],"houzez_views_by_date":["a:1:{s:10:\"04-29-2026\";i:3;}"],"houzez_recently_viewed":["2026-04-29 22:23:54"],"_elementor_page_assets":["a:0:{}"]},"_links":{"self":[{"href":"https:\/\/www.mallorcaguru.es\/es\/wp-json\/wp\/v2\/properties\/350884","targetHints":{"allow":["GET"]}}],"collection":[{"href":"https:\/\/www.mallorcaguru.es\/es\/wp-json\/wp\/v2\/properties"}],"about":[{"href":"https:\/\/www.mallorcaguru.es\/es\/wp-json\/wp\/v2\/types\/property"}],"author":[{"embeddable":true,"href":"https:\/\/www.mallorcaguru.es\/es\/wp-json\/wp\/v2\/users\/1"}],"version-history":[{"count":0,"href":"https:\/\/www.mallorcaguru.es\/es\/wp-json\/wp\/v2\/properties\/350884\/revisions"}],"wp:featuredmedia":[{"embeddable":true,"href":"https:\/\/www.mallorcaguru.es\/es\/wp-json\/wp\/v2\/media\/350883"}],"wp:attachment":[{"href":"https:\/\/www.mallorcaguru.es\/es\/wp-json\/wp\/v2\/media?parent=350884"}],"wp:term":[{"taxonomy":"property_type","embeddable":true,"href":"https:\/\/www.mallorcaguru.es\/es\/wp-json\/wp\/v2\/property_type?post=350884"},{"taxonomy":"property_status","embeddable":true,"href":"https:\/\/www.mallorcaguru.es\/es\/wp-json\/wp\/v2\/property_status?post=350884"},{"taxonomy":"property_feature","embeddable":true,"href":"https:\/\/www.mallorcaguru.es\/es\/wp-json\/wp\/v2\/property_feature?post=350884"},{"taxonomy":"property_label","embeddable":true,"href":"https:\/\/www.mallorcaguru.es\/es\/wp-json\/wp\/v2\/property_label?post=350884"},{"taxonomy":"property_country","embeddable":true,"href":"https:\/\/www.mallorcaguru.es\/es\/wp-json\/wp\/v2\/property_country?post=350884"},{"taxonomy":"property_state","embeddable":true,"href":"https:\/\/www.mallorcaguru.es\/es\/wp-json\/wp\/v2\/property_state?post=350884"},{"taxonomy":"property_city","embeddable":true,"href":"https:\/\/www.mallorcaguru.es\/es\/wp-json\/wp\/v2\/property_city?post=350884"},{"taxonomy":"property_area","embeddable":true,"href":"https:\/\/www.mallorcaguru.es\/es\/wp-json\/wp\/v2\/property_area?post=350884"}],"curies":[{"name":"wp","href":"https:\/\/api.w.org\/{rel}","templated":true}]}}

<h2><span style="font-size: 12pt;">Edificio emblemático en venta en Mancor de la Vall, Mallorca.</span></h2>
<p>Presentamos esta magnífica casa de pueblo situada en el corazón del municipio de Mancor de la Vall, en Mallorca, un edificio emblemático distribuido en tres plantas.<br />
La propiedad cuenta con una superficie total de aproximadamente 100 m2 en la planta baja y un altillo adicional, ideal para personalizarlo como espacio habitable extra o como almacenamiento.<br />
En la primera planta, encontrará aproximadamente 50 m2 de superficie útil, además de amplias terrazas que suman otros 40 m2, perfectas para disfrutar del clima mediterráneo al aire libre.<br />
La segunda planta ofrece otros 50 m2 donde podrá crear la vivienda de sus sueños u otro atractivo espacio residencial.</p>
<p>Se trata de una oportunidad única, ya que puede dividirse horizontalmente, lo que permite crear hasta tres propiedades independientes; por lo tanto, representa una oferta excepcionalmente atractiva para inversores que buscan rentabilidad en el sector inmobiliario.</p>
<p>Contacte con nosotros para obtener información sobre este edificio emblemático en venta en Mancor de la Vall, Mallorca</p>
<h3><span style="font-size: 12pt;">Mancor de la Vall es un pequeño pueblo en las colinas a los pies de la Serra de Tramuntana.</span></h3>
<p>Es tranquilo y apacible, salvo en noviembre, cuando celebra su famoso festival de setas durante un fin de semana largo.</p>

Carrer Principal, 07312 Mancor de la Vall, Illes Balears, España
