{"id":173051,"date":"2025-03-20T17:53:40","date_gmt":"2025-03-20T16:53:40","guid":{"rendered":"https:\/\/www.mallorcaguru.es\/property\/stadstomt-till-salu-i-sencelles\/"},"modified":"2025-08-13T13:23:27","modified_gmt":"2025-08-13T11:23:27","slug":"stadstomt-till-salu-i-sencelles","status":"publish","type":"property","link":"https:\/\/www.mallorcaguru.es\/sv\/fastighet\/stadstomt-till-salu-i-sencelles\/","title":{"rendered":"Stadstomt till salu i Sencelles"},"content":{"rendered":"<p>Stadstomt till salu i Sencelles. Uppt\u00e4ck denna urbana tomt i hj\u00e4rtat av Sencelles, en charmig by p\u00e5 Mallorcas inre. Perfekt f\u00f6r att bygga upp till sex radhus, denna mark \u00e4r en utm\u00e4rkt investering i ett omr\u00e5de med en lugn atmosf\u00e4r och en koppling till naturen. I v\u00e4ntan p\u00e5 tillst\u00e5nd finns det redan ett projekt f\u00f6r att bygga dessa radhus. Sencelles kombinerar det \u00e4kta livet p\u00e5 landsbygden med enkel tillg\u00e5ng till Palma och andra delar av \u00f6n.<\/p>\n<p>Kontakta oss f\u00f6r information om tomten och fullst\u00e4ndiga detaljer om det s\u00f6kta tillst\u00e5ndet.<\/p>\n<p>Sencelles Mallorca. Sencelles \u00e4r en liten by i centrala Mallorca. Cirka 24 km fr\u00e5n Palma de Mallorca \u00e4r denna traditionella by p\u00e5 en h\u00f6jd k\u00e4nd f\u00f6r v\u00e4derkvarnar och sin utsikt \u00f6ver Mallorcas inland.<\/p>\n","protected":false},"excerpt":{"rendered":"<p>Stadstomt till salu i Sencelles. Uppt\u00e4ck denna urbana tomt i hj\u00e4rtat av Sencelles, en charmig by p\u00e5 Mallorcas inre.<\/p>\n","protected":false},"author":1,"featured_media":173035,"parent":0,"menu_order":0,"template":"","property_type":[428],"property_status":[765],"property_feature":[1768,1291,1062,966,1189,970,1082,967,2852,914,915,1395],"property_label":[3865],"property_country":[762],"property_state":[764,582],"property_city":[739],"property_area":[],"class_list":["post-173051","property","type-property","status-publish","has-post-thumbnail","hentry","property_type-tomt-till-salu-mallorca","property_status-fastigheter-till-salu-mallorca","property_feature-fastighet-egenskaper-fastighet-forsaljning-mallorca-fastighet-lage","property_feature-fastighetsegenskaper-fastighetsforsaljning-mallorca-fastighetslage-historiskt-omrade","property_feature-fastighetsegenskaper-fastighetsforsaljning-mallorca-fastighetslage-inre-i-mallorca","property_feature-fastighetsegenskaper-fastighetsforsaljning-mallorca-fastighetslage-nara-alla-bekvamligheter","property_feature-fastighetsegenskaper-fastighetsforsaljning-mallorca-fastighetslage-ar-nara-till-butiker","property_feature-fastighetsegenskaper-fastighetsforsaljning-mallorca-fastighetslage-nara-restauranger","property_feature-fastighetsegenskaper-fastighetsforsaljning-mallorca-fastighetslage-traditionell-by","property_feature-fastighetsegenskaper-fastighetsforsaljning-mallorca-fastighetslage-urban-bostadsomrade","property_feature-fastigheter-till-forsaljning-mallorca-kraftverk-fastighetsegenskaper-avloppsanslutning","property_feature-fastigheter-till-forsaljning-mallorca-verktyg-fastighetsegenskaper-elektricitet-tillganglig","property_feature-fastigheter-till-forsaljning-mallorca-kraftverk-fastighetsegenskaper-vatten-tillganglig","property_feature-fastigheter-till-forsaljning-mallorca-utilities-offentliga-tjanster","property_label-byggprojekt","property_country-till-salu-mallorca-spanien-mallorca-fastighetsguru","property_state-fastigheter-til-salu-mallorca","property_state-fastigheter-till-forsaljning-i-pla-de-mallorca-centrum","property_city-till-salu-sencelles-mallorca"],"property_meta":{"houzez_featured_listing_date":[""],"_wpml_media_duplicate":["1"],"_wpml_media_featured":["1"],"_top_nav_excluded":[""],"_cms_nav_minihome":[""],"_wp_page_template":["default"],"houzez_geolocation_lat":["39.644444767136"],"houzez_geolocation_long":["2.9003934005023"],"_thumbnail_id":["173035"],"_edit_lock":["1755084073:1"],"houzez_total_property_views":["350"],"houzez_views_by_date":["a:61:{s:10:\"01-09-2026\";i:1;s:10:\"01-10-2026\";i:1;s:10:\"01-11-2026\";i:1;s:10:\"01-12-2026\";i:2;s:10:\"01-15-2026\";i:1;s:10:\"01-16-2026\";i:1;s:10:\"01-18-2026\";i:1;s:10:\"01-19-2026\";i:1;s:10:\"01-21-2026\";i:1;s:10:\"01-22-2026\";i:2;s:10:\"01-24-2026\";i:2;s:10:\"01-26-2026\";i:2;s:10:\"01-28-2026\";i:3;s:10:\"01-29-2026\";i:1;s:10:\"01-30-2026\";i:3;s:10:\"01-31-2026\";i:1;s:10:\"02-03-2026\";i:1;s:10:\"02-05-2026\";i:1;s:10:\"02-06-2026\";i:2;s:10:\"02-07-2026\";i:1;s:10:\"02-08-2026\";i:1;s:10:\"02-09-2026\";i:1;s:10:\"02-10-2026\";i:2;s:10:\"02-13-2026\";i:2;s:10:\"02-14-2026\";i:3;s:10:\"02-15-2026\";i:2;s:10:\"02-19-2026\";i:2;s:10:\"02-20-2026\";i:2;s:10:\"02-22-2026\";i:1;s:10:\"02-25-2026\";i:1;s:10:\"03-01-2026\";i:1;s:10:\"03-02-2026\";i:1;s:10:\"03-03-2026\";i:1;s:10:\"03-05-2026\";i:2;s:10:\"03-09-2026\";i:1;s:10:\"03-12-2026\";i:2;s:10:\"03-13-2026\";i:1;s:10:\"03-15-2026\";i:2;s:10:\"03-16-2026\";i:1;s:10:\"03-18-2026\";i:1;s:10:\"03-21-2026\";i:1;s:10:\"03-22-2026\";i:1;s:10:\"03-25-2026\";i:1;s:10:\"03-28-2026\";i:1;s:10:\"03-29-2026\";i:2;s:10:\"03-30-2026\";i:1;s:10:\"03-31-2026\";i:1;s:10:\"04-01-2026\";i:1;s:10:\"04-02-2026\";i:1;s:10:\"04-03-2026\";i:1;s:10:\"04-05-2026\";i:1;s:10:\"04-08-2026\";i:2;s:10:\"04-10-2026\";i:1;s:10:\"04-13-2026\";i:3;s:10:\"04-16-2026\";i:1;s:10:\"04-18-2026\";i:1;s:10:\"04-19-2026\";i:2;s:10:\"04-21-2026\";i:1;s:10:\"04-26-2026\";i:1;s:10:\"04-27-2026\";i:2;s:10:\"04-29-2026\";i:2;}"],"houzez_recently_viewed":["2026-04-29 20:30:01"],"_edit_last":["1"],"_wpscppro_advance_schedule":[""],"fave_show_price_placeholder":["0"],"houzez_manual_expire":["0"],"_houzez_expiration_date_status":["saved"],"_facebook_share_type":["default"],"_twitter_share_type":["default"],"_linkedin_share_type":["default"],"_pinterest_share_type":["default"],"_instagram_share_type":["default"],"_medium_share_type":["default"],"_selected_social_profile":["a:0:{}"],"_last_translation_edit_mode":["native-editor"],"classic-editor-remember":["classic-editor"],"fave_price-per-m2":["1193.82\u20ac"],"_wpml_word_count":["153"],"rank_math_news_sitemap_robots":["index"],"rank_math_robots":["a:1:{i:0;s:5:\"index\";}"],"fave_property_price":["425000"],"fave_property_land":["356"],"fave_property_land_postfix":["m2"],"fave_property_id":["810"],"fave_property_map":["1"],"fave_property_map_address":["carrer des Rafal, Sencelles, Pla de Mallorca, Illes Balears, 07140, Espa\u00f1a"],"fave_property_location":["39.644444767136,2.9003934005023,14"],"fave_property_map_street_view":["hide"],"fave_property_address":["carrer des Rafal, Sencelles, Pla de Mallorca, Illes Balears, 07140, Espa\u00f1a"],"fave_property_zip":["07140"],"fave_prop_homeslider":["no"],"rank_math_focus_keyword":["Till salu i Sencelles,"],"rank_math_seo_score":["64"],"rank_math_primary_property_type":["428"],"rank_math_primary_property_status":["765"],"rank_math_primary_property_feature":["0"],"rank_math_primary_property_label":["0"],"rank_math_primary_property_country":["762"],"rank_math_primary_property_state":["764"],"rank_math_primary_property_city":["739"],"rank_math_primary_property_area":["0"],"fave_portal_1753787295":["0"],"fave_portal_1753788757":["0"],"has_images":["1"],"_wpsp_custom_templates":["a:7:{s:8:\"facebook\";a:3:{s:8:\"template\";s:0:\"\";s:8:\"profiles\";a:0:{}s:9:\"is_global\";b:0;}s:7:\"twitter\";a:3:{s:8:\"template\";s:0:\"\";s:8:\"profiles\";a:0:{}s:9:\"is_global\";b:0;}s:8:\"linkedin\";a:3:{s:8:\"template\";s:0:\"\";s:8:\"profiles\";a:0:{}s:9:\"is_global\";b:0;}s:9:\"pinterest\";a:3:{s:8:\"template\";s:0:\"\";s:8:\"profiles\";a:0:{}s:9:\"is_global\";b:0;}s:9:\"instagram\";a:3:{s:8:\"template\";s:0:\"\";s:8:\"profiles\";a:0:{}s:9:\"is_global\";b:0;}s:6:\"medium\";a:3:{s:8:\"template\";s:0:\"\";s:8:\"profiles\";a:0:{}s:9:\"is_global\";b:0;}s:7:\"threads\";a:3:{s:8:\"template\";s:0:\"\";s:8:\"profiles\";a:0:{}s:9:\"is_global\";b:0;}}"],"fave_property_images":["173035"],"fave_portal_1754226254":["1"],"fave_portal_1754395991":["0"],"fave_portal_1754598704":["1"],"rank_math_analytic_object_id":["411"],"_elementor_page_assets":["a:0:{}"]},"_links":{"self":[{"href":"https:\/\/www.mallorcaguru.es\/sv\/wp-json\/wp\/v2\/Fastighet\/173051","targetHints":{"allow":["GET"]}}],"collection":[{"href":"https:\/\/www.mallorcaguru.es\/sv\/wp-json\/wp\/v2\/Fastighet"}],"about":[{"href":"https:\/\/www.mallorcaguru.es\/sv\/wp-json\/wp\/v2\/types\/property"}],"author":[{"embeddable":true,"href":"https:\/\/www.mallorcaguru.es\/sv\/wp-json\/wp\/v2\/users\/1"}],"version-history":[{"count":0,"href":"https:\/\/www.mallorcaguru.es\/sv\/wp-json\/wp\/v2\/Fastighet\/173051\/revisions"}],"wp:featuredmedia":[{"embeddable":true,"href":"https:\/\/www.mallorcaguru.es\/sv\/wp-json\/wp\/v2\/media\/173035"}],"wp:attachment":[{"href":"https:\/\/www.mallorcaguru.es\/sv\/wp-json\/wp\/v2\/media?parent=173051"}],"wp:term":[{"taxonomy":"property_type","embeddable":true,"href":"https:\/\/www.mallorcaguru.es\/sv\/wp-json\/wp\/v2\/property_type?post=173051"},{"taxonomy":"property_status","embeddable":true,"href":"https:\/\/www.mallorcaguru.es\/sv\/wp-json\/wp\/v2\/property_status?post=173051"},{"taxonomy":"property_feature","embeddable":true,"href":"https:\/\/www.mallorcaguru.es\/sv\/wp-json\/wp\/v2\/property_feature?post=173051"},{"taxonomy":"property_label","embeddable":true,"href":"https:\/\/www.mallorcaguru.es\/sv\/wp-json\/wp\/v2\/property_label?post=173051"},{"taxonomy":"property_country","embeddable":true,"href":"https:\/\/www.mallorcaguru.es\/sv\/wp-json\/wp\/v2\/property_country?post=173051"},{"taxonomy":"property_state","embeddable":true,"href":"https:\/\/www.mallorcaguru.es\/sv\/wp-json\/wp\/v2\/property_state?post=173051"},{"taxonomy":"property_city","embeddable":true,"href":"https:\/\/www.mallorcaguru.es\/sv\/wp-json\/wp\/v2\/property_city?post=173051"},{"taxonomy":"property_area","embeddable":true,"href":"https:\/\/www.mallorcaguru.es\/sv\/wp-json\/wp\/v2\/property_area?post=173051"}],"curies":[{"name":"wp","href":"https:\/\/api.w.org\/{rel}","templated":true}]}}

<p>Stadstomt till salu i Sencelles. Upptäck denna urbana tomt i hjärtat av Sencelles, en charmig by på Mallorcas inre. Perfekt för att bygga upp till sex radhus, denna mark är en utmärkt investering i ett område med en lugn atmosfär och en koppling till naturen. I väntan på tillstånd finns det redan ett projekt för att bygga dessa radhus. Sencelles kombinerar det äkta livet på landsbygden med enkel tillgång till Palma och andra delar av ön.</p>
<p>Kontakta oss för information om tomten och fullständiga detaljer om det sökta tillståndet.</p>
<p>Sencelles Mallorca. Sencelles är en liten by i centrala Mallorca. Cirka 24 km från Palma de Mallorca är denna traditionella by på en höjd känd för väderkvarnar och sin utsikt över Mallorcas inland.</p>

<p>Stadstomt till salu i Sencelles. Upptäck denna urbana tomt i hjärtat av Sencelles, en charmig by på Mallorcas inre.</p>

carrer des Rafal, Sencelles, Pla de Mallorca, Illes Balears, 07140, España
