{"id":314578,"date":"2026-01-08T19:14:24","date_gmt":"2026-01-08T18:14:24","guid":{"rendered":"https:\/\/www.mallorcaguru.es\/property\/tomt-till-salu-i-lloseta-2\/"},"modified":"2026-01-08T19:23:11","modified_gmt":"2026-01-08T18:23:11","slug":"tomt-till-salu-i-lloseta-2","status":"publish","type":"property","link":"https:\/\/www.mallorcaguru.es\/sv\/fastighet\/tomt-till-salu-i-lloseta-2\/","title":{"rendered":"Tomt till salu i Lloseta"},"content":{"rendered":"<h2><span style=\"font-size: 12pt;\">Tomt till salu i Lloseta, med en yta p\u00e5 838 m\u00b2 p\u00e5 en av huvudgatorna, med utm\u00e4rkt tillg\u00e5ng till motorv\u00e4gen.<\/span><\/h2>\n<p>Planerad f\u00f6r flerfamiljsbost\u00e4der, med en fasad p\u00e5 19,5 meter, erbjuder den m\u00f6jligheten att bygga 780 m\u00b2 f\u00f6rdelat p\u00e5 tv\u00e5 v\u00e5ningar plus en k\u00e4llare.<br \/>\nOmgivet av andra distinkta bostadsomr\u00e5den \u00e4r omr\u00e5det utm\u00e4rkt, n\u00e4ra kulturcentrum och t\u00e5gstationen, med alla bekv\u00e4mligheter inom r\u00e4ckh\u00e5ll: stormarknader, v\u00e5rdcentraler, skolor, parker, lekplatser och mycket mer.<br \/>\nBilderna visar ett f\u00f6reslaget projekt f\u00f6r tomten.<\/p>\n<p>Kontakta oss f\u00f6r mer information om denna tomt p\u00e5 838 m\u00b2 till salu i Lloseta och detaljer om f\u00f6rs\u00e4ljningsmarknaden i Raiguer-regionen p\u00e5 Mallorca och byn Lloseta.<\/p>\n<p>Lloseta<br \/>\nBel\u00e4gen i bergen ovanf\u00f6r Mallorcas centrala sl\u00e4tt. Lloseta \u00e4r ett litet samh\u00e4lle som var fokus f\u00f6r tr\u00e4kols- och kolbrytningsindustrin p\u00e5 Mallorca.<\/p>\n<p>Under de senaste \u00e5ren har fokus varit turism, popul\u00e4rt bland cyklister och bergsvandrare.<\/p>\n","protected":false},"excerpt":{"rendered":"<p>Tomt till salu i Lloseta med utm\u00e4rkt tillg\u00e5ng till motorv\u00e4gen<\/p>\n","protected":false},"author":1,"featured_media":314576,"parent":0,"menu_order":0,"template":"","property_type":[428],"property_status":[765],"property_feature":[1768,1400,1062,966,1189,1190,967,2204,2852,914,915,1395],"property_label":[],"property_country":[762],"property_state":[764,527],"property_city":[1134],"property_area":[],"class_list":["post-314578","property","type-property","status-publish","has-post-thumbnail","hentry","property_type-tomt-till-salu-mallorca","property_status-fastigheter-till-salu-mallorca","property_feature-fastighet-egenskaper-fastighet-forsaljning-mallorca-fastighet-lage","property_feature-fastigheter-till-forsaljning-i-majorca-med-fina-vyer","property_feature-fastighetsegenskaper-fastighetsforsaljning-mallorca-fastighetslage-inre-i-mallorca","property_feature-fastighetsegenskaper-fastighetsforsaljning-mallorca-fastighetslage-nara-alla-bekvamligheter","property_feature-fastighetsegenskaper-fastighetsforsaljning-mallorca-fastighetslage-ar-nara-till-butiker","property_feature-fastighetsegenskaper-fastighetsforsaljning-mallorca-fastighetslage-nara-allman-trafik","property_feature-fastighetsegenskaper-fastighetsforsaljning-mallorca-fastighetslage-urban-bostadsomrade","property_feature-fastigheter-i-mallorca-fastighetsvyer-urban","property_feature-fastigheter-till-forsaljning-mallorca-kraftverk-fastighetsegenskaper-avloppsanslutning","property_feature-fastigheter-till-forsaljning-mallorca-verktyg-fastighetsegenskaper-elektricitet-tillganglig","property_feature-fastigheter-till-forsaljning-mallorca-kraftverk-fastighetsegenskaper-vatten-tillganglig","property_feature-fastigheter-till-forsaljning-mallorca-utilities-offentliga-tjanster","property_country-till-salu-mallorca-spanien-mallorca-fastighetsguru","property_state-fastigheter-til-salu-mallorca","property_state-fastigheter-till-forsaljning-i-mallorca-raiguer-centrala-mallorca","property_city-fastighet-till-forsaljning-lloseta-mallorca"],"property_meta":{"rank_math_analytic_object_id":["1082"],"_wpsp_custom_templates":["a:7:{s:8:\"facebook\";a:3:{s:8:\"template\";s:0:\"\";s:8:\"profiles\";a:0:{}s:9:\"is_global\";b:0;}s:7:\"twitter\";a:3:{s:8:\"template\";s:0:\"\";s:8:\"profiles\";a:0:{}s:9:\"is_global\";b:0;}s:8:\"linkedin\";a:3:{s:8:\"template\";s:0:\"\";s:8:\"profiles\";a:0:{}s:9:\"is_global\";b:0;}s:9:\"pinterest\";a:3:{s:8:\"template\";s:0:\"\";s:8:\"profiles\";a:0:{}s:9:\"is_global\";b:0;}s:9:\"instagram\";a:3:{s:8:\"template\";s:0:\"\";s:8:\"profiles\";a:0:{}s:9:\"is_global\";b:0;}s:6:\"medium\";a:3:{s:8:\"template\";s:0:\"\";s:8:\"profiles\";a:0:{}s:9:\"is_global\";b:0;}s:7:\"threads\";a:3:{s:8:\"template\";s:0:\"\";s:8:\"profiles\";a:0:{}s:9:\"is_global\";b:0;}}"],"houzez_featured_listing_date":[""],"_top_nav_excluded":[""],"_cms_nav_minihome":[""],"_wp_page_template":["default"],"fave_property_price":["490000"],"fave_property_land":["838"],"fave_property_land_postfix":["m2"],"fave_property_id":["946"],"fave_property_map":["1"],"fave_property_map_address":["Carrer Reis Cat\u00f2lics, 07360 Lloseta, Illes Balears, Spain"],"fave_property_location":["39.7185829,2.871606,15"],"houzez_geolocation_lat":["39.7185829"],"houzez_geolocation_long":["2.871606"],"fave_property_map_street_view":["hide"],"fave_property_address":["Carrer Reis Cat\u00f2lics, 07360 Lloseta, Illes Balears"],"fave_property_zip":["07360"],"fave_prop_homeslider":["no"],"fave_private_note":["https:\/\/www.avs.immo\/ficha\/solar\/lloseta\/nucleo-urbano-56\/10838\/25899339\/es\/"],"rank_math_focus_keyword":["Tomt till salu i Lloseta"],"_thumbnail_id":["314576"],"_last_translation_edit_mode":["native-editor"],"_wpml_word_count":["179"],"_edit_lock":["1767896814:1"],"rank_math_seo_score":["64"],"rank_math_breadcrumb_title":["Tomt till salu i Lloseta"],"rank_math_schema_Organization":["a:15:{s:8:\"metadata\";a:3:{s:4:\"type\";s:6:\"custom\";s:5:\"title\";s:18:\"RealEstateAgent SV\";s:9:\"isPrimary\";s:1:\"1\";}s:5:\"@type\";s:12:\"Organization\";s:2:\"id\";s:28:\"https:\/\/www.mallorcaguru.es\/\";s:4:\"name\";s:22:\"Mallorca Property Guru\";s:11:\"description\";s:135:\"Fastigheter till salu p\u00e5 Mallorca i Spanien Mallorca har det perfekta st\u00e4llet f\u00f6r dig Kontakta oss s\u00e5 hj\u00e4lper vi dig att hitta det\";s:10:\"priceRange\";s:3:\"$$$\";s:5:\"email\";s:20:\"info@mallorcaguru.es\";s:13:\"streetAddress\";s:24:\"Pla\u00e7a de l\u00b4Esgl\u00e9sia 1\";s:15:\"addressLocality\";s:10:\"Binissalem\";s:13:\"addressRegion\";s:16:\"Balearic Islands\";s:10:\"postalCode\";s:5:\"07350\";s:10:\"areaServed\";s:8:\"Mallorca\";s:4:\"logo\";s:86:\"https:\/\/www.mallorcaguru.es\/wp-content\/uploads\/2025\/04\/Mallorca-Guru-Logo-48x254-1.png\";s:13:\"knowsLanguage\";s:5:\"sv-SE\";s:5:\"image\";s:102:\"https:\/\/www.mallorcaguru.es\/wp-content\/uploads\/2025\/04\/Open-Graph-Thumbnail-Mallorca-Property-Guru.png\";}"],"_edit_last":["1"],"_wpscppro_advance_schedule":[""],"fave_show_price_placeholder":["0"],"fave_portal_1754226254":["0"],"fave_portal_1754598704":["0"],"has_images":["1"],"houzez_manual_expire":["0"],"_houzez_expiration_date_status":["saved"],"fave_featured":["0"],"fave_property_images":["314546","314548","314550","314545","314547","314549"],"fave_agent_display_option":["agent_info"],"fave_agents":["5167"],"fave_single_top_area":["global"],"fave_single_content_area":["global"],"_facebook_share_type":["default"],"_twitter_share_type":["default"],"_linkedin_share_type":["default"],"_pinterest_share_type":["default"],"_instagram_share_type":["default"],"_medium_share_type":["default"],"_threads_share_type":["default"],"_google_business_share_type":["default"],"_selected_social_profile":["a:0:{}"],"houzez_total_property_views":["168"],"houzez_views_by_date":["a:61:{s:10:\"02-15-2026\";i:1;s:10:\"02-16-2026\";i:1;s:10:\"02-17-2026\";i:1;s:10:\"02-19-2026\";i:2;s:10:\"02-20-2026\";i:6;s:10:\"02-21-2026\";i:1;s:10:\"02-22-2026\";i:2;s:10:\"02-23-2026\";i:1;s:10:\"02-24-2026\";i:2;s:10:\"02-26-2026\";i:1;s:10:\"02-27-2026\";i:1;s:10:\"02-28-2026\";i:2;s:10:\"03-01-2026\";i:6;s:10:\"03-02-2026\";i:4;s:10:\"03-03-2026\";i:2;s:10:\"03-04-2026\";i:2;s:10:\"03-05-2026\";i:1;s:10:\"03-06-2026\";i:2;s:10:\"03-08-2026\";i:2;s:10:\"03-09-2026\";i:1;s:10:\"03-11-2026\";i:1;s:10:\"03-12-2026\";i:3;s:10:\"03-13-2026\";i:1;s:10:\"03-14-2026\";i:2;s:10:\"03-16-2026\";i:2;s:10:\"03-17-2026\";i:1;s:10:\"03-21-2026\";i:1;s:10:\"03-22-2026\";i:2;s:10:\"03-24-2026\";i:1;s:10:\"03-25-2026\";i:2;s:10:\"03-26-2026\";i:3;s:10:\"03-28-2026\";i:2;s:10:\"03-29-2026\";i:3;s:10:\"03-30-2026\";i:4;s:10:\"03-31-2026\";i:1;s:10:\"04-01-2026\";i:1;s:10:\"04-02-2026\";i:1;s:10:\"04-04-2026\";i:1;s:10:\"04-05-2026\";i:1;s:10:\"04-06-2026\";i:2;s:10:\"04-07-2026\";i:1;s:10:\"04-08-2026\";i:1;s:10:\"04-09-2026\";i:1;s:10:\"04-10-2026\";i:2;s:10:\"04-11-2026\";i:1;s:10:\"04-12-2026\";i:1;s:10:\"04-13-2026\";i:2;s:10:\"04-14-2026\";i:2;s:10:\"04-16-2026\";i:1;s:10:\"04-17-2026\";i:1;s:10:\"04-18-2026\";i:1;s:10:\"04-19-2026\";i:1;s:10:\"04-20-2026\";i:1;s:10:\"04-21-2026\";i:1;s:10:\"04-23-2026\";i:2;s:10:\"04-24-2026\";i:1;s:10:\"04-26-2026\";i:2;s:10:\"04-27-2026\";i:1;s:10:\"04-28-2026\";i:2;s:10:\"04-29-2026\";i:2;s:10:\"04-30-2026\";i:1;}"],"houzez_recently_viewed":["2026-04-30 05:15:02"],"wp-smush-lcp-data-5ee27cce9fca77e5f90c6036d259d98a":["a:6:{s:8:\"selector\";s:54:\".hs-gallery-v4-grid-item-01 > .img-wrap-1 > .img-fluid\";s:14:\"selector_xpath\";s:57:\"\/html\/body\/main\/section\/div[2]\/div[2]\/div[1]\/div[1]\/a\/img\";s:11:\"selector_id\";s:0:\"\";s:14:\"selector_class\";s:26:\"img-fluid smush-dimensions\";s:9:\"image_url\";s:96:\"https:\/\/www.mallorcaguru.es\/wp-content\/smush-avif\/2026\/01\/Urban-Plot-Lloseta-2-1170x785.jpg.avif\";s:7:\"version\";i:8;}"],"rank_math_internal_links_processed":["1"],"_elementor_page_assets":["a:0:{}"]},"_links":{"self":[{"href":"https:\/\/www.mallorcaguru.es\/sv\/wp-json\/wp\/v2\/Fastighet\/314578","targetHints":{"allow":["GET"]}}],"collection":[{"href":"https:\/\/www.mallorcaguru.es\/sv\/wp-json\/wp\/v2\/Fastighet"}],"about":[{"href":"https:\/\/www.mallorcaguru.es\/sv\/wp-json\/wp\/v2\/types\/property"}],"author":[{"embeddable":true,"href":"https:\/\/www.mallorcaguru.es\/sv\/wp-json\/wp\/v2\/users\/1"}],"version-history":[{"count":0,"href":"https:\/\/www.mallorcaguru.es\/sv\/wp-json\/wp\/v2\/Fastighet\/314578\/revisions"}],"wp:featuredmedia":[{"embeddable":true,"href":"https:\/\/www.mallorcaguru.es\/sv\/wp-json\/wp\/v2\/media\/314576"}],"wp:attachment":[{"href":"https:\/\/www.mallorcaguru.es\/sv\/wp-json\/wp\/v2\/media?parent=314578"}],"wp:term":[{"taxonomy":"property_type","embeddable":true,"href":"https:\/\/www.mallorcaguru.es\/sv\/wp-json\/wp\/v2\/property_type?post=314578"},{"taxonomy":"property_status","embeddable":true,"href":"https:\/\/www.mallorcaguru.es\/sv\/wp-json\/wp\/v2\/property_status?post=314578"},{"taxonomy":"property_feature","embeddable":true,"href":"https:\/\/www.mallorcaguru.es\/sv\/wp-json\/wp\/v2\/property_feature?post=314578"},{"taxonomy":"property_label","embeddable":true,"href":"https:\/\/www.mallorcaguru.es\/sv\/wp-json\/wp\/v2\/property_label?post=314578"},{"taxonomy":"property_country","embeddable":true,"href":"https:\/\/www.mallorcaguru.es\/sv\/wp-json\/wp\/v2\/property_country?post=314578"},{"taxonomy":"property_state","embeddable":true,"href":"https:\/\/www.mallorcaguru.es\/sv\/wp-json\/wp\/v2\/property_state?post=314578"},{"taxonomy":"property_city","embeddable":true,"href":"https:\/\/www.mallorcaguru.es\/sv\/wp-json\/wp\/v2\/property_city?post=314578"},{"taxonomy":"property_area","embeddable":true,"href":"https:\/\/www.mallorcaguru.es\/sv\/wp-json\/wp\/v2\/property_area?post=314578"}],"curies":[{"name":"wp","href":"https:\/\/api.w.org\/{rel}","templated":true}]}}

<h2><span style="font-size: 12pt;">Tomt till salu i Lloseta, med en yta på 838 m² på en av huvudgatorna, med utmärkt tillgång till motorvägen.</span></h2>
<p>Planerad för flerfamiljsbostäder, med en fasad på 19,5 meter, erbjuder den möjligheten att bygga 780 m² fördelat på två våningar plus en källare.<br />
Omgivet av andra distinkta bostadsområden är området utmärkt, nära kulturcentrum och tågstationen, med alla bekvämligheter inom räckhåll: stormarknader, vårdcentraler, skolor, parker, lekplatser och mycket mer.<br />
Bilderna visar ett föreslaget projekt för tomten.</p>
<p>Kontakta oss för mer information om denna tomt på 838 m² till salu i Lloseta och detaljer om försäljningsmarknaden i Raiguer-regionen på Mallorca och byn Lloseta.</p>
<p>Lloseta<br />
Belägen i bergen ovanför Mallorcas centrala slätt. Lloseta är ett litet samhälle som var fokus för träkols- och kolbrytningsindustrin på Mallorca.</p>
<p>Under de senaste åren har fokus varit turism, populärt bland cyklister och bergsvandrare.</p>

<p>Tomt till salu i Lloseta med utmärkt tillgång till motorvägen</p>

Carrer Reis Catòlics, 07360 Lloseta, Illes Balears, Spain

Carrer Reis Catòlics, 07360 Lloseta, Illes Balears

a:15:{s:8:"metadata";a:3:{s:4:"type";s:6:"custom";s:5:"title";s:18:"RealEstateAgent SV";s:9:"isPrimary";s:1:"1";}s:5:"@type";s:12:"Organization";s:2:"id";s:28:"https://www.mallorcaguru.es/";s:4:"name";s:22:"Mallorca Property Guru";s:11:"description";s:135:"Fastigheter till salu på Mallorca i Spanien Mallorca har det perfekta stället för dig Kontakta oss så hjälper vi dig att hitta det";s:10:"priceRange";s:3:"$$$";s:5:"email";s:20:"info@mallorcaguru.es";s:13:"streetAddress";s:24:"Plaça de l´Església 1";s:15:"addressLocality";s:10:"Binissalem";s:13:"addressRegion";s:16:"Balearic Islands";s:10:"postalCode";s:5:"07350";s:10:"areaServed";s:8:"Mallorca";s:4:"logo";s:86:"https://www.mallorcaguru.es/wp-content/uploads/2025/04/Mallorca-Guru-Logo-48x254-1.png";s:13:"knowsLanguage";s:5:"sv-SE";s:5:"image";s:102:"https://www.mallorcaguru.es/wp-content/uploads/2025/04/Open-Graph-Thumbnail-Mallorca-Property-Guru.png";}
