{"id":350897,"date":"2026-04-29T17:54:45","date_gmt":"2026-04-29T15:54:45","guid":{"rendered":"https:\/\/www.mallorcaguru.es\/property\/byggnad-till-salu-i-mancor-de-la-vall\/"},"modified":"2026-04-29T18:02:16","modified_gmt":"2026-04-29T16:02:16","slug":"byggnad-till-salu-i-mancor-de-la-vall","status":"publish","type":"property","link":"https:\/\/www.mallorcaguru.es\/sv\/fastighet\/byggnad-till-salu-i-mancor-de-la-vall\/","title":{"rendered":"Byggnad till salu i Mancor de la Vall"},"content":{"rendered":"<h2><span style=\"font-size: 12pt;\">Emblematisk byggnad till salu i Mancor de la Vall p\u00e5 Mallorca.<\/span><\/h2>\n<p>Vi presenterar detta magnifika radhus bel\u00e4get i hj\u00e4rtat av byn Mancor de la Vall p\u00e5 Mallorca, en emblematisk byggnad som str\u00e4cker sig \u00f6ver tre v\u00e5ningar.<br \/>\nFastigheten har en total yta p\u00e5 cirka 100 m\u00b2 p\u00e5 bottenv\u00e5ningen samt en extra mezzanin, idealisk f\u00f6r anpassning som extra boyta eller f\u00f6rr\u00e5d.<br \/>\nP\u00e5 f\u00f6rsta v\u00e5ningen finner ni cirka 50 m\u00b2 anv\u00e4ndbar yta plus gener\u00f6sa terrasser p\u00e5 ytterligare 40 m\u00b2, perfekt f\u00f6r att njuta av medelhavsklimatet utomhus.<br \/>\nAndra v\u00e5ningen erbjuder ytterligare 50 m\u00b2 d\u00e4r ni kan skapa ert dr\u00f6mhem eller ett annat attraktivt boende.<\/p>\n<p>Detta \u00e4r en unik m\u00f6jlighet d\u00e5 byggnaden kan delas horisontellt, vilket m\u00f6jligg\u00f6r skapandet av upp till tre oberoende fastigheter; d\u00e4rmed utg\u00f6r den ett exceptionellt attraktivt erbjudande f\u00f6r investerare som s\u00f6ker l\u00f6nsamhet inom fastighetssektorn.<\/p>\n<p>Kontakta oss f\u00f6r information om denna emblematiska byggnad till salu i Mancor de la Vall p\u00e5 Mallorca<\/p>\n<h3><span style=\"font-size: 12pt;\">Mancor de la Vall \u00e4r en liten by i kullarna nedanf\u00f6r Serra de Tramuntana.<\/span><\/h3>\n<p>Den \u00e4r lugn och stillsam f\u00f6rutom i november varje \u00e5r n\u00e4r den h\u00e5ller sin ber\u00f6mda svampfestival under en l\u00e5ng helg.<\/p>\n","protected":false},"excerpt":{"rendered":"<p>Byggnad till salu i Mancor de la Vall <\/p>\n","protected":false},"author":1,"featured_media":350896,"parent":0,"menu_order":0,"template":"","property_type":[471],"property_status":[765],"property_feature":[1768,2330,1773,1062,966,1190,970,1350,2469,1396,1082,1270,2852,914,915,1395],"property_label":[],"property_country":[762],"property_state":[764,527],"property_city":[649],"property_area":[],"class_list":["post-350897","property","type-property","status-publish","has-post-thumbnail","hentry","property_type-byhus-till-salu-mallorca","property_status-fastigheter-till-salu-mallorca","property_feature-fastighet-egenskaper-fastighet-forsaljning-mallorca-fastighet-lage","property_feature-fastigheter-till-forsaljning-mallorca-fastigheter-egenskaper-inredningsegenskaper-golv","property_feature-fastigheter-till-forsaljning-mallorca-fastighetsegenskaper-inredningsegenskaper","property_feature-fastighetsegenskaper-fastighetsforsaljning-mallorca-fastighetslage-inre-i-mallorca","property_feature-fastighetsegenskaper-fastighetsforsaljning-mallorca-fastighetslage-nara-alla-bekvamligheter","property_feature-fastighetsegenskaper-fastighetsforsaljning-mallorca-fastighetslage-nara-allman-trafik","property_feature-fastighetsegenskaper-fastighetsforsaljning-mallorca-fastighetslage-nara-restauranger","property_feature-fastighetsegenskaper-fastighetsforsaljning-mallorca-fastighet-tradgardsterrass","property_feature-fastigheter-till-forsaljning-mallorca-fastigheter-egenskaper-interior-egenskaper-terrazzo","property_feature-fastighet-egenskaper-fastighet-forsaljning-mallorca-fastighet-tradgard","property_feature-fastighetsegenskaper-fastighetsforsaljning-mallorca-fastighetslage-traditionell-by","property_feature-fastigheter-till-forsaljning-mallorca-egendom-egenskaper-interior-funktioner-traditionell-interior","property_feature-fastigheter-till-forsaljning-mallorca-kraftverk-fastighetsegenskaper-avloppsanslutning","property_feature-fastigheter-till-forsaljning-mallorca-verktyg-fastighetsegenskaper-elektricitet-tillganglig","property_feature-fastigheter-till-forsaljning-mallorca-kraftverk-fastighetsegenskaper-vatten-tillganglig","property_feature-fastigheter-till-forsaljning-mallorca-utilities-offentliga-tjanster","property_country-till-salu-mallorca-spanien-mallorca-fastighetsguru","property_state-fastigheter-til-salu-mallorca","property_state-fastigheter-till-forsaljning-i-mallorca-raiguer-centrala-mallorca","property_city-fastigheter-till-forsaljning-mancor-de-la-vall-majorca"],"property_meta":{"has_images":["1"],"rank_math_internal_links_processed":["1"],"_last_translation_edit_mode":["native-editor"],"houzez_featured_listing_date":[""],"_top_nav_excluded":[""],"_cms_nav_minihome":[""],"_wp_page_template":["default"],"fave_property_price":["399000"],"fave_property_size":["278"],"fave_property_size_prefix":["m2"],"fave_property_land":["99"],"fave_property_land_postfix":["m2"],"fave_property_bedrooms":["6"],"fave_property_bathrooms":["2"],"fave_property_id":["A8102"],"fave_property_map":["1"],"fave_property_map_address":["Carrer Principal, 07312 Mancor de la Vall, Illes Balears, Spanien"],"fave_property_location":["39.7499966,2.8728444,19"],"houzez_geolocation_lat":["39.7499966"],"houzez_geolocation_long":["2.8728444"],"fave_property_map_street_view":["hide"],"fave_property_address":["Carrer Principal, 07312 Mancor de la Vall, Illes Balears, Spanien"],"fave_property_zip":["07312"],"fave_prop_homeslider":["no"],"fave_energy_class":["G"],"rank_math_focus_keyword":["Byggnad till salu i Mancor de la Vall"],"_thumbnail_id":["350896"],"_wpml_word_count":["213"],"_edit_lock":["1777478533:1"],"rank_math_seo_score":["65"],"_edit_last":["1"],"fave_show_price_placeholder":["0"],"fave_property_images":["350896","350908","350907","350898","350905","350899","350900","350902","350901","350904","350903","350906"],"fave_portal_1754226254":["1"],"fave_portal_1754598704":["1"],"houzez_manual_expire":["0"],"_houzez_expiration_date_status":["saved"],"rank_math_analytic_object_id":["1285"],"houzez_total_property_views":["3"],"houzez_views_by_date":["a:1:{s:10:\"04-29-2026\";i:3;}"],"houzez_recently_viewed":["2026-04-29 22:31:07"],"_elementor_page_assets":["a:0:{}"]},"_links":{"self":[{"href":"https:\/\/www.mallorcaguru.es\/sv\/wp-json\/wp\/v2\/Fastighet\/350897","targetHints":{"allow":["GET"]}}],"collection":[{"href":"https:\/\/www.mallorcaguru.es\/sv\/wp-json\/wp\/v2\/Fastighet"}],"about":[{"href":"https:\/\/www.mallorcaguru.es\/sv\/wp-json\/wp\/v2\/types\/property"}],"author":[{"embeddable":true,"href":"https:\/\/www.mallorcaguru.es\/sv\/wp-json\/wp\/v2\/users\/1"}],"version-history":[{"count":0,"href":"https:\/\/www.mallorcaguru.es\/sv\/wp-json\/wp\/v2\/Fastighet\/350897\/revisions"}],"wp:featuredmedia":[{"embeddable":true,"href":"https:\/\/www.mallorcaguru.es\/sv\/wp-json\/wp\/v2\/media\/350896"}],"wp:attachment":[{"href":"https:\/\/www.mallorcaguru.es\/sv\/wp-json\/wp\/v2\/media?parent=350897"}],"wp:term":[{"taxonomy":"property_type","embeddable":true,"href":"https:\/\/www.mallorcaguru.es\/sv\/wp-json\/wp\/v2\/property_type?post=350897"},{"taxonomy":"property_status","embeddable":true,"href":"https:\/\/www.mallorcaguru.es\/sv\/wp-json\/wp\/v2\/property_status?post=350897"},{"taxonomy":"property_feature","embeddable":true,"href":"https:\/\/www.mallorcaguru.es\/sv\/wp-json\/wp\/v2\/property_feature?post=350897"},{"taxonomy":"property_label","embeddable":true,"href":"https:\/\/www.mallorcaguru.es\/sv\/wp-json\/wp\/v2\/property_label?post=350897"},{"taxonomy":"property_country","embeddable":true,"href":"https:\/\/www.mallorcaguru.es\/sv\/wp-json\/wp\/v2\/property_country?post=350897"},{"taxonomy":"property_state","embeddable":true,"href":"https:\/\/www.mallorcaguru.es\/sv\/wp-json\/wp\/v2\/property_state?post=350897"},{"taxonomy":"property_city","embeddable":true,"href":"https:\/\/www.mallorcaguru.es\/sv\/wp-json\/wp\/v2\/property_city?post=350897"},{"taxonomy":"property_area","embeddable":true,"href":"https:\/\/www.mallorcaguru.es\/sv\/wp-json\/wp\/v2\/property_area?post=350897"}],"curies":[{"name":"wp","href":"https:\/\/api.w.org\/{rel}","templated":true}]}}

<h2><span style="font-size: 12pt;">Emblematisk byggnad till salu i Mancor de la Vall på Mallorca.</span></h2>
<p>Vi presenterar detta magnifika radhus beläget i hjärtat av byn Mancor de la Vall på Mallorca, en emblematisk byggnad som sträcker sig över tre våningar.<br />
Fastigheten har en total yta på cirka 100 m² på bottenvåningen samt en extra mezzanin, idealisk för anpassning som extra boyta eller förråd.<br />
På första våningen finner ni cirka 50 m² användbar yta plus generösa terrasser på ytterligare 40 m², perfekt för att njuta av medelhavsklimatet utomhus.<br />
Andra våningen erbjuder ytterligare 50 m² där ni kan skapa ert drömhem eller ett annat attraktivt boende.</p>
<p>Detta är en unik möjlighet då byggnaden kan delas horisontellt, vilket möjliggör skapandet av upp till tre oberoende fastigheter; därmed utgör den ett exceptionellt attraktivt erbjudande för investerare som söker lönsamhet inom fastighetssektorn.</p>
<p>Kontakta oss för information om denna emblematiska byggnad till salu i Mancor de la Vall på Mallorca</p>
<h3><span style="font-size: 12pt;">Mancor de la Vall är en liten by i kullarna nedanför Serra de Tramuntana.</span></h3>
<p>Den är lugn och stillsam förutom i november varje år när den håller sin berömda svampfestival under en lång helg.</p>
